2020: Jan | Feb | Mar | Apr | May | Jun | Jul | Aug | Sep | Oct | Nov | Dec 
2019: Jan | Feb | Mar | Apr | May | Jun | Jul | Aug | Sep | Oct | Nov | Dec 
2018: Jan | Feb | Mar | Apr | May | Jun | Jul | Aug | Sep | Oct | Nov | Dec 
2017: Jan | Feb | Mar | Apr | May | Jun | Jul | Aug | Sep | Oct | Nov | Dec 
2016: Jan | Feb | Mar | Apr | May | Jun | Jul | Aug | Sep | Oct | Nov | Dec 
2015: Jan | Feb | Mar | Apr | May | Jun | Jul | Aug | Sep | Oct | Nov | Dec 
2014: Jan | Feb | Mar | Apr | May | Jun | Jul | Aug | Sep | Oct | Nov | Dec 
2013: Jan | Feb | Mar | Apr | May | Jun | Jul | Aug | Sep | Oct | Nov | Dec 
2012: Jan | Feb | Mar | Apr | May | Jun | Jul | Aug | Sep | Oct | Nov | Dec 
2011: Jan | Feb | Mar | Apr | May | Jun | Jul | Aug | Sep | Oct | Nov | Dec 
2010: Jan | Feb | Mar | Apr | May | Jun | Jul | Aug | Sep | Oct | Nov | Dec 
2009: Jan | Feb | Mar | Apr | May | Jun | Jul | Aug | Sep | Oct | Nov | Dec 
2008: Jan | Feb | Mar | Apr | May | Jun | Jul | Aug | Sep | Oct | Nov | Dec 
2007: Jan | Feb | Mar | Apr | May | Jun | Jul | Aug | Sep | Oct | Nov | Dec 

Report for 2011 03
MONTHLY CLIMATOLOGICAL SUMMARY for MAR. 2011 NAME: VantagePro2 CITY: Urswick STATE: Cumbria ELEV: 128 ft LAT: 54 09' 33" N LONG: 3 07' 24" W TEMPERATURE (C), RAIN (mm), WIND SPEED (mph) HEAT COOL AVG MEAN DEG DEG WIND DOM DAY TEMP HIGH TIME LOW TIME DAYS DAYS RAIN SPEED HIGH TIME DIR ------------------------------------------------------------------------------------ 1 3.3 10.7 14:40 -1.9 7:10 15.0 0.0 0.0 0.3 9.0 16:10 S 2 1.9 8.2 14:40 -2.4 5:50 16.4 0.0 0.2 0.1 5.0 11:40 E 3 1.7 8.9 13:30 -3.6 6:30 16.6 0.0 0.2 0.4 9.0 14:20 NW 4 4.5 7.8 12:40 -0.1 1:30 13.8 0.0 0.0 0.4 7.0 14:10 NW 5 5.7 8.7 14:00 3.3 4:10 12.6 0.0 0.0 0.8 7.0 10:40 E 6 3.8 9.2 14:30 -1.0 22:30 14.5 0.0 0.0 0.3 9.0 13:00 E 7 1.9 6.8 14:50 -1.6 22:10 16.4 0.0 0.0 0.3 7.0 9:40 S 8 3.6 8.0 12:40 -3.7 5:20 14.7 0.0 0.4 3.2 22.0 14:30 S 9 7.2 8.7 13:10 5.2 7:40 11.1 0.0 0.2 6.5 25.0 19:20 SSW 10 7.4 10.3 12:10 5.1 17:30 10.9 0.0 2.8 6.0 25.0 10:20 SSW 11 6.4 8.3 22:10 4.9 3:40 11.9 0.0 12.4 3.8 20.0 21:10 S 12 7.6 8.7 13:30 6.2 23:50 10.8 0.0 5.6 1.1 16.0 1:10 S 13 4.8 7.2 13:20 1.2 21:30 13.5 0.0 1.8 0.8 12.0 13:10 S 14 4.9 11.4 14:00 -1.4 5:30 13.3 0.0 0.2 0.5 7.0 22:10 E 15 5.7 7.6 12:50 1.5 00:00 12.6 0.0 1.8 0.9 9.0 2:30 E 16 6.3 10.0 13:40 0.6 6:50 12.0 0.0 0.0 0.1 5.0 19:00 E 17 5.9 9.1 13:40 0.5 00:00 12.4 0.0 0.2 1.8 16.0 13:30 WNW 18 3.6 10.1 14:10 -1.3 6:00 14.8 0.0 0.0 0.5 10.0 14:50 SSW 19 6.1 10.7 14:20 0.3 6:30 12.2 0.0 0.2 0.8 14.0 23:50 S 20 6.8 8.4 15:00 5.3 9:00 11.5 0.0 9.6 1.9 16.0 0:30 S 21 8.6 10.5 15:30 6.7 1:00 9.8 0.0 0.0 0.9 10.0 11:00 S 22 8.9 12.6 13:10 4.5 23:10 9.4 0.0 0.0 1.0 9.0 10:30 WNW 23 7.9 16.0 14:30 1.6 5:40 10.4 0.0 0.2 0.4 7.0 15:20 S 24 7.9 16.9 14:20 1.4 6:20 10.4 0.0 0.0 0.3 6.0 15:00 WNW 25 6.7 13.4 13:50 1.9 6:20 11.6 0.0 0.0 0.8 11.0 12:00 NW 26 6.9 11.1 12:30 1.3 2:50 11.4 0.0 0.0 0.6 10.0 11:40 E 27 7.3 11.9 12:40 1.9 00:00 10.6 0.0 0.0 1.2 12.0 15:00 E 28 5.6 12.9 14:20 -0.5 5:50 12.7 0.0 0.0 0.4 9.0 16:00 S 29 6.7 12.3 17:10 0.2 3:10 11.6 0.0 5.6 0.3 5.0 15:10 N 30 8.9 9.7 10:50 8.2 1:00 9.4 0.0 3.0 1.3 15.0 11:40 S 31 10.3 12.2 15:50 8.6 0:10 8.0 0.0 2.4 5.4 28.0 10:10 S ------------------------------------------------------------------------------------- 6.0 16.9 24 -3.7 8 382.2 0.0 46.8 1.4 28.0 31 S Max >= 32.0: 0 Max <= 0.0: 0 Min <= 0.0: 10 Min <= -18.0: 0 Max Rain: 12.40 ON 11/03/11 Days of Rain: 17 (> .2 mm) 7 (> 2 mm) 0 (> 20 mm) Heat Base: 18.3 Cool Base: 18.3 Method: Integration