2020: Jan | Feb | Mar | Apr | May | Jun | Jul | Aug | Sep | Oct | Nov | Dec 
2019: Jan | Feb | Mar | Apr | May | Jun | Jul | Aug | Sep | Oct | Nov | Dec 
2018: Jan | Feb | Mar | Apr | May | Jun | Jul | Aug | Sep | Oct | Nov | Dec 
2017: Jan | Feb | Mar | Apr | May | Jun | Jul | Aug | Sep | Oct | Nov | Dec 
2016: Jan | Feb | Mar | Apr | May | Jun | Jul | Aug | Sep | Oct | Nov | Dec 
2015: Jan | Feb | Mar | Apr | May | Jun | Jul | Aug | Sep | Oct | Nov | Dec 
2014: Jan | Feb | Mar | Apr | May | Jun | Jul | Aug | Sep | Oct | Nov | Dec 
2013: Jan | Feb | Mar | Apr | May | Jun | Jul | Aug | Sep | Oct | Nov | Dec 
2012: Jan | Feb | Mar | Apr | May | Jun | Jul | Aug | Sep | Oct | Nov | Dec 
2011: Jan | Feb | Mar | Apr | May | Jun | Jul | Aug | Sep | Oct | Nov | Dec 
2010: Jan | Feb | Mar | Apr | May | Jun | Jul | Aug | Sep | Oct | Nov | Dec 
2009: Jan | Feb | Mar | Apr | May | Jun | Jul | Aug | Sep | Oct | Nov | Dec 
2008: Jan | Feb | Mar | Apr | May | Jun | Jul | Aug | Sep | Oct | Nov | Dec 
2007: Jan | Feb | Mar | Apr | May | Jun | Jul | Aug | Sep | Oct | Nov | Dec 

Report for 2011 04
MONTHLY CLIMATOLOGICAL SUMMARY for APR. 2011 NAME: VantagePro2 CITY: Urswick STATE: Cumbria ELEV: 128 ft LAT: 54 09' 33" N LONG: 3 07' 24" W TEMPERATURE (C), RAIN (mm), WIND SPEED (mph) HEAT COOL AVG MEAN DEG DEG WIND DOM DAY TEMP HIGH TIME LOW TIME DAYS DAYS RAIN SPEED HIGH TIME DIR ------------------------------------------------------------------------------------ 1 11.1 12.9 13:50 9.7 1:30 7.3 0.0 1.0 4.0 20.0 6:50 S 2 10.6 12.6 15:30 8.5 23:00 7.7 0.0 0.8 2.8 17.0 9:10 S 3 9.3 12.6 14:00 7.3 21:40 9.0 0.0 0.4 2.4 13.0 0:50 S 4 8.6 10.5 16:50 6.2 6:30 9.7 0.0 0.4 5.2 29.0 18:20 S 5 10.2 11.1 11:50 9.5 2:20 8.1 0.0 1.0 6.7 25.0 00:00 S 6 11.3 13.8 16:50 9.3 22:40 7.0 0.0 1.0 4.7 26.0 8:40 S 7 10.2 12.9 15:00 6.7 00:00 8.1 0.0 0.6 3.5 18.0 14:10 NW 8 9.1 14.7 18:50 2.7 6:50 9.2 0.0 0.8 2.0 15.0 12:10 NW 9 14.1 21.4 15:40 6.9 0:20 4.7 0.5 1.8 0.5 11.0 14:40 S 10 12.6 19.4 14:50 7.6 7:00 5.8 0.1 1.6 0.5 9.0 17:50 S 11 9.5 12.6 14:40 6.1 00:00 8.8 0.0 1.0 4.6 22.0 13:30 NW 12 8.6 12.1 15:20 6.1 0:20 9.7 0.0 0.4 5.1 19.0 6:00 NW 13 8.1 8.9 16:20 6.9 7:30 10.2 0.0 0.2 2.9 16.0 4:20 S 14 9.4 11.8 16:20 8.0 4:20 8.9 0.0 8.6 0.6 10.0 0:20 S 15 10.1 13.1 14:20 8.0 1:30 8.2 0.0 0.0 0.6 9.0 12:40 S 16 9.6 14.4 15:00 4.6 23:50 8.7 0.0 0.0 1.3 15.0 16:00 NW 17 7.6 14.2 13:50 1.1 6:10 10.7 0.0 0.0 0.8 11.0 15:00 NW 18 12.9 19.5 15:00 5.6 0:10 5.4 0.1 0.0 0.2 5.0 12:30 S 19 12.7 19.5 13:00 6.3 6:30 5.6 0.1 0.0 0.7 11.0 16:40 NW 20 12.5 21.3 14:30 5.2 5:20 6.2 0.4 0.0 0.3 7.0 16:10 E 21 15.3 24.0 14:40 7.3 6:10 4.2 1.2 0.0 0.1 5.0 23:00 E 22 16.4 23.2 14:00 9.7 5:30 3.0 1.2 0.6 0.5 11.0 22:10 ENE 23 12.6 16.6 14:10 7.1 00:00 5.7 0.0 0.8 1.3 12.0 15:20 NW 24 9.8 16.2 13:40 3.1 6:00 8.5 0.0 0.0 1.0 12.0 13:50 NW 25 11.3 18.7 13:10 4.1 5:00 6.9 0.0 0.0 1.4 16.0 15:40 NNW 26 10.1 12.9 12:40 7.7 2:30 8.2 0.0 0.2 0.7 7.0 10:10 ENE 27 11.1 17.6 14:50 5.3 00:00 7.2 0.0 0.0 0.7 11.0 16:40 E 28 9.6 17.3 16:50 0.4 6:10 8.7 0.0 0.0 0.6 9.0 14:00 ENE 29 12.9 18.1 14:40 7.2 2:30 5.3 0.0 0.0 1.2 9.0 21:20 NE 30 13.0 18.8 13:40 8.7 00:00 5.3 0.0 0.0 1.8 11.0 16:30 NE ------------------------------------------------------------------------------------- 11.0 24.0 21 0.4 28 222.2 3.5 21.2 2.0 29.0 4 S Max >= 32.0: 0 Max <= 0.0: 0 Min <= 0.0: 0 Min <= -18.0: 0 Max Rain: 8.61 ON 14/04/11 Days of Rain: 17 (> .2 mm) 1 (> 2 mm) 0 (> 20 mm) Heat Base: 18.3 Cool Base: 18.3 Method: Integration