2020: Jan | Feb | Mar | Apr | May | Jun | Jul | Aug | Sep | Oct | Nov | Dec 
2019: Jan | Feb | Mar | Apr | May | Jun | Jul | Aug | Sep | Oct | Nov | Dec 
2018: Jan | Feb | Mar | Apr | May | Jun | Jul | Aug | Sep | Oct | Nov | Dec 
2017: Jan | Feb | Mar | Apr | May | Jun | Jul | Aug | Sep | Oct | Nov | Dec 
2016: Jan | Feb | Mar | Apr | May | Jun | Jul | Aug | Sep | Oct | Nov | Dec 
2015: Jan | Feb | Mar | Apr | May | Jun | Jul | Aug | Sep | Oct | Nov | Dec 
2014: Jan | Feb | Mar | Apr | May | Jun | Jul | Aug | Sep | Oct | Nov | Dec 
2013: Jan | Feb | Mar | Apr | May | Jun | Jul | Aug | Sep | Oct | Nov | Dec 
2012: Jan | Feb | Mar | Apr | May | Jun | Jul | Aug | Sep | Oct | Nov | Dec 
2011: Jan | Feb | Mar | Apr | May | Jun | Jul | Aug | Sep | Oct | Nov | Dec 
2010: Jan | Feb | Mar | Apr | May | Jun | Jul | Aug | Sep | Oct | Nov | Dec 
2009: Jan | Feb | Mar | Apr | May | Jun | Jul | Aug | Sep | Oct | Nov | Dec 
2008: Jan | Feb | Mar | Apr | May | Jun | Jul | Aug | Sep | Oct | Nov | Dec 
2007: Jan | Feb | Mar | Apr | May | Jun | Jul | Aug | Sep | Oct | Nov | Dec 

Report for 2011 05
MONTHLY CLIMATOLOGICAL SUMMARY for MAY. 2011 NAME: VantagePro2 CITY: Urswick STATE: Cumbria ELEV: 128 ft LAT: 54 09' 33" N LONG: 3 07' 24" W TEMPERATURE (C), RAIN (mm), WIND SPEED (mph) HEAT COOL AVG MEAN DEG DEG WIND DOM DAY TEMP HIGH TIME LOW TIME DAYS DAYS RAIN SPEED HIGH TIME DIR ------------------------------------------------------------------------------------ 1 13.3 19.1 15:10 8.5 0:10 5.1 0.1 0.0 2.4 15.0 14:40 NE 2 10.9 16.9 13:10 5.6 00:00 7.4 0.0 0.0 1.7 12.0 12:20 ENE 3 9.4 16.3 15:30 2.9 5:00 8.8 0.0 0.0 0.9 10.0 10:40 ENE 4 10.6 17.8 15:40 1.6 5:20 7.8 0.0 0.0 0.5 7.0 14:20 S 5 12.5 18.2 14:10 7.8 4:50 5.8 0.0 1.8 0.6 10.0 16:20 S 6 14.4 20.1 17:00 10.8 7:40 4.0 0.1 5.4 0.8 13.0 23:00 S 7 15.2 18.7 18:30 13.1 5:30 3.1 0.0 6.8 0.4 6.0 20:50 E 8 13.6 17.8 16:50 9.8 22:20 4.7 0.0 10.4 0.6 16.0 10:20 S 9 12.7 18.2 13:10 10.6 4:30 5.6 0.0 5.6 1.5 18.0 10:10 S 10 12.8 16.4 16:20 10.1 3:10 5.5 0.0 1.2 2.7 19.0 14:40 S 11 12.4 15.0 13:30 10.5 22:50 5.9 0.0 0.0 2.6 16.0 17:30 S 12 11.3 14.3 15:00 8.7 00:00 7.0 0.0 0.4 3.1 20.0 16:50 SSW 13 10.3 13.4 16:00 6.9 23:40 8.0 0.0 0.4 2.0 15.0 12:10 S 14 10.1 12.3 13:10 7.1 0:10 8.2 0.0 0.8 6.5 27.0 9:50 NW 15 10.3 12.7 17:10 8.3 6:30 8.0 0.0 6.2 3.2 18.0 15:40 SSW 16 11.2 11.7 1:30 10.7 10:20 7.1 0.0 15.4 3.7 22.0 22:50 SSW 17 12.4 15.0 14:30 10.9 7:40 5.9 0.0 0.6 2.4 13.0 0:30 S 18 12.1 14.1 15:00 9.7 23:40 6.2 0.0 2.4 3.6 25.0 12:00 S 19 11.1 14.2 14:20 8.7 5:30 7.3 0.0 0.0 2.1 14.0 7:00 NW 20 11.6 14.1 14:30 10.2 0:50 6.7 0.0 0.2 3.2 18.0 8:50 S 21 12.1 16.3 12:50 7.2 2:40 6.2 0.0 9.0 2.1 15.0 00:00 S 22 11.3 14.4 14:30 9.3 1:20 7.0 0.0 8.4 4.3 25.0 12:20 S 23 11.5 14.1 16:10 8.8 11:50 6.8 0.0 12.2 5.7 27.0 15:50 S 24 10.9 13.8 15:30 7.1 00:00 7.4 0.0 0.0 4.0 23.0 12:50 SSW 25 11.1 16.2 16:20 3.6 3:10 7.2 0.0 2.8 0.7 12.0 11:30 S 26 11.4 14.1 14:10 9.9 00:00 6.8 0.0 5.0 5.1 24.0 16:50 NW 27 10.9 13.4 17:00 8.9 4:40 7.4 0.0 4.6 4.9 20.0 12:30 NW 28 11.6 14.1 16:30 10.6 23:30 6.7 0.0 1.6 3.8 18.0 3:20 S 29 12.7 15.7 16:30 10.4 3:20 5.6 0.0 0.4 2.9 19.0 8:30 S 30 11.1 14.3 16:30 6.4 22:50 7.3 0.0 1.0 1.1 12.0 12:40 S 31 11.1 15.0 14:40 5.9 0:40 7.2 0.0 0.2 1.6 13.0 9:40 S ------------------------------------------------------------------------------------- 11.7 20.1 6 1.6 4 203.7 0.2 102.8 2.6 27.0 14 S Max >= 32.0: 0 Max <= 0.0: 0 Min <= 0.0: 0 Min <= -18.0: 0 Max Rain: 15.39 ON 16/05/11 Days of Rain: 24 (> .2 mm) 13 (> 2 mm) 0 (> 20 mm) Heat Base: 18.3 Cool Base: 18.3 Method: Integration