2020: Jan | Feb | Mar | Apr | May | Jun | Jul | Aug | Sep | Oct | Nov | Dec 
2019: Jan | Feb | Mar | Apr | May | Jun | Jul | Aug | Sep | Oct | Nov | Dec 
2018: Jan | Feb | Mar | Apr | May | Jun | Jul | Aug | Sep | Oct | Nov | Dec 
2017: Jan | Feb | Mar | Apr | May | Jun | Jul | Aug | Sep | Oct | Nov | Dec 
2016: Jan | Feb | Mar | Apr | May | Jun | Jul | Aug | Sep | Oct | Nov | Dec 
2015: Jan | Feb | Mar | Apr | May | Jun | Jul | Aug | Sep | Oct | Nov | Dec 
2014: Jan | Feb | Mar | Apr | May | Jun | Jul | Aug | Sep | Oct | Nov | Dec 
2013: Jan | Feb | Mar | Apr | May | Jun | Jul | Aug | Sep | Oct | Nov | Dec 
2012: Jan | Feb | Mar | Apr | May | Jun | Jul | Aug | Sep | Oct | Nov | Dec 
2011: Jan | Feb | Mar | Apr | May | Jun | Jul | Aug | Sep | Oct | Nov | Dec 
2010: Jan | Feb | Mar | Apr | May | Jun | Jul | Aug | Sep | Oct | Nov | Dec 
2009: Jan | Feb | Mar | Apr | May | Jun | Jul | Aug | Sep | Oct | Nov | Dec 
2008: Jan | Feb | Mar | Apr | May | Jun | Jul | Aug | Sep | Oct | Nov | Dec 
2007: Jan | Feb | Mar | Apr | May | Jun | Jul | Aug | Sep | Oct | Nov | Dec 

Report for 2011 06
MONTHLY CLIMATOLOGICAL SUMMARY for JUN. 2011 NAME: VantagePro2 CITY: Urswick STATE: Cumbria ELEV: 128 ft LAT: 54 09' 33" N LONG: 3 07' 24" W TEMPERATURE (C), RAIN (mm), WIND SPEED (mph) HEAT COOL AVG MEAN DEG DEG WIND DOM DAY TEMP HIGH TIME LOW TIME DAYS DAYS RAIN SPEED HIGH TIME DIR ------------------------------------------------------------------------------------ 1 13.1 15.7 18:40 11.1 0:20 5.2 0.0 0.0 2.1 17.0 10:00 S 2 15.1 19.2 15:50 11.4 4:20 3.2 0.1 0.0 0.6 10.0 16:10 NW 3 19.1 26.7 16:20 10.8 3:00 2.1 2.9 0.0 0.2 7.0 20:10 SSE 4 15.2 20.3 13:30 9.6 00:00 3.3 0.2 0.0 0.5 10.0 10:20 NE 5 10.9 14.0 12:30 8.3 3:50 7.4 0.0 0.0 0.2 5.0 5:00 ENE 6 11.4 14.6 13:40 6.2 23:10 6.9 0.0 0.0 1.5 14.0 11:40 NW 7 11.4 15.7 16:00 6.8 0:10 6.9 0.0 2.0 1.0 12.0 11:10 SSE 8 11.9 14.9 15:00 10.2 4:50 6.3 0.0 3.0 1.8 13.0 18:10 SSE 9 11.2 13.9 15:10 8.1 00:00 7.1 0.0 0.0 2.1 13.0 0:10 SSW 10 10.2 15.0 15:50 5.1 00:00 8.1 0.0 6.8 0.7 12.0 17:30 NW 11 10.4 15.0 13:10 3.7 1:40 7.8 0.0 0.0 1.9 15.0 14:40 NW 12 11.1 14.7 10:50 5.0 5:20 7.2 0.0 17.8 0.6 7.0 23:50 ENE 13 13.1 16.1 17:10 8.4 00:00 5.2 0.0 0.4 2.3 18.0 1:40 S 14 13.3 19.9 16:00 5.2 4:50 5.1 0.1 0.0 0.3 9.0 23:20 SSE 15 14.6 18.3 15:20 10.6 3:20 3.7 0.0 1.0 1.1 12.0 16:00 SSE 16 13.5 16.0 13:50 10.9 8:50 4.8 0.0 0.2 1.9 13.0 7:30 S 17 13.3 16.8 17:20 11.0 6:20 5.0 0.0 1.6 1.1 13.0 0:50 SSE 18 13.1 15.8 16:00 11.6 5:50 5.2 0.0 5.0 1.4 12.0 17:10 SSW 19 12.9 16.1 15:00 11.6 8:50 5.4 0.0 3.6 2.4 16.0 4:20 NW 20 14.2 19.6 17:10 7.2 5:10 4.2 0.1 0.2 0.5 11.0 11:10 NW 21 14.1 17.3 16:30 12.6 0:40 4.2 0.0 7.6 2.4 20.0 20:10 S 22 14.1 15.9 13:00 12.2 5:00 4.3 0.0 7.4 1.3 15.0 16:50 SSW 23 13.2 15.9 15:10 9.8 22:50 5.1 0.0 1.2 2.2 17.0 12:40 NW 24 12.1 15.0 15:50 9.5 3:10 6.3 0.0 1.8 1.3 14.0 10:20 NW 25 14.2 16.2 15:10 10.3 0:20 4.1 0.0 10.6 2.2 17.0 18:30 S 26 18.5 24.1 16:10 13.9 0:20 1.4 1.6 0.0 0.4 10.0 4:10 SSE 27 17.6 23.6 11:10 12.3 00:00 1.8 1.1 0.0 1.3 15.0 14:40 NW 28 13.5 16.7 13:40 8.3 5:30 4.8 0.0 0.0 2.4 16.0 16:40 NW 29 12.7 17.2 15:10 6.7 5:20 5.6 0.0 0.0 1.3 13.0 17:00 NW 30 12.5 16.6 14:40 7.1 3:50 5.8 0.0 0.0 2.1 15.0 13:20 NW ------------------------------------------------------------------------------------- 13.4 26.7 3 3.7 11 153.9 6.0 70.2 1.4 20.0 21 S Max >= 32.0: 0 Max <= 0.0: 0 Min <= 0.0: 0 Min <= -18.0: 0 Max Rain: 17.81 ON 12/06/11 Days of Rain: 16 (> .2 mm) 9 (> 2 mm) 0 (> 20 mm) Heat Base: 18.3 Cool Base: 18.3 Method: Integration