2020: Jan | Feb | Mar | Apr | May | Jun | Jul | Aug | Sep | Oct | Nov | Dec 
2019: Jan | Feb | Mar | Apr | May | Jun | Jul | Aug | Sep | Oct | Nov | Dec 
2018: Jan | Feb | Mar | Apr | May | Jun | Jul | Aug | Sep | Oct | Nov | Dec 
2017: Jan | Feb | Mar | Apr | May | Jun | Jul | Aug | Sep | Oct | Nov | Dec 
2016: Jan | Feb | Mar | Apr | May | Jun | Jul | Aug | Sep | Oct | Nov | Dec 
2015: Jan | Feb | Mar | Apr | May | Jun | Jul | Aug | Sep | Oct | Nov | Dec 
2014: Jan | Feb | Mar | Apr | May | Jun | Jul | Aug | Sep | Oct | Nov | Dec 
2013: Jan | Feb | Mar | Apr | May | Jun | Jul | Aug | Sep | Oct | Nov | Dec 
2012: Jan | Feb | Mar | Apr | May | Jun | Jul | Aug | Sep | Oct | Nov | Dec 
2011: Jan | Feb | Mar | Apr | May | Jun | Jul | Aug | Sep | Oct | Nov | Dec 
2010: Jan | Feb | Mar | Apr | May | Jun | Jul | Aug | Sep | Oct | Nov | Dec 
2009: Jan | Feb | Mar | Apr | May | Jun | Jul | Aug | Sep | Oct | Nov | Dec 
2008: Jan | Feb | Mar | Apr | May | Jun | Jul | Aug | Sep | Oct | Nov | Dec 
2007: Jan | Feb | Mar | Apr | May | Jun | Jul | Aug | Sep | Oct | Nov | Dec 

Report for 2011 07
MONTHLY CLIMATOLOGICAL SUMMARY for JUL. 2011 NAME: VantagePro2 CITY: Urswick STATE: Cumbria ELEV: 128 ft LAT: 54 09' 33" N LONG: 3 07' 24" W TEMPERATURE (C), RAIN (mm), WIND SPEED (mph) HEAT COOL AVG MEAN DEG DEG WIND DOM DAY TEMP HIGH TIME LOW TIME DAYS DAYS RAIN SPEED HIGH TIME DIR ------------------------------------------------------------------------------------ 1 12.4 16.9 16:00 5.9 5:00 5.9 0.0 0.0 1.3 14.0 13:10 NW 2 13.7 20.6 16:20 6.8 5:00 4.9 0.2 0.0 0.3 7.0 16:20 W 3 14.1 20.2 15:40 6.0 5:00 4.6 0.3 0.0 0.6 10.0 16:50 NW 4 17.7 25.0 16:40 8.3 4:10 2.8 2.2 0.0 0.2 9.0 14:20 SSE 5 17.1 18.9 9:30 14.6 23:50 1.3 0.0 3.8 0.6 11.0 9:20 SSE 6 14.4 17.9 16:30 12.4 4:20 3.9 0.0 4.0 0.8 11.0 11:20 S 7 14.5 17.8 17:30 11.5 23:00 3.8 0.0 13.2 1.7 16.0 8:50 SSE 8 13.2 16.5 11:20 9.7 3:00 5.1 0.0 13.2 0.3 10.0 20:10 ENE 9 15.1 18.2 16:00 12.4 3:30 3.2 0.0 6.2 1.4 16.0 15:30 NW 10 15.4 19.1 16:30 12.0 6:10 3.0 0.1 0.0 0.8 12.0 14:10 NW 11 15.9 20.5 15:40 12.2 1:20 2.6 0.2 0.0 1.1 13.0 14:50 NW 12 14.9 19.6 11:10 10.9 23:10 3.4 0.1 0.0 0.4 13.0 15:50 ENE 13 13.9 20.1 15:20 6.9 5:30 4.5 0.1 0.0 0.5 7.0 7:50 NNW 14 15.1 20.6 15:40 8.2 5:00 3.6 0.4 0.0 1.3 15.0 14:50 NW 15 15.2 20.1 14:10 10.5 1:10 3.2 0.1 1.0 1.2 12.0 10:50 SSE 16 14.7 16.0 15:00 13.8 0:10 3.6 0.0 13.8 1.7 14.0 3:40 S 17 14.3 15.9 15:50 12.8 7:10 4.0 0.0 5.8 3.4 21.0 17:20 NW 18 13.7 14.7 14:00 12.8 12:00 4.6 0.0 7.4 3.5 21.0 5:00 NW 19 14.6 18.4 11:40 11.2 5:50 3.7 0.0 0.0 1.7 16.0 13:10 NW 20 14.4 18.7 17:00 12.7 5:40 3.9 0.0 2.0 1.1 10.0 10:40 NW 21 14.0 19.1 14:00 11.3 5:40 4.3 0.0 1.2 0.3 11.0 16:30 NNW 22 13.1 17.4 15:50 10.9 5:30 5.2 0.0 2.2 0.3 13.0 16:20 NW 23 13.6 17.2 14:50 9.3 5:50 4.7 0.0 0.0 1.9 15.0 12:20 NW 24 14.5 17.6 14:30 9.9 5:50 3.8 0.0 0.0 1.9 16.0 13:40 NW 25 14.4 19.3 17:20 8.2 6:00 3.9 0.0 0.0 0.8 12.0 15:00 NW 26 15.5 21.1 12:40 9.2 1:30 3.2 0.4 0.0 0.4 10.0 17:10 NW 27 16.1 21.7 16:40 10.3 3:30 3.0 0.7 0.0 0.3 7.0 16:50 NW 28 15.1 18.2 17:00 9.8 6:00 3.2 0.0 0.0 0.4 10.0 10:20 NW 29 15.7 21.1 16:40 10.8 00:00 2.8 0.2 0.0 0.2 7.0 12:00 ENE 30 15.1 22.5 15:20 7.2 5:00 4.2 1.0 0.0 0.0 5.0 18:50 SSE 31 17.2 20.3 12:00 13.1 2:20 1.5 0.4 0.2 0.4 7.0 10:30 SSE ------------------------------------------------------------------------------------- 14.8 25.0 4 5.9 1 115.1 6.5 74.0 1.0 21.0 17 NW Max >= 32.0: 0 Max <= 0.0: 0 Min <= 0.0: 0 Min <= -18.0: 0 Max Rain: 13.79 ON 16/07/11 Days of Rain: 13 (> .2 mm) 10 (> 2 mm) 0 (> 20 mm) Heat Base: 18.3 Cool Base: 18.3 Method: Integration