2020: Jan | Feb | Mar | Apr | May | Jun | Jul | Aug | Sep | Oct | Nov | Dec 
2019: Jan | Feb | Mar | Apr | May | Jun | Jul | Aug | Sep | Oct | Nov | Dec 
2018: Jan | Feb | Mar | Apr | May | Jun | Jul | Aug | Sep | Oct | Nov | Dec 
2017: Jan | Feb | Mar | Apr | May | Jun | Jul | Aug | Sep | Oct | Nov | Dec 
2016: Jan | Feb | Mar | Apr | May | Jun | Jul | Aug | Sep | Oct | Nov | Dec 
2015: Jan | Feb | Mar | Apr | May | Jun | Jul | Aug | Sep | Oct | Nov | Dec 
2014: Jan | Feb | Mar | Apr | May | Jun | Jul | Aug | Sep | Oct | Nov | Dec 
2013: Jan | Feb | Mar | Apr | May | Jun | Jul | Aug | Sep | Oct | Nov | Dec 
2012: Jan | Feb | Mar | Apr | May | Jun | Jul | Aug | Sep | Oct | Nov | Dec 
2011: Jan | Feb | Mar | Apr | May | Jun | Jul | Aug | Sep | Oct | Nov | Dec 
2010: Jan | Feb | Mar | Apr | May | Jun | Jul | Aug | Sep | Oct | Nov | Dec 
2009: Jan | Feb | Mar | Apr | May | Jun | Jul | Aug | Sep | Oct | Nov | Dec 
2008: Jan | Feb | Mar | Apr | May | Jun | Jul | Aug | Sep | Oct | Nov | Dec 
2007: Jan | Feb | Mar | Apr | May | Jun | Jul | Aug | Sep | Oct | Nov | Dec 

Report for 2011 08
MONTHLY CLIMATOLOGICAL SUMMARY for AUG. 2011 NAME: VantagePro2 CITY: Urswick STATE: Cumbria ELEV: 128 ft LAT: 54 09' 33" N LONG: 3 07' 24" W TEMPERATURE (C), RAIN (mm), WIND SPEED (mph) HEAT COOL AVG MEAN DEG DEG WIND DOM DAY TEMP HIGH TIME LOW TIME DAYS DAYS RAIN SPEED HIGH TIME DIR ------------------------------------------------------------------------------------ 1 16.8 18.6 18:00 15.5 23:50 1.5 0.0 8.6 0.0 4.0 13:40 NW 2 16.6 19.8 13:00 12.0 00:00 1.8 0.1 10.0 0.2 10.0 17:20 NW 3 16.1 21.4 13:20 10.9 2:20 2.7 0.4 0.0 0.4 9.0 16:00 NW 4 16.5 19.2 15:10 13.8 1:30 1.8 0.0 8.6 0.3 7.0 14:00 S 5 15.4 18.8 14:50 9.7 23:50 2.9 0.0 0.0 1.8 15.0 8:00 NW 6 13.0 16.3 17:40 9.2 1:00 5.3 0.0 0.0 0.1 6.0 15:40 S 7 13.9 16.7 16:50 10.1 1:10 4.3 0.0 0.0 1.4 15.0 9:40 SSW 8 14.1 17.4 14:30 10.8 2:20 4.3 0.0 2.2 4.1 23.0 14:50 NW 9 13.6 17.5 14:40 9.6 6:30 4.7 0.0 0.0 2.9 15.0 9:20 NW 10 15.1 16.3 23:30 12.9 6:20 3.2 0.0 16.0 3.9 21.0 12:10 S 11 15.8 18.1 12:50 -39.6 12:30 1.9 0.0 13.0 1.8 16.0 0:40 S 12 15.9 18.4 16:20 -39.6 15:20 1.4 0.0 9.2 0.1 5.0 11:50 SSE 13 16.2 18.4 14:10 14.3 6:50 1.8 0.0 2.2 1.2 16.0 3:10 S 14 15.4 18.7 14:50 13.9 00:00 2.8 0.0 1.8 1.0 13.0 17:10 SSW 15 14.4 17.6 15:30 12.0 6:40 3.9 0.0 3.2 0.7 13.0 10:10 SSW 16 13.7 17.2 15:40 7.7 00:00 4.0 0.0 15.0 1.6 16.0 18:10 S 17 11.8 17.1 14:00 6.2 5:50 6.5 0.0 0.0 0.8 12.0 12:00 NW 18 11.6 16.8 14:20 6.7 5:10 6.7 0.0 0.6 0.0 5.0 16:40 NW 19 12.8 17.7 14:20 6.4 6:10 5.5 0.0 0.8 1.8 20.0 20:10 S 20 15.4 18.8 13:30 13.0 6:30 2.9 0.0 6.8 0.7 13.0 0:30 SSE 21 15.6 17.4 13:50 12.1 00:00 2.7 0.0 1.0 0.7 12.0 18:30 S 22 13.8 18.8 14:40 7.3 6:30 4.5 0.0 0.0 0.5 10.0 15:00 NW 23 14.8 20.5 15:30 11.8 23:20 3.7 0.2 0.0 0.2 6.0 17:30 ENE 24 13.8 16.8 11:40 11.6 00:00 4.5 0.0 6.0 0.4 11.0 17:00 SSE 25 13.5 19.3 15:30 9.3 4:50 4.8 0.1 0.4 0.0 5.0 18:50 SSE 26 12.6 18.2 13:10 8.3 5:00 5.7 0.0 6.8 0.1 9.0 14:50 NW 27 13.4 16.9 15:00 9.0 5:10 4.9 0.0 10.8 0.8 12.0 15:00 NW 28 12.2 15.5 14:10 9.3 3:50 6.1 0.0 2.6 3.7 23.0 15:10 NW 29 12.6 14.8 12:00 10.5 6:20 5.7 0.0 0.6 3.7 20.0 18:40 NNW 30 12.8 14.1 13:20 11.4 21:20 5.5 0.0 1.0 1.5 16.0 10:30 NW 31 12.9 15.4 15:10 9.7 21:50 5.4 0.0 0.0 0.1 7.0 14:00 NW ------------------------------------------------------------------------------------- 14.3 21.4 3 -39.6 11 123.6 0.9 127.3 1.2 23.0 8 NW Max >= 32.0: 0 Max <= 0.0: 0 Min <= 0.0: 2 Min <= -18.0: 2 Max Rain: 16.00 ON 10/08/11 Days of Rain: 22 (> .2 mm) 15 (> 2 mm) 0 (> 20 mm) Heat Base: 18.3 Cool Base: 18.3 Method: Integration