2020: Jan | Feb | Mar | Apr | May | Jun | Jul | Aug | Sep | Oct | Nov | Dec 
2019: Jan | Feb | Mar | Apr | May | Jun | Jul | Aug | Sep | Oct | Nov | Dec 
2018: Jan | Feb | Mar | Apr | May | Jun | Jul | Aug | Sep | Oct | Nov | Dec 
2017: Jan | Feb | Mar | Apr | May | Jun | Jul | Aug | Sep | Oct | Nov | Dec 
2016: Jan | Feb | Mar | Apr | May | Jun | Jul | Aug | Sep | Oct | Nov | Dec 
2015: Jan | Feb | Mar | Apr | May | Jun | Jul | Aug | Sep | Oct | Nov | Dec 
2014: Jan | Feb | Mar | Apr | May | Jun | Jul | Aug | Sep | Oct | Nov | Dec 
2013: Jan | Feb | Mar | Apr | May | Jun | Jul | Aug | Sep | Oct | Nov | Dec 
2012: Jan | Feb | Mar | Apr | May | Jun | Jul | Aug | Sep | Oct | Nov | Dec 
2011: Jan | Feb | Mar | Apr | May | Jun | Jul | Aug | Sep | Oct | Nov | Dec 
2010: Jan | Feb | Mar | Apr | May | Jun | Jul | Aug | Sep | Oct | Nov | Dec 
2009: Jan | Feb | Mar | Apr | May | Jun | Jul | Aug | Sep | Oct | Nov | Dec 
2008: Jan | Feb | Mar | Apr | May | Jun | Jul | Aug | Sep | Oct | Nov | Dec 
2007: Jan | Feb | Mar | Apr | May | Jun | Jul | Aug | Sep | Oct | Nov | Dec 

Report for 2011 09
MONTHLY CLIMATOLOGICAL SUMMARY for SEP. 2011 NAME: VantagePro2 CITY: Urswick STATE: Cumbria ELEV: 128 ft LAT: 54 09' 33" N LONG: 3 07' 24" W TEMPERATURE (C), RAIN (mm), WIND SPEED (mph) HEAT COOL AVG MEAN DEG DEG WIND DOM DAY TEMP HIGH TIME LOW TIME DAYS DAYS RAIN SPEED HIGH TIME DIR ------------------------------------------------------------------------------------ 1 15.1 19.9 15:00 10.8 0:10 3.4 0.2 0.0 0.1 6.0 13:10 SSE 2 15.7 17.1 14:10 14.6 7:00 2.6 0.0 0.4 0.8 10.0 13:10 S 3 15.6 15.9 11:20 15.4 3:10 1.2 0.0 23.8 0.7 11.0 17:10 SSE 4 15.2 18.9 14:40 9.3 7:10 2.1 0.0 1.6 0.1 7.0 20:50 S 5 12.9 15.0 14:20 10.3 0:50 5.4 0.0 8.8 2.3 17.0 16:10 S 6 14.4 15.9 7:10 12.6 20:50 3.5 0.0 16.4 6.0 26.0 16:00 S 7 13.5 15.4 12:20 11.2 20:30 4.8 0.0 2.8 3.5 19.0 2:10 SSW 8 13.6 16.1 15:20 11.9 0:10 4.7 0.0 2.2 1.3 12.0 11:40 SSW 9 14.9 18.4 15:50 -39.6 10:30 2.3 0.0 2.6 1.0 12.0 10:20 S 10 17.3 19.6 11:50 15.0 23:00 1.2 0.1 1.2 1.3 12.0 14:20 SSE 11 14.6 15.0 0:10 13.1 5:50 3.7 0.0 2.6 4.1 24.0 15:10 S 12 15.1 16.7 7:10 12.8 2:20 2.7 0.0 6.2 6.0 27.0 9:20 S 13 13.5 15.2 14:20 11.6 23:20 4.8 0.0 1.2 5.2 22.0 15:40 SSW 14 12.7 15.4 13:20 7.1 00:00 5.7 0.0 1.6 2.3 15.0 1:00 NW 15 10.3 16.3 15:00 4.4 7:10 8.0 0.0 0.2 0.0 3.0 00:00 NNE 16 13.5 15.0 16:50 10.6 0:10 4.8 0.0 12.4 0.4 11.0 22:00 SSE 17 11.9 14.4 0:10 8.3 00:00 6.3 0.0 23.4 0.6 12.0 7:50 S 18 11.6 16.4 13:40 -39.6 10:20 5.3 0.0 0.8 0.8 12.0 15:10 NW 19 13.1 15.7 17:10 9.6 3:30 3.9 0.0 2.2 2.1 19.0 23:00 S 20 13.3 15.2 12:30 12.2 22:00 4.4 0.0 0.2 1.2 17.0 0:30 S 21 12.9 14.9 12:30 11.1 23:10 5.4 0.0 4.4 3.8 25.0 14:20 S 22 12.9 15.3 14:20 11.1 3:00 5.4 0.0 0.0 2.0 16.0 0:10 SSW 23 14.5 16.9 15:10 12.1 23:10 3.8 0.0 0.0 1.9 15.0 14:40 S 24 12.7 15.6 16:20 9.3 00:00 4.7 0.0 5.0 0.6 10.0 11:10 SSE 25 14.6 15.9 14:30 -39.6 5:20 1.8 0.0 5.4 1.0 11.0 17:50 SSE 26 12.4 15.4 14:30 8.8 20:40 5.2 0.0 2.4 0.5 10.0 1:40 S 27 13.7 18.6 15:00 9.2 0:20 3.5 0.0 0.0 0.1 10.0 15:20 S 28 20.3 23.2 15:10 16.7 23:00 0.1 1.2 0.2 0.0 7.0 13:40 S 29 17.9 21.5 14:20 14.3 00:00 1.0 0.6 0.0 0.0 4.0 4:50 SSE 30 18.6 24.9 14:50 14.3 0:10 1.3 1.5 0.0 0.0 0.0 --- --- ------------------------------------------------------------------------------------- 14.3 24.9 30 -39.6 9 113.2 3.6 128.0 1.7 27.0 12 S Max >= 32.0: 0 Max <= 0.0: 0 Min <= 0.0: 3 Min <= -18.0: 3 Max Rain: 23.80 ON 03/09/11 Days of Rain: 24 (> .2 mm) 15 (> 2 mm) 2 (> 20 mm) Heat Base: 18.3 Cool Base: 18.3 Method: Integration