2020: Jan | Feb | Mar | Apr | May | Jun | Jul | Aug | Sep | Oct | Nov | Dec 
2019: Jan | Feb | Mar | Apr | May | Jun | Jul | Aug | Sep | Oct | Nov | Dec 
2018: Jan | Feb | Mar | Apr | May | Jun | Jul | Aug | Sep | Oct | Nov | Dec 
2017: Jan | Feb | Mar | Apr | May | Jun | Jul | Aug | Sep | Oct | Nov | Dec 
2016: Jan | Feb | Mar | Apr | May | Jun | Jul | Aug | Sep | Oct | Nov | Dec 
2015: Jan | Feb | Mar | Apr | May | Jun | Jul | Aug | Sep | Oct | Nov | Dec 
2014: Jan | Feb | Mar | Apr | May | Jun | Jul | Aug | Sep | Oct | Nov | Dec 
2013: Jan | Feb | Mar | Apr | May | Jun | Jul | Aug | Sep | Oct | Nov | Dec 
2012: Jan | Feb | Mar | Apr | May | Jun | Jul | Aug | Sep | Oct | Nov | Dec 
2011: Jan | Feb | Mar | Apr | May | Jun | Jul | Aug | Sep | Oct | Nov | Dec 
2010: Jan | Feb | Mar | Apr | May | Jun | Jul | Aug | Sep | Oct | Nov | Dec 
2009: Jan | Feb | Mar | Apr | May | Jun | Jul | Aug | Sep | Oct | Nov | Dec 
2008: Jan | Feb | Mar | Apr | May | Jun | Jul | Aug | Sep | Oct | Nov | Dec 
2007: Jan | Feb | Mar | Apr | May | Jun | Jul | Aug | Sep | Oct | Nov | Dec 

Report for 2011 10
MONTHLY CLIMATOLOGICAL SUMMARY for OCT. 2011 NAME: VantagePro2 CITY: Urswick STATE: Cumbria ELEV: 128 ft LAT: 54 09' 33" N LONG: 3 07' 24" W TEMPERATURE (C), RAIN (mm), WIND SPEED (mph) HEAT COOL AVG MEAN DEG DEG WIND DOM DAY TEMP HIGH TIME LOW TIME DAYS DAYS RAIN SPEED HIGH TIME DIR ------------------------------------------------------------------------------------ 1 17.9 23.2 14:30 15.6 23:50 1.1 0.7 0.0 0.0 0.0 --- --- 2 15.9 17.1 14:00 -39.6 11:40 0.9 0.0 5.0 0.4 11.0 19:30 S 3 14.2 18.2 14:50 -39.6 13:50 1.7 0.0 0.2 2.5 23.0 16:40 S 4 12.7 14.9 23:50 10.4 0:10 5.6 0.0 0.4 2.5 14.0 15:40 SSW 5 15.6 17.3 12:20 11.3 23:30 1.7 0.0 6.4 5.8 25.0 13:00 S 6 9.9 12.1 13:30 5.3 19:10 8.4 0.0 15.4 5.7 29.0 17:40 SSW 7 11.4 13.6 13:40 9.8 0:10 6.9 0.0 0.6 6.3 24.0 3:40 NNW 8 10.1 12.6 11:50 -39.6 13:50 4.0 0.0 10.2 2.2 16.0 1:50 NW 9 --- --- --- --- --- 0.0 0.0 9.8 3.0 17.0 10:30 S 10 --- -39.6 5:20 -39.6 5:20 0.0 0.0 6.2 3.2 20.0 23:40 S 11 11.4 12.7 17:30 -39.6 1:40 1.9 0.0 3.0 1.9 19.0 0:30 NW 12 10.6 10.8 0:10 10.4 0:40 0.1 0.0 16.8 0.5 12.0 14:10 NW 13 13.6 13.9 23:30 13.2 20:50 0.7 0.0 0.0 0.0 2.0 10:10 E 14 13.9 15.0 11:40 12.8 23:50 4.2 0.0 0.0 0.0 0.0 --- --- 15 11.2 15.0 14:10 7.4 8:10 7.1 0.0 0.0 0.0 0.0 --- --- 16 12.2 14.6 15:00 11.1 4:20 4.2 0.0 7.2 0.4 13.0 22:10 S 17 11.7 13.6 16:10 7.8 21:00 6.6 0.0 3.8 4.9 32.0 17:30 S 18 9.1 11.0 12:50 7.7 19:30 9.2 0.0 4.0 4.7 23.0 16:00 SSW 19 6.7 9.6 13:30 1.8 21:40 11.6 0.0 0.2 3.7 22.0 13:50 NNW 20 6.5 11.1 16:00 0.6 5:50 11.8 0.0 0.6 0.8 11.0 19:00 S 21 12.5 13.8 13:00 -39.6 4:00 4.3 0.0 11.8 3.3 16.0 12:00 S 22 11.0 13.2 15:10 9.6 5:50 7.3 0.0 0.0 1.8 15.0 9:50 SSE 23 12.8 15.2 19:40 -39.6 10:20 4.7 0.0 4.6 1.5 11.0 2:10 S 24 12.8 14.6 15:50 11.7 23:40 5.5 0.0 0.0 1.9 11.0 0:30 E 25 11.1 13.9 13:00 7.0 20:10 7.2 0.0 3.6 0.8 13.0 13:30 S 26 9.5 12.3 14:40 6.6 7:50 8.2 0.0 4.6 0.7 11.0 00:00 S 27 9.3 11.8 16:50 7.0 23:20 6.6 0.0 0.4 0.2 9.0 0:40 SE 28 7.7 12.7 14:40 2.7 8:30 10.6 0.0 0.0 0.4 11.0 13:00 S 29 9.1 11.9 18:20 -39.6 19:20 7.0 0.0 6.6 1.4 14.0 18:50 S 30 11.7 14.8 14:20 -39.6 1:30 3.2 0.0 0.0 1.1 15.0 2:30 S 31 -22.0 13.4 0:20 -39.6 3:40 6.7 0.0 4.0 0.9 12.0 21:30 S ------------------------------------------------------------------------------------- 10.4 23.2 1 -39.6 2 159.2 0.7 125.4 2.0 32.0 17 S Max >= 32.0: 0 Max <= 0.0: 1 Min <= 0.0: 10 Min <= -18.0: 10 Max Rain: 16.79 ON 12/10/11 Days of Rain: 23 (> .2 mm) 17 (> 2 mm) 0 (> 20 mm) Heat Base: 18.3 Cool Base: 18.3 Method: Integration