2020: Jan | Feb | Mar | Apr | May | Jun | Jul | Aug | Sep | Oct | Nov | Dec 
2019: Jan | Feb | Mar | Apr | May | Jun | Jul | Aug | Sep | Oct | Nov | Dec 
2018: Jan | Feb | Mar | Apr | May | Jun | Jul | Aug | Sep | Oct | Nov | Dec 
2017: Jan | Feb | Mar | Apr | May | Jun | Jul | Aug | Sep | Oct | Nov | Dec 
2016: Jan | Feb | Mar | Apr | May | Jun | Jul | Aug | Sep | Oct | Nov | Dec 
2015: Jan | Feb | Mar | Apr | May | Jun | Jul | Aug | Sep | Oct | Nov | Dec 
2014: Jan | Feb | Mar | Apr | May | Jun | Jul | Aug | Sep | Oct | Nov | Dec 
2013: Jan | Feb | Mar | Apr | May | Jun | Jul | Aug | Sep | Oct | Nov | Dec 
2012: Jan | Feb | Mar | Apr | May | Jun | Jul | Aug | Sep | Oct | Nov | Dec 
2011: Jan | Feb | Mar | Apr | May | Jun | Jul | Aug | Sep | Oct | Nov | Dec 
2010: Jan | Feb | Mar | Apr | May | Jun | Jul | Aug | Sep | Oct | Nov | Dec 
2009: Jan | Feb | Mar | Apr | May | Jun | Jul | Aug | Sep | Oct | Nov | Dec 
2008: Jan | Feb | Mar | Apr | May | Jun | Jul | Aug | Sep | Oct | Nov | Dec 
2007: Jan | Feb | Mar | Apr | May | Jun | Jul | Aug | Sep | Oct | Nov | Dec 

Report for 2011 11
MONTHLY CLIMATOLOGICAL SUMMARY for NOV. 2011 NAME: VantagePro2 CITY: Urswick STATE: Cumbria ELEV: 128 ft LAT: 54 09' 33" N LONG: 3 07' 24" W TEMPERATURE (C), RAIN (mm), WIND SPEED (mph) HEAT COOL AVG MEAN DEG DEG WIND DOM DAY TEMP HIGH TIME LOW TIME DAYS DAYS RAIN SPEED HIGH TIME DIR ------------------------------------------------------------------------------------ 1 10.1 13.1 13:20 6.8 18:50 4.5 0.0 4.0 0.6 10.0 14:10 SSE 2 11.4 13.7 12:20 9.1 0:40 6.4 0.0 1.8 1.2 12.0 9:50 S 3 -39.6 -39.6 1:50 -39.6 1:50 10.9 0.0 5.6 0.4 9.0 13:00 S 4 -39.6 -39.6 13:40 -39.6 13:40 2.0 0.0 0.2 0.1 5.0 13:50 SSE 5 6.7 12.4 13:30 2.9 00:00 8.6 0.0 0.2 0.3 7.0 13:10 NW 6 3.7 11.3 13:40 -0.3 6:50 13.8 0.0 0.0 0.0 4.0 14:10 S 7 4.6 9.3 23:30 -1.4 6:50 12.7 0.0 0.4 0.0 4.0 13:40 E 8 10.2 10.9 14:20 9.3 0:10 5.3 0.0 0.0 0.1 4.0 10:40 E 9 7.5 12.4 15:20 -39.6 18:40 7.0 0.0 5.0 0.4 7.0 22:50 S 10 -39.6 -39.6 0:10 -39.6 0:10 3.2 0.0 1.0 0.5 9.0 0:50 S 11 10.2 11.0 13:30 9.6 5:50 3.9 0.0 9.2 2.0 11.0 7:50 E 12 -39.6 -39.6 13:00 -39.6 13:00 0.4 0.0 0.4 0.5 9.0 2:00 S 13 -5.1 9.8 23:00 -39.6 10:40 1.6 0.0 0.2 2.1 9.0 9:00 ENE 14 8.8 9.8 12:10 7.2 4:50 9.5 0.0 0.0 1.2 9.0 14:20 E 15 8.3 10.7 12:30 5.3 23:40 9.8 0.0 0.0 1.2 7.0 10:00 E 16 6.6 9.6 14:00 4.6 0:50 11.1 0.0 1.6 0.1 7.0 1:20 E 17 10.4 11.6 12:40 10.1 21:50 3.7 0.0 0.4 1.6 12.0 13:00 S 18 -1.9 10.8 2:10 -39.6 13:10 3.4 0.0 3.2 1.4 14.0 3:20 S 19 6.7 7.3 23:20 6.3 23:50 0.4 0.0 0.0 0.2 9.0 15:10 S 20 --- 6.6 0:10 6.6 0:10 0.0 0.0 0.2 0.2 7.0 13:10 S 21 --- --- --- --- --- 0.0 0.0 7.8 0.2 10.0 6:40 S 22 3.3 7.2 16:10 1.6 21:00 3.2 0.0 1.4 0.7 13.0 13:30 NW 23 -39.6 -39.6 7:00 -39.6 7:00 9.2 0.0 0.2 4.7 24.0 10:40 S 24 -39.6 -39.6 7:10 -39.6 7:10 1.6 0.0 11.0 5.4 24.0 18:50 S 25 8.4 10.1 00:00 6.8 12:20 8.5 0.0 1.8 4.4 27.0 11:00 SSW 26 5.4 12.3 10:20 -39.6 14:50 7.1 0.0 3.8 6.7 26.0 20:50 S 27 8.8 10.1 6:00 -39.6 4:00 7.2 0.0 3.2 6.2 30.0 2:10 NW 28 8.6 9.5 22:40 7.8 7:20 9.1 0.0 2.6 3.3 17.0 11:00 S 29 9.1 12.1 6:50 5.6 16:50 6.9 0.0 10.6 5.8 29.0 13:30 S 30 9.3 10.8 13:40 7.9 1:00 9.0 0.0 4.2 5.2 27.0 19:30 S ------------------------------------------------------------------------------------- -3.1 13.7 2 -39.6 3 180.1 0.0 80.0 1.9 30.0 27 S Max >= 32.0: 0 Max <= 0.0: 6 Min <= 0.0: 13 Min <= -18.0: 11 Max Rain: 11.00 ON 24/11/11 Days of Rain: 25 (> .2 mm) 12 (> 2 mm) 0 (> 20 mm) Heat Base: 18.3 Cool Base: 18.3 Method: Integration