2020: Jan | Feb | Mar | Apr | May | Jun | Jul | Aug | Sep | Oct | Nov | Dec 
2019: Jan | Feb | Mar | Apr | May | Jun | Jul | Aug | Sep | Oct | Nov | Dec 
2018: Jan | Feb | Mar | Apr | May | Jun | Jul | Aug | Sep | Oct | Nov | Dec 
2017: Jan | Feb | Mar | Apr | May | Jun | Jul | Aug | Sep | Oct | Nov | Dec 
2016: Jan | Feb | Mar | Apr | May | Jun | Jul | Aug | Sep | Oct | Nov | Dec 
2015: Jan | Feb | Mar | Apr | May | Jun | Jul | Aug | Sep | Oct | Nov | Dec 
2014: Jan | Feb | Mar | Apr | May | Jun | Jul | Aug | Sep | Oct | Nov | Dec 
2013: Jan | Feb | Mar | Apr | May | Jun | Jul | Aug | Sep | Oct | Nov | Dec 
2012: Jan | Feb | Mar | Apr | May | Jun | Jul | Aug | Sep | Oct | Nov | Dec 
2011: Jan | Feb | Mar | Apr | May | Jun | Jul | Aug | Sep | Oct | Nov | Dec 
2010: Jan | Feb | Mar | Apr | May | Jun | Jul | Aug | Sep | Oct | Nov | Dec 
2009: Jan | Feb | Mar | Apr | May | Jun | Jul | Aug | Sep | Oct | Nov | Dec 
2008: Jan | Feb | Mar | Apr | May | Jun | Jul | Aug | Sep | Oct | Nov | Dec 
2007: Jan | Feb | Mar | Apr | May | Jun | Jul | Aug | Sep | Oct | Nov | Dec 

Report for 2011 12
MONTHLY CLIMATOLOGICAL SUMMARY for DEC. 2011 NAME: VantagePro2 CITY: Urswick STATE: Cumbria ELEV: 128 ft LAT: 54 09' 33" N LONG: 3 07' 24" W TEMPERATURE (C), RAIN (mm), WIND SPEED (mph) HEAT COOL AVG MEAN DEG DEG WIND DOM DAY TEMP HIGH TIME LOW TIME DAYS DAYS RAIN SPEED HIGH TIME DIR ------------------------------------------------------------------------------------ 1 5.9 10.2 0:40 0.2 23:00 12.3 0.0 3.4 2.4 24.0 0:30 SSW 2 6.1 9.4 20:10 1.5 0:20 10.4 0.0 3.8 3.5 23.0 16:20 S 3 8.3 10.2 1:10 6.3 17:20 9.4 0.0 2.6 5.2 25.0 5:50 SSW 4 5.4 7.4 0:10 1.8 17:20 12.9 0.0 5.0 4.5 21.0 16:20 NW 5 4.6 5.8 12:00 1.6 7:40 13.7 0.0 4.8 5.3 25.0 5:10 NW 6 5.4 8.2 22:10 3.3 8:40 12.9 0.0 5.4 3.5 22.0 4:40 NW 7 6.3 8.2 0:20 4.2 3:20 12.0 0.0 1.0 7.6 33.0 8:20 NW 8 7.4 11.4 11:10 5.7 6:10 9.9 0.0 10.2 7.4 34.0 11:30 S 9 4.2 6.3 11:20 -0.8 23:50 14.1 0.0 3.4 4.5 25.0 5:30 NW 10 4.7 8.2 23:10 -1.7 1:10 13.6 0.0 0.4 1.9 15.0 13:40 S 11 7.4 8.3 4:10 5.1 23:30 2.2 0.0 10.0 1.8 14.0 5:10 S 12 6.5 8.4 23:50 5.2 3:10 11.7 0.0 5.2 3.7 22.0 20:20 S 13 6.2 8.0 0:10 4.7 6:40 12.1 0.0 2.6 7.7 33.0 16:40 SSW 14 5.4 6.9 1:40 4.0 11:00 12.9 0.0 4.6 4.4 26.0 3:20 SSW 15 4.2 7.7 13:20 0.3 22:20 14.1 0.0 1.0 0.5 12.0 11:50 S 16 1.6 2.9 13:40 -1.0 23:30 16.7 0.0 3.2 0.6 10.0 7:10 NW 17 1.8 4.6 12:50 -2.2 00:00 16.5 0.0 5.4 1.7 20.0 12:40 NNW 18 1.7 4.0 14:10 -3.0 1:20 16.6 0.0 4.0 1.7 14.0 5:30 NW 19 3.2 7.9 21:10 1.0 4:00 8.5 0.0 9.6 2.3 21.0 00:00 NW 20 6.5 7.6 0:10 5.2 6:20 11.8 0.0 2.6 3.0 21.0 1:50 NW 21 6.1 6.3 0:10 6.0 0:30 0.3 0.0 3.6 2.3 18.0 17:40 WNW 22 10.8 11.8 11:30 9.9 16:20 1.8 0.0 0.0 3.6 22.0 20:30 S 23 5.5 6.7 15:20 4.6 17:50 4.8 0.0 5.6 5.4 26.0 16:50 NW 24 7.7 9.1 16:40 5.4 1:00 8.6 0.0 4.2 4.9 23.0 18:50 S 25 --- --- --- --- --- 0.0 0.0 0.0 5.9 26.0 16:50 S 26 10.6 12.0 11:20 9.3 21:00 2.2 0.0 0.0 7.1 26.0 20:50 S 27 8.9 9.8 0:10 8.7 20:50 1.7 0.0 1.4 2.5 23.0 2:20 S 28 7.6 9.3 1:20 5.4 22:50 10.5 0.0 5.4 7.1 33.0 19:30 SSW 29 6.6 8.2 11:50 4.7 17:40 11.7 0.0 3.8 7.7 32.0 16:00 NW 30 5.6 6.2 9:30 3.9 3:50 8.4 0.0 11.4 1.9 15.0 1:00 S 31 --- --- --- --- --- 0.0 0.0 2.4 3.8 23.0 14:10 S ------------------------------------------------------------------------------------- 5.9 12.0 26 -3.0 18 294.2 0.0 126.0 4.0 34.0 8 S Max >= 32.0: 0 Max <= 0.0: 0 Min <= 0.0: 5 Min <= -18.0: 0 Max Rain: 11.40 ON 30/12/11 Days of Rain: 28 (> .2 mm) 24 (> 2 mm) 0 (> 20 mm) Heat Base: 18.3 Cool Base: 18.3 Method: Integration