2020: Jan | Feb | Mar | Apr | May | Jun | Jul | Aug | Sep | Oct | Nov | Dec 
2019: Jan | Feb | Mar | Apr | May | Jun | Jul | Aug | Sep | Oct | Nov | Dec 
2018: Jan | Feb | Mar | Apr | May | Jun | Jul | Aug | Sep | Oct | Nov | Dec 
2017: Jan | Feb | Mar | Apr | May | Jun | Jul | Aug | Sep | Oct | Nov | Dec 
2016: Jan | Feb | Mar | Apr | May | Jun | Jul | Aug | Sep | Oct | Nov | Dec 
2015: Jan | Feb | Mar | Apr | May | Jun | Jul | Aug | Sep | Oct | Nov | Dec 
2014: Jan | Feb | Mar | Apr | May | Jun | Jul | Aug | Sep | Oct | Nov | Dec 
2013: Jan | Feb | Mar | Apr | May | Jun | Jul | Aug | Sep | Oct | Nov | Dec 
2012: Jan | Feb | Mar | Apr | May | Jun | Jul | Aug | Sep | Oct | Nov | Dec 
2011: Jan | Feb | Mar | Apr | May | Jun | Jul | Aug | Sep | Oct | Nov | Dec 
2010: Jan | Feb | Mar | Apr | May | Jun | Jul | Aug | Sep | Oct | Nov | Dec 
2009: Jan | Feb | Mar | Apr | May | Jun | Jul | Aug | Sep | Oct | Nov | Dec 
2008: Jan | Feb | Mar | Apr | May | Jun | Jul | Aug | Sep | Oct | Nov | Dec 
2007: Jan | Feb | Mar | Apr | May | Jun | Jul | Aug | Sep | Oct | Nov | Dec 

Report for 2012 01
MONTHLY CLIMATOLOGICAL SUMMARY for JAN. 2012 NAME: VantagePro2 CITY: Urswick STATE: Cumbria ELEV: 128 ft LAT: 54 09' 33" N LONG: 3 07' 24" W TEMPERATURE (C), RAIN (mm), WIND SPEED (mph) HEAT COOL AVG MEAN DEG DEG WIND DOM DAY TEMP HIGH TIME LOW TIME DAYS DAYS RAIN SPEED HIGH TIME DIR ------------------------------------------------------------------------------------ 1 7.3 8.9 14:20 5.9 23:00 4.4 0.0 0.8 4.0 23.0 5:40 S 2 5.9 7.2 00:00 4.4 6:50 12.4 0.0 1.8 4.5 22.0 12:30 SSW 3 6.7 10.2 7:20 4.5 23:50 9.7 0.0 11.4 8.0 33.0 7:10 SSW 4 7.3 10.1 22:30 4.6 0:10 9.2 0.0 15.0 6.3 26.0 21:00 SSW 5 6.8 8.8 0:10 4.9 8:20 11.5 0.0 9.4 10.1 36.0 4:40 NW 6 4.4 8.2 13:00 0.8 6:10 8.4 0.0 1.8 2.8 22.0 20:50 S 7 7.7 8.5 2:10 7.2 22:40 9.7 0.0 0.6 6.1 26.0 21:20 NW 8 7.3 7.6 0:10 7.3 0:40 1.0 0.0 1.8 2.5 22.0 0:20 S 9 5.3 9.6 5:30 0.5 23:00 7.7 0.0 0.6 2.2 19.0 9:40 SSW 10 7.6 8.7 12:00 2.3 0:10 4.7 0.0 0.6 2.6 18.0 20:10 S 11 --- --- --- --- --- 0.0 0.0 0.0 2.9 21.0 22:10 S 12 6.2 8.4 11:20 3.9 00:00 6.8 0.0 1.8 4.9 22.0 0:30 NW 13 2.1 6.2 13:50 -0.9 00:00 16.2 0.0 0.0 0.2 9.0 3:00 NW 14 0.0 4.8 14:10 -2.7 8:20 18.3 0.0 0.2 0.0 4.0 14:20 ENE 15 1.7 6.4 13:50 -1.4 0:10 16.6 0.0 0.2 0.9 6.0 16:00 E 16 0.7 5.6 14:00 -2.6 00:00 17.6 0.0 0.0 0.2 5.0 0:40 E 17 1.3 4.4 23:00 -2.6 0:20 17.0 0.0 0.0 0.0 4.0 21:50 ESE 18 5.6 8.2 23:20 4.2 0:20 3.5 0.0 5.6 1.7 17.0 7:40 S 19 6.4 8.2 0:30 4.7 17:20 8.6 0.0 1.2 4.3 25.0 17:10 NW 20 5.2 5.8 1:20 4.2 3:30 4.4 0.0 11.4 3.8 26.0 1:00 NW 21 7.0 8.2 11:10 6.2 17:00 7.1 0.0 1.0 7.2 32.0 13:20 NW 22 7.2 8.8 10:10 5.5 18:10 10.0 0.0 2.0 5.8 28.0 11:20 NW 23 5.4 7.0 10:30 4.0 22:20 12.9 0.0 1.2 3.5 18.0 11:30 NW 24 3.4 4.4 3:30 2.9 1:10 2.1 0.0 9.6 0.0 6.0 5:00 NE 25 --- --- --- --- --- 0.0 0.0 4.6 3.1 19.0 18:40 S 26 4.8 5.4 22:00 3.7 20:00 4.4 0.0 4.2 2.4 20.0 13:20 SSW 27 4.1 6.6 10:50 -0.1 23:40 13.5 0.0 3.2 2.3 17.0 10:50 NW 28 -0.2 4.1 15:50 -2.3 6:00 14.5 0.0 0.0 0.0 2.0 3:40 NNW 29 2.4 3.8 17:20 0.6 0:10 5.4 0.0 0.2 0.3 5.0 19:40 E 30 1.4 4.5 14:00 -1.2 18:30 16.3 0.0 0.0 0.5 6.0 2:40 E 31 1.4 3.3 14:10 0.1 23:30 16.8 0.0 0.0 0.7 7.0 14:30 E ------------------------------------------------------------------------------------- 4.6 10.2 3 -2.7 14 290.7 0.0 90.2 3.0 36.0 5 NW Max >= 32.0: 0 Max <= 0.0: 0 Min <= 0.0: 8 Min <= -18.0: 0 Max Rain: 15.01 ON 04/01/12 Days of Rain: 24 (> .2 mm) 10 (> 2 mm) 0 (> 20 mm) Heat Base: 18.3 Cool Base: 18.3 Method: Integration