2020: Jan | Feb | Mar | Apr | May | Jun | Jul | Aug | Sep | Oct | Nov | Dec 
2019: Jan | Feb | Mar | Apr | May | Jun | Jul | Aug | Sep | Oct | Nov | Dec 
2018: Jan | Feb | Mar | Apr | May | Jun | Jul | Aug | Sep | Oct | Nov | Dec 
2017: Jan | Feb | Mar | Apr | May | Jun | Jul | Aug | Sep | Oct | Nov | Dec 
2016: Jan | Feb | Mar | Apr | May | Jun | Jul | Aug | Sep | Oct | Nov | Dec 
2015: Jan | Feb | Mar | Apr | May | Jun | Jul | Aug | Sep | Oct | Nov | Dec 
2014: Jan | Feb | Mar | Apr | May | Jun | Jul | Aug | Sep | Oct | Nov | Dec 
2013: Jan | Feb | Mar | Apr | May | Jun | Jul | Aug | Sep | Oct | Nov | Dec 
2012: Jan | Feb | Mar | Apr | May | Jun | Jul | Aug | Sep | Oct | Nov | Dec 
2011: Jan | Feb | Mar | Apr | May | Jun | Jul | Aug | Sep | Oct | Nov | Dec 
2010: Jan | Feb | Mar | Apr | May | Jun | Jul | Aug | Sep | Oct | Nov | Dec 
2009: Jan | Feb | Mar | Apr | May | Jun | Jul | Aug | Sep | Oct | Nov | Dec 
2008: Jan | Feb | Mar | Apr | May | Jun | Jul | Aug | Sep | Oct | Nov | Dec 
2007: Jan | Feb | Mar | Apr | May | Jun | Jul | Aug | Sep | Oct | Nov | Dec 

Report for 2012 02
MONTHLY CLIMATOLOGICAL SUMMARY for FEB. 2012 NAME: VantagePro2 CITY: Urswick STATE: Cumbria ELEV: 128 ft LAT: 54 09' 33" N LONG: 3 07' 24" W TEMPERATURE (C), RAIN (mm), WIND SPEED (mph) HEAT COOL AVG MEAN DEG DEG WIND DOM DAY TEMP HIGH TIME LOW TIME DAYS DAYS RAIN SPEED HIGH TIME DIR ------------------------------------------------------------------------------------ 1 0.5 3.7 12:50 -3.8 22:00 17.8 0.0 0.0 0.6 7.0 11:50 E 2 -1.3 3.7 14:00 -4.8 6:40 19.6 0.0 0.0 0.0 4.0 12:00 E 3 -1.5 2.8 14:20 -6.3 6:50 19.8 0.0 0.0 0.1 6.0 14:20 SSW 4 0.4 1.1 0:10 -1.2 5:40 17.5 0.0 11.8 0.9 12.0 15:10 S 5 -0.7 0.6 0:30 -1.5 3:00 2.9 0.0 5.8 0.0 3.0 10:30 ESE 6 --- --- --- --- --- 0.0 0.0 4.4 0.0 3.0 6:10 E 7 2.7 5.7 14:10 1.1 00:00 6.7 0.0 0.2 0.3 9.0 22:50 S 8 -0.7 2.2 13:40 -3.9 7:40 19.0 0.0 0.0 0.6 10.0 3:30 S 9 -0.1 0.6 17:40 -0.7 5:40 13.6 0.0 2.0 0.1 5.0 1:30 SSW 10 1.7 2.2 18:20 1.3 22:40 4.0 0.0 0.2 0.8 7.0 21:30 E 11 0.9 1.4 13:20 0.1 7:00 17.3 0.0 0.0 0.4 7.0 0:20 SSW 12 1.3 1.3 0:10 1.3 0:10 0.5 0.0 0.4 0.0 3.0 20:00 SSE 13 5.7 6.8 19:40 4.4 23:20 2.4 0.0 0.6 3.5 21.0 11:00 NW 14 6.5 8.2 13:50 4.0 5:40 9.1 0.0 0.0 4.5 23.0 23:30 NW 15 7.4 9.1 11:50 6.1 2:30 7.7 0.0 0.0 4.3 23.0 10:20 NW 16 6.4 7.1 2:40 5.8 1:30 2.1 0.0 1.8 2.3 16.0 9:20 SSW 17 --- --- --- --- --- 0.0 0.0 1.4 2.2 17.0 20:40 S 18 4.3 7.3 13:40 2.7 23:50 6.3 0.0 4.0 7.1 26.0 20:00 NW 19 3.2 6.1 13:20 0.9 8:00 15.1 0.0 0.0 3.0 18.0 12:10 NW 20 3.6 6.2 7:50 1.7 1:10 2.8 0.0 12.4 4.8 22.0 9:20 S 21 --- --- --- --- --- 0.0 0.0 1.0 5.0 21.0 19:20 S 22 --- --- --- --- --- 0.0 0.0 4.4 6.2 29.0 11:10 S 23 --- --- --- --- --- 0.0 0.0 0.2 3.3 16.0 20:50 S 24 4.4 5.4 20:10 4.2 21:20 0.2 0.0 1.6 4.5 26.0 13:50 NW 25 7.0 8.3 14:40 6.2 3:20 6.9 0.0 0.0 2.1 16.0 10:10 W 26 --- --- --- --- --- 0.0 0.0 2.8 1.4 14.0 23:10 S 27 --- --- --- --- --- 0.0 0.0 3.6 3.0 17.0 1:40 S 28 --- --- --- --- --- 0.0 0.0 0.2 1.0 11.0 3:50 W 29 --- --- --- --- --- 0.0 0.0 0.0 0.4 10.0 12:40 S ------------------------------------------------------------------------------------- 2.6 9.1 15 -6.3 3 191.3 0.0 58.8 2.2 29.0 22 S Max >= 32.0: 0 Max <= 0.0: 0 Min <= 0.0: 7 Min <= -18.0: 0 Max Rain: 12.40 ON 20/02/12 Days of Rain: 19 (> .2 mm) 9 (> 2 mm) 0 (> 20 mm) Heat Base: 18.3 Cool Base: 18.3 Method: Integration