2020: Jan | Feb | Mar | Apr | May | Jun | Jul | Aug | Sep | Oct | Nov | Dec 
2019: Jan | Feb | Mar | Apr | May | Jun | Jul | Aug | Sep | Oct | Nov | Dec 
2018: Jan | Feb | Mar | Apr | May | Jun | Jul | Aug | Sep | Oct | Nov | Dec 
2017: Jan | Feb | Mar | Apr | May | Jun | Jul | Aug | Sep | Oct | Nov | Dec 
2016: Jan | Feb | Mar | Apr | May | Jun | Jul | Aug | Sep | Oct | Nov | Dec 
2015: Jan | Feb | Mar | Apr | May | Jun | Jul | Aug | Sep | Oct | Nov | Dec 
2014: Jan | Feb | Mar | Apr | May | Jun | Jul | Aug | Sep | Oct | Nov | Dec 
2013: Jan | Feb | Mar | Apr | May | Jun | Jul | Aug | Sep | Oct | Nov | Dec 
2012: Jan | Feb | Mar | Apr | May | Jun | Jul | Aug | Sep | Oct | Nov | Dec 
2011: Jan | Feb | Mar | Apr | May | Jun | Jul | Aug | Sep | Oct | Nov | Dec 
2010: Jan | Feb | Mar | Apr | May | Jun | Jul | Aug | Sep | Oct | Nov | Dec 
2009: Jan | Feb | Mar | Apr | May | Jun | Jul | Aug | Sep | Oct | Nov | Dec 
2008: Jan | Feb | Mar | Apr | May | Jun | Jul | Aug | Sep | Oct | Nov | Dec 
2007: Jan | Feb | Mar | Apr | May | Jun | Jul | Aug | Sep | Oct | Nov | Dec 

Report for 2012 03
MONTHLY CLIMATOLOGICAL SUMMARY for MAR. 2012 NAME: VantagePro2 CITY: Urswick STATE: Cumbria ELEV: 128 ft LAT: 54 09' 33" N LONG: 3 07' 24" W TEMPERATURE (C), RAIN (mm), WIND SPEED (mph) HEAT COOL AVG MEAN DEG DEG WIND DOM DAY TEMP HIGH TIME LOW TIME DAYS DAYS RAIN SPEED HIGH TIME DIR ------------------------------------------------------------------------------------ 1 --- --- --- --- --- 0.0 0.0 0.2 0.8 13.0 14:20 S 2 --- --- --- --- --- 0.0 0.0 1.0 0.2 7.0 14:20 E 3 --- --- --- --- --- 0.0 0.0 1.2 2.1 19.0 13:00 S 4 4.8 7.4 13:10 -39.6 13:10 6.2 0.0 4.2 5.7 24.0 17:20 NNW 5 3.2 7.7 17:30 -0.2 00:00 8.9 0.0 0.0 3.6 16.0 10:30 NNW 6 -0.8 0.4 8:40 -1.6 5:10 6.8 0.0 4.6 1.7 17.0 21:00 S 7 5.0 6.8 14:40 3.2 18:10 4.3 0.0 6.2 5.7 23.0 11:10 NW 8 5.7 5.9 1:40 5.3 1:00 1.5 0.0 0.4 3.1 16.0 8:40 S 9 --- --- --- --- --- 0.0 0.0 0.0 4.1 22.0 10:10 S 10 --- --- --- --- --- 0.0 0.0 0.8 1.8 14.0 8:10 SSW 11 --- --- --- --- --- 0.0 0.0 0.0 1.1 11.0 2:30 NW 12 --- --- --- --- --- 0.0 0.0 0.0 0.6 10.0 12:20 W 13 --- --- --- --- --- 0.0 0.0 0.0 0.3 6.0 9:00 NW 14 --- --- --- --- --- 0.0 0.0 0.0 0.0 0.0 --- --- 15 --- --- --- --- --- 0.0 0.0 0.0 0.0 6.0 11:10 S 16 --- --- --- --- --- 0.0 0.0 3.8 1.6 13.0 19:00 S 17 --- --- --- --- --- 0.0 0.0 0.8 0.4 7.0 11:30 S 18 4.0 5.6 18:50 3.2 23:00 0.9 0.0 0.0 1.4 17.0 15:30 NW 19 2.4 3.7 1:30 1.4 4:10 2.1 0.0 0.4 2.8 18.0 13:50 S 20 --- -39.6 15:40 -39.6 15:40 0.0 0.0 0.8 2.3 19.0 12:10 S 21 4.9 12.2 18:50 2.4 23:50 3.0 0.0 0.0 0.5 10.0 11:10 S 22 9.5 15.3 14:10 2.9 0:10 8.8 0.0 0.0 1.0 9.0 22:40 NE 23 10.9 15.7 15:30 7.7 22:30 7.4 0.0 0.0 0.4 7.0 2:50 NNW 24 11.6 19.7 13:10 5.1 6:00 6.8 0.1 0.0 0.0 5.0 14:10 NNW 25 11.3 19.4 15:00 5.1 5:50 6.8 0.1 0.0 0.0 4.0 13:20 SSW 26 10.3 20.1 15:00 1.3 7:00 8.2 0.2 0.0 0.0 4.0 14:00 SSE 27 9.9 20.8 14:50 2.1 7:20 8.6 0.2 0.0 0.2 9.0 15:20 SSE 28 9.1 17.5 13:20 0.8 7:00 9.2 0.0 0.0 0.7 12.0 22:50 NW 29 10.1 14.6 14:00 5.3 5:30 8.2 0.0 0.0 1.6 16.0 14:10 NW 30 7.8 12.9 14:00 1.8 6:50 10.5 0.0 0.0 1.2 15.0 16:20 NW 31 6.7 12.0 14:30 0.6 7:00 11.7 0.0 0.2 0.7 10.0 14:40 NNE ------------------------------------------------------------------------------------- 7.0 20.8 27 -39.6 4 119.8 0.5 24.6 1.5 24.0 4 S Max >= 32.0: 0 Max <= 0.0: 1 Min <= 0.0: 4 Min <= -18.0: 2 Max Rain: 6.20 ON 07/03/12 Days of Rain: 13 (> .2 mm) 4 (> 2 mm) 0 (> 20 mm) Heat Base: 18.3 Cool Base: 18.3 Method: Integration