2020: Jan | Feb | Mar | Apr | May | Jun | Jul | Aug | Sep | Oct | Nov | Dec 
2019: Jan | Feb | Mar | Apr | May | Jun | Jul | Aug | Sep | Oct | Nov | Dec 
2018: Jan | Feb | Mar | Apr | May | Jun | Jul | Aug | Sep | Oct | Nov | Dec 
2017: Jan | Feb | Mar | Apr | May | Jun | Jul | Aug | Sep | Oct | Nov | Dec 
2016: Jan | Feb | Mar | Apr | May | Jun | Jul | Aug | Sep | Oct | Nov | Dec 
2015: Jan | Feb | Mar | Apr | May | Jun | Jul | Aug | Sep | Oct | Nov | Dec 
2014: Jan | Feb | Mar | Apr | May | Jun | Jul | Aug | Sep | Oct | Nov | Dec 
2013: Jan | Feb | Mar | Apr | May | Jun | Jul | Aug | Sep | Oct | Nov | Dec 
2012: Jan | Feb | Mar | Apr | May | Jun | Jul | Aug | Sep | Oct | Nov | Dec 
2011: Jan | Feb | Mar | Apr | May | Jun | Jul | Aug | Sep | Oct | Nov | Dec 
2010: Jan | Feb | Mar | Apr | May | Jun | Jul | Aug | Sep | Oct | Nov | Dec 
2009: Jan | Feb | Mar | Apr | May | Jun | Jul | Aug | Sep | Oct | Nov | Dec 
2008: Jan | Feb | Mar | Apr | May | Jun | Jul | Aug | Sep | Oct | Nov | Dec 
2007: Jan | Feb | Mar | Apr | May | Jun | Jul | Aug | Sep | Oct | Nov | Dec 

Report for 2012 04
MONTHLY CLIMATOLOGICAL SUMMARY for APR. 2012 NAME: VantagePro2 CITY: Urswick STATE: Cumbria ELEV: 128 ft LAT: 54 09' 33" N LONG: 3 07' 24" W TEMPERATURE (C), RAIN (mm), WIND SPEED (mph) HEAT COOL AVG MEAN DEG DEG WIND DOM DAY TEMP HIGH TIME LOW TIME DAYS DAYS RAIN SPEED HIGH TIME DIR ------------------------------------------------------------------------------------ 1 5.4 11.2 14:20 -1.6 4:20 12.9 0.0 0.0 0.9 13.0 18:10 NW 2 8.6 10.4 16:00 7.3 00:00 9.7 0.0 0.4 0.9 13.0 13:30 NW 3 5.8 10.6 14:00 1.9 21:20 12.5 0.0 7.0 3.7 21.0 23:20 NNE 4 4.7 9.1 15:10 0.7 23:40 13.6 0.0 0.0 5.5 22.0 10:00 NNE 5 3.6 10.2 13:10 -2.7 7:00 14.8 0.0 0.0 0.9 11.0 14:50 NW 6 7.4 9.4 15:40 3.5 2:00 10.8 0.0 1.0 1.7 16.0 20:00 NW 7 8.3 11.3 15:30 5.4 2:20 10.0 0.0 0.2 0.8 12.0 16:10 NW 8 8.7 10.3 10:20 7.7 23:50 9.6 0.0 1.4 2.1 14.0 10:20 NW 9 7.2 8.6 16:00 6.1 23:00 11.1 0.0 18.6 1.6 16.0 22:30 SSE 10 7.0 10.3 15:40 4.6 3:50 11.3 0.0 7.4 2.6 16.0 13:20 SSW 11 7.3 12.3 14:50 1.9 00:00 10.9 0.0 1.0 1.4 16.0 14:00 NW 12 7.1 12.1 14:00 1.2 0:30 11.3 0.0 0.2 0.8 14.0 16:40 NW 13 6.9 14.1 13:50 2.7 22:00 11.4 0.0 4.2 0.8 11.0 15:20 NE 14 5.0 11.1 15:40 -0.6 00:00 13.3 0.0 0.0 1.7 15.0 12:50 NNE 15 4.8 11.4 15:20 -0.9 23:20 13.5 0.0 0.0 1.4 13.0 18:40 NNE 16 5.1 11.7 14:10 -2.6 4:10 13.2 0.0 0.4 0.9 13.0 23:20 SSE 17 7.8 10.9 14:50 5.3 2:50 10.5 0.0 11.2 3.5 20.0 13:20 SSE 18 6.9 11.3 14:30 4.0 5:10 11.3 0.0 0.6 2.6 15.0 14:40 NNE 19 8.1 13.2 15:30 2.7 22:40 10.2 0.0 1.6 2.6 15.0 11:30 NNE 20 7.4 13.2 12:30 1.3 1:20 10.9 0.0 0.0 0.7 13.0 15:50 NW 21 8.0 12.6 15:00 1.1 6:30 10.3 0.0 0.0 1.1 15.0 12:20 NW 22 8.5 14.2 15:50 3.4 23:40 9.8 0.0 1.4 0.8 12.0 12:50 NW 23 7.2 12.8 14:10 1.3 00:00 11.1 0.0 1.4 1.2 11.0 17:40 NNE 24 5.7 13.4 14:50 -0.7 4:30 12.6 0.0 0.0 0.5 11.0 14:00 NW 25 6.9 9.4 12:50 3.4 0:10 11.4 0.0 5.2 4.0 17.0 14:10 NNE 26 8.8 12.7 12:50 6.8 2:30 9.5 0.0 5.4 3.4 16.0 14:00 NNE 27 8.6 13.1 17:40 4.9 00:00 9.7 0.0 0.0 1.7 13.0 0:50 NNE 28 7.1 12.2 16:40 2.9 4:40 11.3 0.0 0.0 2.8 13.0 8:30 NNE 29 5.3 7.7 10:30 3.1 4:50 13.0 0.0 5.0 5.1 19.0 14:20 NNE 30 11.3 16.9 14:30 6.1 6:10 7.0 0.0 0.0 3.3 16.0 13:40 NNE ------------------------------------------------------------------------------------- 7.0 16.9 30 -2.7 5 338.6 0.0 73.6 2.0 22.0 4 NNE Max >= 32.0: 0 Max <= 0.0: 0 Min <= 0.0: 6 Min <= -18.0: 0 Max Rain: 18.59 ON 09/04/12 Days of Rain: 19 (> .2 mm) 8 (> 2 mm) 0 (> 20 mm) Heat Base: 18.3 Cool Base: 18.3 Method: Integration