2020: Jan | Feb | Mar | Apr | May | Jun | Jul | Aug | Sep | Oct | Nov | Dec 
2019: Jan | Feb | Mar | Apr | May | Jun | Jul | Aug | Sep | Oct | Nov | Dec 
2018: Jan | Feb | Mar | Apr | May | Jun | Jul | Aug | Sep | Oct | Nov | Dec 
2017: Jan | Feb | Mar | Apr | May | Jun | Jul | Aug | Sep | Oct | Nov | Dec 
2016: Jan | Feb | Mar | Apr | May | Jun | Jul | Aug | Sep | Oct | Nov | Dec 
2015: Jan | Feb | Mar | Apr | May | Jun | Jul | Aug | Sep | Oct | Nov | Dec 
2014: Jan | Feb | Mar | Apr | May | Jun | Jul | Aug | Sep | Oct | Nov | Dec 
2013: Jan | Feb | Mar | Apr | May | Jun | Jul | Aug | Sep | Oct | Nov | Dec 
2012: Jan | Feb | Mar | Apr | May | Jun | Jul | Aug | Sep | Oct | Nov | Dec 
2011: Jan | Feb | Mar | Apr | May | Jun | Jul | Aug | Sep | Oct | Nov | Dec 
2010: Jan | Feb | Mar | Apr | May | Jun | Jul | Aug | Sep | Oct | Nov | Dec 
2009: Jan | Feb | Mar | Apr | May | Jun | Jul | Aug | Sep | Oct | Nov | Dec 
2008: Jan | Feb | Mar | Apr | May | Jun | Jul | Aug | Sep | Oct | Nov | Dec 
2007: Jan | Feb | Mar | Apr | May | Jun | Jul | Aug | Sep | Oct | Nov | Dec 

Report for 2012 05
MONTHLY CLIMATOLOGICAL SUMMARY for MAY. 2012 NAME: VantagePro2 CITY: Urswick STATE: Cumbria ELEV: 128 ft LAT: 54 09' 33" N LONG: 3 07' 24" W TEMPERATURE (C), RAIN (mm), WIND SPEED (mph) HEAT COOL AVG MEAN DEG DEG WIND DOM DAY TEMP HIGH TIME LOW TIME DAYS DAYS RAIN SPEED HIGH TIME DIR ------------------------------------------------------------------------------------ 1 10.4 13.2 14:30 8.9 00:00 7.9 0.0 0.0 3.5 17.0 7:20 NNE 2 12.1 17.7 16:00 8.4 5:30 6.2 0.0 0.0 1.7 10.0 16:30 NNE 3 9.8 15.0 14:00 5.0 5:10 8.5 0.0 0.0 1.1 9.0 12:50 NNE 4 7.4 12.4 14:40 1.8 00:00 10.9 0.0 0.0 1.4 12.0 13:50 NNE 5 5.4 12.3 17:00 -2.7 4:40 12.9 0.0 0.0 0.7 11.0 15:40 NW 6 7.1 13.5 14:30 1.7 3:50 11.2 0.0 0.0 0.4 9.0 16:40 SSE 7 7.4 11.1 11:10 1.3 1:10 10.9 0.0 6.6 1.1 11.0 12:30 SSW 8 9.7 13.0 17:00 5.8 22:30 8.6 0.0 0.2 1.5 13.0 15:50 SSE 9 9.8 15.9 14:40 4.2 5:10 8.5 0.0 8.4 0.4 8.0 23:20 NNE 10 9.6 12.6 16:20 7.8 5:20 8.7 0.0 43.0 3.0 18.0 18:00 NNE 11 8.4 12.2 16:50 5.5 00:00 9.8 0.0 0.6 4.2 22.0 17:50 NW 12 8.7 14.0 15:10 0.1 3:20 9.6 0.0 0.0 1.4 14.0 8:00 NW 13 9.6 12.6 15:10 7.6 5:20 8.7 0.0 5.2 4.8 24.0 15:40 SSE 14 8.6 12.5 13:40 4.3 22:40 9.7 0.0 5.0 3.0 23.0 0:40 SSW 15 8.1 12.6 16:00 3.8 23:50 10.2 0.0 4.0 3.5 20.0 13:00 NW 16 7.4 13.1 14:30 -0.1 5:30 10.9 0.0 0.0 1.1 12.0 15:00 NW 17 7.8 13.4 17:10 2.3 0:10 10.5 0.0 3.4 0.3 5.0 18:20 NNE 18 9.3 12.8 12:10 6.4 4:40 9.0 0.0 0.0 2.3 11.0 12:20 NNE 19 8.8 14.6 16:40 6.1 6:40 9.5 0.0 4.4 2.5 11.0 1:50 NNE 20 9.8 15.8 16:00 1.9 3:50 8.4 0.0 0.0 0.4 9.0 12:40 NW 21 11.2 17.8 16:50 3.2 3:50 7.1 0.0 0.0 0.7 10.0 13:50 NW 22 12.7 19.1 14:20 5.6 5:20 5.6 0.0 0.0 1.1 13.0 11:00 NW 23 12.2 17.3 11:30 6.6 3:30 6.1 0.0 0.0 1.0 13.0 14:00 NW 24 15.9 22.4 17:40 9.3 2:10 3.2 0.9 0.0 0.5 9.0 15:30 NW 25 20.1 26.3 14:20 12.8 2:30 1.1 2.9 0.0 2.2 14.0 22:30 ENE 26 19.4 25.2 16:10 13.4 2:50 1.4 2.5 0.0 3.2 16.0 13:10 NNW 27 19.1 25.7 14:30 11.3 3:20 1.9 2.7 0.0 1.9 12.0 17:00 NNW 28 16.8 25.4 13:00 9.7 4:10 2.8 1.3 0.0 0.9 13.0 15:40 SSE 29 13.4 19.0 14:50 6.7 4:20 4.9 0.0 0.0 0.5 10.0 16:00 SSE 30 14.2 20.7 16:30 6.9 2:40 4.3 0.2 0.0 0.2 10.0 18:30 SSE 31 13.6 15.8 19:30 12.6 21:20 4.7 0.0 5.6 0.6 10.0 16:10 SSE ------------------------------------------------------------------------------------- 11.1 26.3 25 -2.7 5 233.9 10.4 86.4 1.6 24.0 13 NNE Max >= 32.0: 0 Max <= 0.0: 0 Min <= 0.0: 2 Min <= -18.0: 0 Max Rain: 43.00 ON 10/05/12 Days of Rain: 11 (> .2 mm) 9 (> 2 mm) 1 (> 20 mm) Heat Base: 18.3 Cool Base: 18.3 Method: Integration