2020: Jan | Feb | Mar | Apr | May | Jun | Jul | Aug | Sep | Oct | Nov | Dec 
2019: Jan | Feb | Mar | Apr | May | Jun | Jul | Aug | Sep | Oct | Nov | Dec 
2018: Jan | Feb | Mar | Apr | May | Jun | Jul | Aug | Sep | Oct | Nov | Dec 
2017: Jan | Feb | Mar | Apr | May | Jun | Jul | Aug | Sep | Oct | Nov | Dec 
2016: Jan | Feb | Mar | Apr | May | Jun | Jul | Aug | Sep | Oct | Nov | Dec 
2015: Jan | Feb | Mar | Apr | May | Jun | Jul | Aug | Sep | Oct | Nov | Dec 
2014: Jan | Feb | Mar | Apr | May | Jun | Jul | Aug | Sep | Oct | Nov | Dec 
2013: Jan | Feb | Mar | Apr | May | Jun | Jul | Aug | Sep | Oct | Nov | Dec 
2012: Jan | Feb | Mar | Apr | May | Jun | Jul | Aug | Sep | Oct | Nov | Dec 
2011: Jan | Feb | Mar | Apr | May | Jun | Jul | Aug | Sep | Oct | Nov | Dec 
2010: Jan | Feb | Mar | Apr | May | Jun | Jul | Aug | Sep | Oct | Nov | Dec 
2009: Jan | Feb | Mar | Apr | May | Jun | Jul | Aug | Sep | Oct | Nov | Dec 
2008: Jan | Feb | Mar | Apr | May | Jun | Jul | Aug | Sep | Oct | Nov | Dec 
2007: Jan | Feb | Mar | Apr | May | Jun | Jul | Aug | Sep | Oct | Nov | Dec 

Report for 2012 06
MONTHLY CLIMATOLOGICAL SUMMARY for JUN. 2012 NAME: VantagePro2 CITY: Urswick STATE: Cumbria ELEV: 128 ft LAT: 54 09' 33" N LONG: 3 07' 24" W TEMPERATURE (C), RAIN (mm), WIND SPEED (mph) HEAT COOL AVG MEAN DEG DEG WIND DOM DAY TEMP HIGH TIME LOW TIME DAYS DAYS RAIN SPEED HIGH TIME DIR ------------------------------------------------------------------------------------ 1 15.0 20.1 14:00 7.9 23:20 3.5 0.2 0.0 0.5 10.0 17:10 NNW 2 12.7 19.9 12:00 6.9 5:00 5.7 0.1 0.0 1.6 12.0 14:00 NNW 3 8.9 10.3 15:30 7.5 00:00 9.4 0.0 12.6 2.4 11.0 8:00 NNW 4 10.2 16.1 15:00 2.3 5:20 8.1 0.0 0.0 0.8 12.0 17:30 NNW 5 9.6 14.1 15:30 2.2 1:50 8.8 0.0 6.6 0.4 10.0 12:40 SSE 6 13.1 17.9 17:00 6.9 00:00 5.2 0.0 7.0 1.5 13.0 13:30 SSE 7 12.3 14.3 15:50 6.9 0:40 5.9 0.0 23.8 1.1 10.0 22:40 NE 8 12.9 15.9 15:40 11.3 5:00 5.4 0.0 6.4 1.3 14.0 00:00 NNW 9 12.1 13.4 14:10 10.9 23:50 6.2 0.0 3.0 1.4 15.0 1:30 SSE 10 13.9 18.6 16:50 9.8 5:00 4.4 0.0 0.0 0.4 10.0 12:30 NNW 11 12.3 15.7 16:00 9.3 23:00 6.0 0.0 0.0 0.7 6.0 16:30 NNE 12 10.7 14.9 13:50 3.4 5:20 7.6 0.0 0.0 0.3 8.0 15:20 NNW 13 12.3 16.9 14:50 8.4 1:00 6.0 0.0 0.2 0.3 5.0 8:50 SSE 14 13.1 19.4 14:50 9.7 2:00 5.2 0.0 1.6 2.7 17.0 19:20 NE 15 11.8 15.4 15:40 8.8 2:40 6.5 0.0 25.8 2.1 19.0 0:30 SSE 16 12.3 14.0 17:10 11.3 5:10 6.0 0.0 21.0 2.3 17.0 23:30 SSE 17 11.7 15.2 18:40 6.6 00:00 6.6 0.0 0.2 1.2 13.0 1:20 SSE 18 12.3 18.9 19:20 5.1 5:00 6.0 0.0 0.0 0.3 9.0 13:40 SSE 19 13.4 18.1 16:20 6.2 23:50 4.9 0.0 0.0 0.9 13.0 10:10 SSE 20 14.1 22.2 16:30 3.9 5:00 4.9 0.7 0.0 0.7 9.0 23:10 NNW 21 12.7 14.7 0:10 9.9 8:50 5.6 0.0 10.4 1.3 12.0 2:30 NNW 22 11.4 12.1 9:40 10.7 16:40 6.8 0.0 53.4 3.2 28.0 15:20 SSE 23 12.4 14.8 12:00 10.5 1:40 5.9 0.0 12.4 5.0 26.0 16:00 SSE 24 12.9 16.8 17:50 10.2 5:00 5.4 0.0 3.4 1.2 17.0 14:20 SSE 25 12.9 17.8 17:10 6.5 23:40 5.4 0.0 0.0 0.9 16.0 3:10 NNW 26 13.3 20.2 12:10 5.2 2:10 5.1 0.2 3.2 0.7 10.0 20:30 SSE 27 15.2 19.8 18:10 12.9 22:50 3.2 0.1 6.8 1.2 17.0 9:50 SSE 28 15.7 19.7 15:40 12.6 1:40 2.7 0.0 26.4 1.4 18.0 19:30 SSE 29 15.4 18.8 15:00 12.9 0:10 2.9 0.0 2.4 3.9 25.0 12:40 SSE 30 14.3 17.3 13:00 12.0 00:00 4.0 0.0 3.2 4.0 20.0 9:20 SSE ------------------------------------------------------------------------------------- 12.7 22.2 20 2.2 5 169.5 1.3 229.8 1.5 28.0 22 SSE Max >= 32.0: 0 Max <= 0.0: 0 Min <= 0.0: 0 Min <= -18.0: 0 Max Rain: 53.39 ON 22/06/12 Days of Rain: 20 (> .2 mm) 17 (> 2 mm) 5 (> 20 mm) Heat Base: 18.3 Cool Base: 18.3 Method: Integration