2020: Jan | Feb | Mar | Apr | May | Jun | Jul | Aug | Sep | Oct | Nov | Dec 
2019: Jan | Feb | Mar | Apr | May | Jun | Jul | Aug | Sep | Oct | Nov | Dec 
2018: Jan | Feb | Mar | Apr | May | Jun | Jul | Aug | Sep | Oct | Nov | Dec 
2017: Jan | Feb | Mar | Apr | May | Jun | Jul | Aug | Sep | Oct | Nov | Dec 
2016: Jan | Feb | Mar | Apr | May | Jun | Jul | Aug | Sep | Oct | Nov | Dec 
2015: Jan | Feb | Mar | Apr | May | Jun | Jul | Aug | Sep | Oct | Nov | Dec 
2014: Jan | Feb | Mar | Apr | May | Jun | Jul | Aug | Sep | Oct | Nov | Dec 
2013: Jan | Feb | Mar | Apr | May | Jun | Jul | Aug | Sep | Oct | Nov | Dec 
2012: Jan | Feb | Mar | Apr | May | Jun | Jul | Aug | Sep | Oct | Nov | Dec 
2011: Jan | Feb | Mar | Apr | May | Jun | Jul | Aug | Sep | Oct | Nov | Dec 
2010: Jan | Feb | Mar | Apr | May | Jun | Jul | Aug | Sep | Oct | Nov | Dec 
2009: Jan | Feb | Mar | Apr | May | Jun | Jul | Aug | Sep | Oct | Nov | Dec 
2008: Jan | Feb | Mar | Apr | May | Jun | Jul | Aug | Sep | Oct | Nov | Dec 
2007: Jan | Feb | Mar | Apr | May | Jun | Jul | Aug | Sep | Oct | Nov | Dec 

Report for 2012 07
MONTHLY CLIMATOLOGICAL SUMMARY for JUL. 2012 NAME: VantagePro2 CITY: Urswick STATE: Cumbria ELEV: 128 ft LAT: 54 09' 33" N LONG: 3 07' 24" W TEMPERATURE (C), RAIN (mm), WIND SPEED (mph) HEAT COOL AVG MEAN DEG DEG WIND DOM DAY TEMP HIGH TIME LOW TIME DAYS DAYS RAIN SPEED HIGH TIME DIR ------------------------------------------------------------------------------------ 1 13.1 16.0 14:20 11.1 5:50 5.2 0.0 2.8 3.4 18.0 6:30 SSE 2 14.6 16.7 18:40 12.2 2:40 3.8 0.0 13.6 0.9 10.0 4:10 SSE 3 16.2 20.9 12:10 13.5 1:40 2.3 0.2 0.0 0.3 9.0 0:40 SSE 4 16.5 21.3 16:10 13.3 23:40 2.0 0.2 15.2 0.2 6.0 18:00 SSE 5 17.1 22.5 12:40 13.5 0:10 1.8 0.6 21.4 0.4 7.0 15:10 SSE 6 15.8 17.4 14:50 13.9 00:00 2.5 0.0 14.0 0.9 10.0 17:20 NNW 7 16.9 24.3 16:30 11.7 5:20 2.4 1.0 0.2 0.4 6.0 12:40 NE 8 15.5 19.9 16:10 11.7 4:40 2.9 0.1 0.0 0.5 10.0 15:50 NNW 9 16.1 20.3 17:20 13.2 6:10 2.4 0.2 0.6 0.2 6.0 17:10 NNE 10 13.6 16.2 10:40 12.1 23:40 4.7 0.0 1.4 0.7 11.0 17:30 SSE 11 13.1 16.4 17:30 8.3 00:00 5.2 0.0 1.0 1.5 15.0 12:10 NW 12 12.7 18.9 17:00 4.6 4:00 5.6 0.0 0.2 0.4 9.0 13:30 SSE 13 12.8 16.8 11:20 9.2 0:40 5.4 0.0 0.6 0.9 7.0 8:00 NNW 14 12.4 18.3 13:30 5.7 4:50 5.9 0.0 0.2 0.6 12.0 17:40 SSE 15 13.4 17.4 15:30 8.9 4:00 4.9 0.0 0.0 1.9 16.0 17:00 SSE 16 14.2 17.1 18:50 12.2 4:20 4.1 0.0 15.4 1.1 13.0 9:00 SSE 17 14.8 16.8 12:10 13.6 6:40 3.4 0.0 23.2 0.7 12.0 23:10 SSE 18 15.3 18.5 14:50 13.1 00:00 3.0 0.0 11.0 3.2 19.0 5:50 SSE 19 13.3 16.1 10:40 11.1 6:40 4.9 0.0 2.0 0.4 11.0 1:40 NNW 20 12.6 19.1 16:50 8.1 00:00 5.7 0.0 1.6 0.2 5.0 18:00 NNW 21 12.6 17.8 16:10 4.9 5:20 5.7 0.0 0.0 0.3 9.0 12:00 SSE 22 15.9 19.6 14:50 11.4 0:10 2.5 0.1 0.2 4.0 22.0 17:20 SSE 23 17.0 18.7 17:00 15.4 1:50 1.3 0.0 0.2 3.0 18.0 12:20 SSE 24 15.9 16.8 0:10 15.4 00:00 2.3 0.0 8.2 0.7 12.0 0:40 SSE 25 17.3 20.7 12:30 15.1 1:20 1.4 0.4 0.6 0.1 4.0 13:50 NNW 26 16.8 22.0 17:00 12.7 23:00 2.0 0.5 0.6 0.2 5.0 18:50 NNW 27 13.9 18.6 15:00 8.6 5:20 4.4 0.0 0.0 0.8 13.0 14:30 NNW 28 13.2 16.7 15:10 9.6 4:00 5.1 0.0 2.6 2.1 17.0 19:00 SSE 29 12.8 15.8 16:40 10.6 3:40 5.5 0.0 10.8 1.0 12.0 16:20 SSE 30 12.7 16.9 15:10 6.8 23:50 5.6 0.0 1.4 1.0 12.0 12:30 SSE 31 12.9 18.3 12:30 5.7 1:50 5.4 0.0 8.8 0.2 5.0 11:10 SSE ------------------------------------------------------------------------------------- 14.6 24.3 7 4.6 12 119.6 3.4 157.8 1.0 22.0 22 SSE Max >= 32.0: 0 Max <= 0.0: 0 Min <= 0.0: 0 Min <= -18.0: 0 Max Rain: 23.19 ON 17/07/12 Days of Rain: 26 (> .2 mm) 13 (> 2 mm) 2 (> 20 mm) Heat Base: 18.3 Cool Base: 18.3 Method: Integration