2020: Jan | Feb | Mar | Apr | May | Jun | Jul | Aug | Sep | Oct | Nov | Dec 
2019: Jan | Feb | Mar | Apr | May | Jun | Jul | Aug | Sep | Oct | Nov | Dec 
2018: Jan | Feb | Mar | Apr | May | Jun | Jul | Aug | Sep | Oct | Nov | Dec 
2017: Jan | Feb | Mar | Apr | May | Jun | Jul | Aug | Sep | Oct | Nov | Dec 
2016: Jan | Feb | Mar | Apr | May | Jun | Jul | Aug | Sep | Oct | Nov | Dec 
2015: Jan | Feb | Mar | Apr | May | Jun | Jul | Aug | Sep | Oct | Nov | Dec 
2014: Jan | Feb | Mar | Apr | May | Jun | Jul | Aug | Sep | Oct | Nov | Dec 
2013: Jan | Feb | Mar | Apr | May | Jun | Jul | Aug | Sep | Oct | Nov | Dec 
2012: Jan | Feb | Mar | Apr | May | Jun | Jul | Aug | Sep | Oct | Nov | Dec 
2011: Jan | Feb | Mar | Apr | May | Jun | Jul | Aug | Sep | Oct | Nov | Dec 
2010: Jan | Feb | Mar | Apr | May | Jun | Jul | Aug | Sep | Oct | Nov | Dec 
2009: Jan | Feb | Mar | Apr | May | Jun | Jul | Aug | Sep | Oct | Nov | Dec 
2008: Jan | Feb | Mar | Apr | May | Jun | Jul | Aug | Sep | Oct | Nov | Dec 
2007: Jan | Feb | Mar | Apr | May | Jun | Jul | Aug | Sep | Oct | Nov | Dec 

Report for 2012 08
MONTHLY CLIMATOLOGICAL SUMMARY for AUG. 2012 NAME: VantagePro2 CITY: Urswick STATE: Cumbria ELEV: 128 ft LAT: 54 09' 33" N LONG: 3 07' 24" W TEMPERATURE (C), RAIN (mm), WIND SPEED (mph) HEAT COOL AVG MEAN DEG DEG WIND DOM DAY TEMP HIGH TIME LOW TIME DAYS DAYS RAIN SPEED HIGH TIME DIR ------------------------------------------------------------------------------------ 1 16.2 19.3 18:00 14.1 00:00 2.1 0.0 3.0 1.5 14.0 17:10 SSE 2 16.0 20.6 17:00 10.7 23:10 2.6 0.3 0.0 0.8 11.0 9:00 SSE 3 15.4 21.2 15:50 9.1 1:30 3.3 0.4 0.2 0.3 9.0 12:30 SSE 4 17.1 23.5 14:20 12.2 00:00 2.1 0.9 0.0 0.1 5.0 17:40 SSE 5 14.6 19.9 15:40 10.7 2:30 3.8 0.1 0.0 0.1 5.0 14:20 NNW 6 14.3 18.1 15:10 11.6 0:10 4.0 0.0 3.4 0.6 12.0 12:40 NNW 7 14.7 18.7 14:20 9.2 23:50 3.6 0.0 0.4 0.4 9.0 15:40 S 8 13.9 20.9 15:10 7.1 3:10 4.7 0.3 0.0 0.3 8.0 19:00 NNW 9 14.6 20.9 15:00 8.3 4:50 4.0 0.4 0.0 0.4 9.0 15:40 NNW 10 17.7 24.4 12:50 10.9 3:20 2.3 1.6 0.0 0.3 6.0 14:00 NNW 11 17.0 22.4 14:00 11.9 5:40 2.1 0.8 0.0 1.3 12.0 21:20 NE 12 17.2 22.0 13:00 13.7 5:10 1.6 0.5 0.2 1.4 12.0 9:50 NE 13 17.9 21.7 16:40 14.9 3:40 1.2 0.8 3.0 0.9 12.0 20:50 SSE 14 18.2 23.6 15:10 14.6 22:20 1.4 1.2 0.2 0.5 10.0 11:30 SSE 15 17.3 22.4 11:40 15.0 16:50 1.6 0.5 19.4 1.5 15.0 16:20 NE 16 17.3 22.1 15:10 13.9 6:30 1.7 0.7 0.6 1.5 13.0 12:40 SSE 17 17.3 19.1 12:50 15.5 2:20 1.0 0.1 24.6 1.6 14.0 12:00 SSE 18 17.0 19.6 15:00 11.6 23:50 1.5 0.1 15.6 1.0 13.0 10:20 SSE 19 14.4 17.9 14:00 9.9 23:50 3.9 0.0 3.2 0.0 4.0 18:10 SSE 20 15.7 20.8 13:50 9.6 0:30 2.9 0.3 1.6 1.0 14.0 14:50 SSE 21 16.3 19.8 12:50 14.2 0:40 2.1 0.2 2.0 1.6 17.0 17:40 SSE 22 15.6 18.3 16:50 14.0 5:50 2.7 0.0 0.0 2.5 18.0 13:40 SSE 23 14.9 17.9 13:00 12.1 00:00 3.4 0.0 0.4 1.2 13.0 12:10 SSE 24 15.1 21.4 15:00 11.7 3:10 3.5 0.3 2.8 0.1 4.0 15:00 SSE 25 14.1 16.8 13:20 12.4 23:50 4.2 0.0 46.8 0.1 5.0 17:00 NNW 26 13.6 18.6 13:10 9.8 23:20 4.7 0.0 1.6 0.1 9.0 14:50 SSE 27 14.4 16.0 16:10 11.4 0:50 3.9 0.0 12.4 2.4 17.0 16:30 SSE 28 14.6 17.6 13:20 10.1 23:20 3.7 0.0 0.0 2.5 18.0 15:40 SSE 29 14.4 17.7 12:40 11.1 0:10 3.8 0.0 7.4 1.3 13.0 11:20 SSE 30 12.1 16.1 13:40 5.2 23:40 6.2 0.0 8.4 0.7 11.0 13:40 NNE 31 9.7 15.0 13:10 2.9 6:40 8.6 0.0 3.2 0.4 6.0 13:40 SSE ------------------------------------------------------------------------------------- 15.4 24.4 10 2.9 31 98.2 9.6 160.5 0.9 18.0 22 SSE Max >= 32.0: 0 Max <= 0.0: 0 Min <= 0.0: 0 Min <= -18.0: 0 Max Rain: 46.81 ON 25/08/12 Days of Rain: 22 (> .2 mm) 14 (> 2 mm) 2 (> 20 mm) Heat Base: 18.3 Cool Base: 18.3 Method: Integration