2020: Jan | Feb | Mar | Apr | May | Jun | Jul | Aug | Sep | Oct | Nov | Dec 
2019: Jan | Feb | Mar | Apr | May | Jun | Jul | Aug | Sep | Oct | Nov | Dec 
2018: Jan | Feb | Mar | Apr | May | Jun | Jul | Aug | Sep | Oct | Nov | Dec 
2017: Jan | Feb | Mar | Apr | May | Jun | Jul | Aug | Sep | Oct | Nov | Dec 
2016: Jan | Feb | Mar | Apr | May | Jun | Jul | Aug | Sep | Oct | Nov | Dec 
2015: Jan | Feb | Mar | Apr | May | Jun | Jul | Aug | Sep | Oct | Nov | Dec 
2014: Jan | Feb | Mar | Apr | May | Jun | Jul | Aug | Sep | Oct | Nov | Dec 
2013: Jan | Feb | Mar | Apr | May | Jun | Jul | Aug | Sep | Oct | Nov | Dec 
2012: Jan | Feb | Mar | Apr | May | Jun | Jul | Aug | Sep | Oct | Nov | Dec 
2011: Jan | Feb | Mar | Apr | May | Jun | Jul | Aug | Sep | Oct | Nov | Dec 
2010: Jan | Feb | Mar | Apr | May | Jun | Jul | Aug | Sep | Oct | Nov | Dec 
2009: Jan | Feb | Mar | Apr | May | Jun | Jul | Aug | Sep | Oct | Nov | Dec 
2008: Jan | Feb | Mar | Apr | May | Jun | Jul | Aug | Sep | Oct | Nov | Dec 
2007: Jan | Feb | Mar | Apr | May | Jun | Jul | Aug | Sep | Oct | Nov | Dec 

Report for 2012 09
MONTHLY CLIMATOLOGICAL SUMMARY for SEP. 2012 NAME: VantagePro2 CITY: Urswick STATE: Cumbria ELEV: 128 ft LAT: 54 09' 33" N LONG: 3 07' 24" W TEMPERATURE (C), RAIN (mm), WIND SPEED (mph) HEAT COOL AVG MEAN DEG DEG WIND DOM DAY TEMP HIGH TIME LOW TIME DAYS DAYS RAIN SPEED HIGH TIME DIR ------------------------------------------------------------------------------------ 1 15.3 17.1 14:10 14.2 6:30 3.0 0.0 1.4 2.1 13.0 13:00 SSE 2 15.7 19.4 14:10 11.0 00:00 2.7 0.1 0.6 0.9 14.0 15:00 S 3 15.0 19.7 14:30 9.9 6:30 3.4 0.1 0.0 0.7 10.0 11:50 SSE 4 14.9 16.8 15:20 11.6 00:00 3.4 0.0 0.8 2.2 19.0 2:20 NNW 5 13.3 17.6 13:40 7.3 00:00 5.0 0.0 0.0 1.6 12.0 7:00 NNW 6 12.1 17.5 14:00 5.3 3:30 6.2 0.0 9.8 1.9 21.0 14:20 SSE 7 14.9 15.9 15:00 13.9 20:10 3.4 0.0 9.0 0.9 11.0 6:10 S 8 14.8 19.9 14:40 8.9 23:00 3.6 0.1 0.0 0.3 6.0 10:00 SSE 9 14.7 20.0 12:50 7.8 7:20 3.7 0.1 1.2 1.2 22.0 22:00 SSE 10 14.6 16.4 11:10 9.7 00:00 3.7 0.0 6.0 2.7 20.0 1:00 SSE 11 10.8 14.5 14:00 8.2 3:50 7.5 0.0 6.0 1.3 19.0 15:40 SSW 12 11.4 14.9 14:50 6.2 23:40 6.9 0.0 12.2 2.2 18.0 15:40 S 13 11.3 15.3 23:20 4.5 3:10 7.0 0.0 0.2 2.6 23.0 23:00 SSE 14 13.3 15.1 0:10 11.9 5:30 5.0 0.0 3.6 3.4 21.0 0:10 S 15 13.4 15.3 14:10 11.5 6:10 4.9 0.0 0.0 1.4 15.0 22:30 SSE 16 13.2 15.2 16:10 10.3 23:20 5.2 0.0 17.2 2.2 21.0 12:50 SSE 17 12.2 15.4 13:50 9.5 00:00 6.1 0.0 3.6 3.0 21.0 14:30 S 18 10.0 12.0 12:40 7.9 8:20 8.3 0.0 3.2 2.7 19.0 17:10 NNW 19 9.8 13.1 13:40 7.2 21:40 8.5 0.0 8.8 1.1 17.0 1:30 NNW 20 11.8 14.9 16:20 8.6 3:10 6.5 0.0 26.2 1.4 17.0 20:30 SSE 21 9.2 13.7 14:20 1.8 00:00 9.1 0.0 1.2 0.7 10.0 0:40 NNW 22 5.7 13.9 13:50 -0.1 3:10 12.7 0.0 0.2 0.0 4.0 12:50 SSE 23 8.2 12.7 16:40 2.8 7:00 10.1 0.0 2.4 1.0 11.0 13:20 NNW 24 9.7 10.7 14:10 8.1 2:40 8.6 0.0 39.2 1.5 9.0 5:50 NNW 25 9.6 10.6 16:50 8.5 23:10 8.7 0.0 45.6 0.5 10.0 21:00 NNW 26 11.2 16.1 13:00 6.0 00:00 7.1 0.0 4.4 1.4 11.0 13:10 NNW 27 10.0 13.2 12:40 4.9 1:30 8.3 0.0 1.0 0.8 14.0 14:50 SSE 28 12.0 14.8 14:40 9.2 20:40 6.3 0.0 7.8 2.2 16.0 3:20 S 29 11.2 13.8 14:30 9.4 1:20 7.1 0.0 0.0 2.1 17.0 11:30 SSE 30 13.1 14.4 14:40 11.9 20:00 5.2 0.0 15.6 5.0 27.0 5:50 SSE ------------------------------------------------------------------------------------- 12.1 20.0 9 -0.1 22 187.3 0.4 227.1 1.7 27.0 30 SSE Max >= 32.0: 0 Max <= 0.0: 0 Min <= 0.0: 1 Min <= -18.0: 0 Max Rain: 45.59 ON 25/09/12 Days of Rain: 25 (> .2 mm) 17 (> 2 mm) 3 (> 20 mm) Heat Base: 18.3 Cool Base: 18.3 Method: Integration