2020: Jan | Feb | Mar | Apr | May | Jun | Jul | Aug | Sep | Oct | Nov | Dec 
2019: Jan | Feb | Mar | Apr | May | Jun | Jul | Aug | Sep | Oct | Nov | Dec 
2018: Jan | Feb | Mar | Apr | May | Jun | Jul | Aug | Sep | Oct | Nov | Dec 
2017: Jan | Feb | Mar | Apr | May | Jun | Jul | Aug | Sep | Oct | Nov | Dec 
2016: Jan | Feb | Mar | Apr | May | Jun | Jul | Aug | Sep | Oct | Nov | Dec 
2015: Jan | Feb | Mar | Apr | May | Jun | Jul | Aug | Sep | Oct | Nov | Dec 
2014: Jan | Feb | Mar | Apr | May | Jun | Jul | Aug | Sep | Oct | Nov | Dec 
2013: Jan | Feb | Mar | Apr | May | Jun | Jul | Aug | Sep | Oct | Nov | Dec 
2012: Jan | Feb | Mar | Apr | May | Jun | Jul | Aug | Sep | Oct | Nov | Dec 
2011: Jan | Feb | Mar | Apr | May | Jun | Jul | Aug | Sep | Oct | Nov | Dec 
2010: Jan | Feb | Mar | Apr | May | Jun | Jul | Aug | Sep | Oct | Nov | Dec 
2009: Jan | Feb | Mar | Apr | May | Jun | Jul | Aug | Sep | Oct | Nov | Dec 
2008: Jan | Feb | Mar | Apr | May | Jun | Jul | Aug | Sep | Oct | Nov | Dec 
2007: Jan | Feb | Mar | Apr | May | Jun | Jul | Aug | Sep | Oct | Nov | Dec 

Report for 2012 10
MONTHLY CLIMATOLOGICAL SUMMARY for OCT. 2012 NAME: VantagePro2 CITY: Urswick STATE: Cumbria ELEV: 128 ft LAT: 54 09' 33" N LONG: 3 07' 24" W TEMPERATURE (C), RAIN (mm), WIND SPEED (mph) HEAT COOL AVG MEAN DEG DEG WIND DOM DAY TEMP HIGH TIME LOW TIME DAYS DAYS RAIN SPEED HIGH TIME DIR ------------------------------------------------------------------------------------ 1 12.6 15.2 13:20 10.2 20:40 5.8 0.0 3.0 2.9 21.0 18:50 SSE 2 11.5 14.2 15:30 9.8 20:20 6.8 0.0 29.8 2.9 20.0 13:40 SSE 3 9.2 11.9 11:00 4.2 23:50 9.1 0.0 6.8 2.2 23.0 13:50 S 4 8.2 12.8 14:50 3.4 2:20 10.1 0.0 7.4 0.7 17.0 20:40 SSE 5 9.8 12.3 12:50 6.9 00:00 8.5 0.0 8.0 1.1 13.0 1:10 S 6 7.7 13.3 14:50 1.8 5:30 10.6 0.0 1.4 0.3 11.0 14:20 NNW 7 5.3 12.8 14:40 -0.2 7:20 13.0 0.0 0.2 0.0 6.0 14:40 SSE 8 7.8 13.5 15:00 3.8 3:10 10.5 0.0 0.0 0.1 4.0 11:30 NNW 9 6.6 12.8 15:00 3.3 7:40 11.7 0.0 0.2 0.0 2.0 12:50 NE 10 8.2 11.4 15:10 3.8 6:10 10.1 0.0 1.4 0.1 5.0 13:10 SSE 11 9.9 11.2 21:50 8.8 4:30 8.4 0.0 28.2 0.7 6.0 11:40 NNW 12 9.8 12.2 14:40 3.5 23:40 8.5 0.0 6.4 2.2 16.0 6:50 SSW 13 6.3 11.3 13:50 1.3 22:50 12.0 0.0 5.4 0.1 11.0 14:20 SSE 14 5.3 10.7 14:10 0.2 6:00 13.0 0.0 0.2 0.0 3.0 1:30 NNW 15 6.7 10.8 13:50 3.7 5:10 11.6 0.0 5.0 0.1 6.0 13:50 SSE 16 7.4 9.4 8:40 3.4 20:20 10.9 0.0 11.0 2.0 25.0 6:50 NNW 17 9.4 14.4 14:10 5.1 0:10 8.9 0.0 9.6 1.4 15.0 14:20 SSE 18 10.9 15.0 14:50 7.2 00:00 7.4 0.0 0.8 0.6 10.0 10:40 SSE 19 9.9 14.1 15:00 6.8 1:50 8.4 0.0 1.6 0.0 4.0 12:40 SSE 20 10.3 13.8 13:50 6.1 22:40 8.0 0.0 1.0 0.4 7.0 11:20 SSE 21 7.9 14.7 15:00 2.8 7:40 10.4 0.0 0.2 0.0 3.0 19:10 NE 22 10.1 12.9 14:10 5.9 0:10 8.2 0.0 0.8 0.6 5.0 13:20 NNE 23 12.7 15.2 14:00 10.7 0:10 5.6 0.0 0.0 0.2 4.0 20:30 NE 24 12.1 14.2 13:50 9.8 22:10 6.2 0.0 0.0 0.8 6.0 15:40 NNE 25 8.3 11.4 13:20 4.6 00:00 10.0 0.0 0.0 0.8 9.0 20:50 NNW 26 3.0 6.3 15:00 -0.2 20:00 15.3 0.0 0.0 0.9 11.0 15:50 NNE 27 3.5 7.6 13:40 -2.0 8:50 14.8 0.0 3.0 1.1 12.0 11:50 NNW 28 8.7 9.4 8:50 5.9 0:10 9.7 0.0 28.4 2.3 17.0 12:20 S 29 7.0 10.2 13:50 2.1 00:00 11.3 0.0 1.4 0.3 10.0 0:20 NNW 30 7.2 9.7 11:40 1.2 0:50 11.1 0.0 2.8 2.0 19.0 21:00 S 31 7.9 9.5 6:50 5.2 19:20 10.4 0.0 16.4 3.1 18.0 2:20 SSE ------------------------------------------------------------------------------------- 8.4 15.2 1 -2.0 27 306.2 0.0 180.4 1.0 25.0 16 SSE Max >= 32.0: 0 Max <= 0.0: 0 Min <= 0.0: 3 Min <= -18.0: 0 Max Rain: 29.79 ON 02/10/12 Days of Rain: 26 (> .2 mm) 15 (> 2 mm) 3 (> 20 mm) Heat Base: 18.3 Cool Base: 18.3 Method: Integration