2020: Jan | Feb | Mar | Apr | May | Jun | Jul | Aug | Sep | Oct | Nov | Dec 
2019: Jan | Feb | Mar | Apr | May | Jun | Jul | Aug | Sep | Oct | Nov | Dec 
2018: Jan | Feb | Mar | Apr | May | Jun | Jul | Aug | Sep | Oct | Nov | Dec 
2017: Jan | Feb | Mar | Apr | May | Jun | Jul | Aug | Sep | Oct | Nov | Dec 
2016: Jan | Feb | Mar | Apr | May | Jun | Jul | Aug | Sep | Oct | Nov | Dec 
2015: Jan | Feb | Mar | Apr | May | Jun | Jul | Aug | Sep | Oct | Nov | Dec 
2014: Jan | Feb | Mar | Apr | May | Jun | Jul | Aug | Sep | Oct | Nov | Dec 
2013: Jan | Feb | Mar | Apr | May | Jun | Jul | Aug | Sep | Oct | Nov | Dec 
2012: Jan | Feb | Mar | Apr | May | Jun | Jul | Aug | Sep | Oct | Nov | Dec 
2011: Jan | Feb | Mar | Apr | May | Jun | Jul | Aug | Sep | Oct | Nov | Dec 
2010: Jan | Feb | Mar | Apr | May | Jun | Jul | Aug | Sep | Oct | Nov | Dec 
2009: Jan | Feb | Mar | Apr | May | Jun | Jul | Aug | Sep | Oct | Nov | Dec 
2008: Jan | Feb | Mar | Apr | May | Jun | Jul | Aug | Sep | Oct | Nov | Dec 
2007: Jan | Feb | Mar | Apr | May | Jun | Jul | Aug | Sep | Oct | Nov | Dec 

Report for 2012 11
MONTHLY CLIMATOLOGICAL SUMMARY for NOV. 2012 NAME: VantagePro2 CITY: Urswick STATE: Cumbria ELEV: 128 ft LAT: 54 09' 33" N LONG: 3 07' 24" W TEMPERATURE (C), RAIN (mm), WIND SPEED (mph) HEAT COOL AVG MEAN DEG DEG WIND DOM DAY TEMP HIGH TIME LOW TIME DAYS DAYS RAIN SPEED HIGH TIME DIR ------------------------------------------------------------------------------------ 1 5.4 7.9 13:30 1.7 8:20 12.9 0.0 5.6 0.8 18.0 19:30 SSE 2 6.7 9.5 10:40 2.1 20:30 11.6 0.0 6.2 2.6 23.0 12:10 S 3 4.9 7.6 13:10 3.1 2:20 13.4 0.0 18.2 1.2 15.0 18:30 SSE 4 3.7 6.8 13:10 0.9 8:20 14.7 0.0 0.2 0.7 15.0 0:40 NNE 5 1.8 7.6 14:20 -2.6 6:00 16.5 0.0 0.2 0.1 6.0 15:40 SSE 6 6.9 9.8 14:50 -1.4 0:10 11.4 0.0 1.4 1.2 17.0 16:30 NNW 7 9.7 10.8 20:20 8.8 1:30 8.6 0.0 0.8 2.9 22.0 15:00 S 8 9.3 10.7 11:20 8.1 20:20 9.0 0.0 0.0 1.3 17.0 5:00 S 9 8.7 9.8 5:50 5.6 23:10 9.6 0.0 12.6 2.1 18.0 5:40 SSE 10 5.6 9.5 13:20 1.1 7:50 12.7 0.0 8.4 0.4 15.0 9:40 SSE 11 5.4 9.4 12:50 1.1 3:30 12.9 0.0 4.4 0.3 10.0 12:10 NNW 12 8.6 11.5 21:40 5.9 2:30 9.7 0.0 11.6 1.2 14.0 17:10 SSE 13 11.3 11.9 12:10 10.3 3:40 7.0 0.0 2.0 2.1 17.0 12:10 SSE 14 10.2 12.8 11:40 8.7 20:00 8.1 0.0 0.0 0.6 13.0 15:40 SSE 15 8.6 10.9 13:40 5.5 18:40 9.8 0.0 0.0 0.3 7.0 10:50 SSE 16 6.9 7.6 14:00 6.4 1:00 11.4 0.0 6.0 0.7 9.0 10:50 SSE 17 6.6 9.1 13:30 4.0 23:20 11.7 0.0 3.4 0.5 12.0 19:30 S 18 6.0 8.7 12:00 2.4 8:40 12.3 0.0 5.6 0.7 12.0 12:40 SSE 19 8.3 10.5 20:50 5.7 0:10 10.0 0.0 6.4 2.8 20.0 20:00 S 20 10.2 12.1 13:00 8.1 2:50 8.1 0.0 5.4 2.0 20.0 14:00 SSE 21 7.3 9.3 0:10 5.3 17:10 11.0 0.0 0.2 0.1 6.0 15:10 SSE 22 8.3 10.1 11:10 6.3 0:50 10.0 0.0 45.2 3.3 21.0 17:10 SSW 23 7.3 9.3 12:20 3.4 00:00 11.0 0.0 1.0 1.7 14.0 11:00 S 24 3.3 5.7 17:30 -0.3 8:40 15.0 0.0 7.8 0.5 6.0 14:50 NNW 25 5.2 6.9 11:50 2.7 17:30 13.1 0.0 12.2 1.4 20.0 10:10 NNW 26 5.7 6.9 13:20 4.3 1:40 12.6 0.0 12.8 3.6 19.0 11:50 NNE 27 5.9 8.4 13:30 2.4 18:10 12.4 0.0 0.0 2.8 16.0 4:10 NNE 28 1.7 5.3 13:50 -3.1 23:50 16.6 0.0 0.0 1.1 11.0 7:10 NNE 29 -1.8 3.9 13:10 -4.9 7:00 20.1 0.0 0.2 0.0 3.0 1:00 S 30 -2.0 2.1 13:40 -4.9 7:50 20.3 0.0 0.0 0.0 1.0 1:10 ESE ------------------------------------------------------------------------------------- 6.2 12.8 14 -4.9 29 363.5 0.0 177.8 1.3 23.0 2 SSE Max >= 32.0: 0 Max <= 0.0: 0 Min <= 0.0: 6 Min <= -18.0: 0 Max Rain: 45.21 ON 22/11/12 Days of Rain: 24 (> .2 mm) 17 (> 2 mm) 1 (> 20 mm) Heat Base: 18.3 Cool Base: 18.3 Method: Integration