2020: Jan | Feb | Mar | Apr | May | Jun | Jul | Aug | Sep | Oct | Nov | Dec 
2019: Jan | Feb | Mar | Apr | May | Jun | Jul | Aug | Sep | Oct | Nov | Dec 
2018: Jan | Feb | Mar | Apr | May | Jun | Jul | Aug | Sep | Oct | Nov | Dec 
2017: Jan | Feb | Mar | Apr | May | Jun | Jul | Aug | Sep | Oct | Nov | Dec 
2016: Jan | Feb | Mar | Apr | May | Jun | Jul | Aug | Sep | Oct | Nov | Dec 
2015: Jan | Feb | Mar | Apr | May | Jun | Jul | Aug | Sep | Oct | Nov | Dec 
2014: Jan | Feb | Mar | Apr | May | Jun | Jul | Aug | Sep | Oct | Nov | Dec 
2013: Jan | Feb | Mar | Apr | May | Jun | Jul | Aug | Sep | Oct | Nov | Dec 
2012: Jan | Feb | Mar | Apr | May | Jun | Jul | Aug | Sep | Oct | Nov | Dec 
2011: Jan | Feb | Mar | Apr | May | Jun | Jul | Aug | Sep | Oct | Nov | Dec 
2010: Jan | Feb | Mar | Apr | May | Jun | Jul | Aug | Sep | Oct | Nov | Dec 
2009: Jan | Feb | Mar | Apr | May | Jun | Jul | Aug | Sep | Oct | Nov | Dec 
2008: Jan | Feb | Mar | Apr | May | Jun | Jul | Aug | Sep | Oct | Nov | Dec 
2007: Jan | Feb | Mar | Apr | May | Jun | Jul | Aug | Sep | Oct | Nov | Dec 

Report for 2012 12
MONTHLY CLIMATOLOGICAL SUMMARY for DEC. 2012 NAME: VantagePro2 CITY: Urswick STATE: Cumbria ELEV: 128 ft LAT: 54 09' 33" N LONG: 3 07' 24" W TEMPERATURE (C), RAIN (mm), WIND SPEED (mph) HEAT COOL AVG MEAN DEG DEG WIND DOM DAY TEMP HIGH TIME LOW TIME DAYS DAYS RAIN SPEED HIGH TIME DIR ------------------------------------------------------------------------------------ 1 1.0 5.9 4:40 -4.1 21:10 17.3 0.0 2.0 1.1 14.0 5:40 NW 2 -1.3 1.3 23:40 -4.9 3:00 19.6 0.0 0.0 0.0 3.0 21:40 NNE 3 4.4 7.3 12:30 1.1 0:30 13.9 0.0 9.0 1.5 19.0 12:30 NW 4 4.0 6.3 13:30 0.7 23:30 14.3 0.0 14.0 2.3 17.0 0:30 NW 5 -0.6 3.4 13:20 -4.9 00:00 18.9 0.0 0.0 0.3 9.0 14:30 NW 6 2.3 6.3 17:50 -5.3 1:40 16.0 0.0 13.4 4.0 30.0 16:30 SSE 7 4.2 6.5 13:10 -0.2 00:00 14.1 0.0 0.2 3.9 21.0 2:30 NNW 8 3.1 8.1 20:10 -3.3 8:20 15.2 0.0 2.2 0.7 11.0 16:30 SSW 9 6.4 8.3 12:40 1.0 23:30 11.9 0.0 0.2 4.1 22.0 13:10 NW 10 1.4 5.8 13:50 -3.1 22:50 16.9 0.0 0.0 0.8 12.0 11:20 NNE 11 -2.6 3.8 13:50 -4.7 8:40 20.8 0.0 0.0 0.0 2.0 6:40 NNW 12 -0.4 2.0 23:10 -1.6 0:10 18.7 0.0 0.0 0.1 7.0 23:30 NE 13 -0.3 1.9 0:10 -2.3 18:40 18.7 0.0 0.2 0.8 7.0 13:20 NNW 14 2.6 6.8 22:50 -0.7 1:00 15.8 0.0 18.6 2.7 21.0 23:20 NNW 15 7.4 9.1 12:40 5.5 23:40 10.9 0.0 1.2 2.6 16.0 12:30 SSE 16 5.6 7.5 12:30 3.6 8:20 12.8 0.0 2.4 0.4 7.0 11:50 SSW 17 5.3 7.3 13:00 2.6 00:00 13.0 0.0 6.4 0.3 6.0 3:10 SSE 18 4.0 8.3 14:00 0.9 2:30 14.3 0.0 0.2 0.1 5.0 22:10 NNE 19 5.5 6.0 2:20 5.2 8:40 12.8 0.0 7.2 1.3 11.0 10:30 E 20 5.4 5.7 13:20 5.1 8:40 12.9 0.0 39.4 3.5 16.0 12:10 NE 21 5.4 6.7 11:30 3.8 16:40 12.8 0.0 2.0 0.4 7.0 5:20 NW 22 6.7 9.3 00:00 4.5 1:10 11.6 0.0 38.0 0.8 9.0 6:00 NE 23 8.7 10.5 1:30 7.5 16:40 9.6 0.0 0.8 4.3 26.0 4:30 S 24 6.4 7.8 0:10 5.2 6:40 11.9 0.0 8.4 0.7 10.0 0:10 SSE 25 5.9 7.4 12:10 3.4 2:20 12.4 0.0 7.2 0.7 10.0 13:40 SSW 26 6.8 7.8 12:00 5.8 0:10 11.5 0.0 9.4 2.6 26.0 22:30 S 27 5.5 7.2 4:00 4.1 17:20 12.8 0.0 2.0 1.3 19.0 1:00 S 28 8.0 10.6 22:50 4.6 0:10 10.3 0.0 5.4 3.5 23.0 16:10 S 29 7.3 9.9 0:30 4.9 22:40 11.0 0.0 13.4 2.5 20.0 3:30 SSE 30 6.7 9.4 23:10 4.3 4:40 11.6 0.0 5.0 5.7 28.0 19:10 S 31 8.0 9.6 9:50 4.8 00:00 10.3 0.0 0.6 3.8 24.0 7:50 SSE ------------------------------------------------------------------------------------- 4.3 10.6 28 -5.3 6 434.6 0.0 208.8 1.8 30.0 6 SSE Max >= 32.0: 0 Max <= 0.0: 0 Min <= 0.0: 11 Min <= -18.0: 0 Max Rain: 39.40 ON 20/12/12 Days of Rain: 26 (> .2 mm) 19 (> 2 mm) 2 (> 20 mm) Heat Base: 18.3 Cool Base: 18.3 Method: Integration