2020: Jan | Feb | Mar | Apr | May | Jun | Jul | Aug | Sep | Oct | Nov | Dec 
2019: Jan | Feb | Mar | Apr | May | Jun | Jul | Aug | Sep | Oct | Nov | Dec 
2018: Jan | Feb | Mar | Apr | May | Jun | Jul | Aug | Sep | Oct | Nov | Dec 
2017: Jan | Feb | Mar | Apr | May | Jun | Jul | Aug | Sep | Oct | Nov | Dec 
2016: Jan | Feb | Mar | Apr | May | Jun | Jul | Aug | Sep | Oct | Nov | Dec 
2015: Jan | Feb | Mar | Apr | May | Jun | Jul | Aug | Sep | Oct | Nov | Dec 
2014: Jan | Feb | Mar | Apr | May | Jun | Jul | Aug | Sep | Oct | Nov | Dec 
2013: Jan | Feb | Mar | Apr | May | Jun | Jul | Aug | Sep | Oct | Nov | Dec 
2012: Jan | Feb | Mar | Apr | May | Jun | Jul | Aug | Sep | Oct | Nov | Dec 
2011: Jan | Feb | Mar | Apr | May | Jun | Jul | Aug | Sep | Oct | Nov | Dec 
2010: Jan | Feb | Mar | Apr | May | Jun | Jul | Aug | Sep | Oct | Nov | Dec 
2009: Jan | Feb | Mar | Apr | May | Jun | Jul | Aug | Sep | Oct | Nov | Dec 
2008: Jan | Feb | Mar | Apr | May | Jun | Jul | Aug | Sep | Oct | Nov | Dec 
2007: Jan | Feb | Mar | Apr | May | Jun | Jul | Aug | Sep | Oct | Nov | Dec 

Report for 2013
ANNUAL CLIMATOLOGICAL SUMMARY NAME: VantagePro2 CITY: Urswick STATE: Cumbria ELEV: 128 ft LAT: 54 09' 33" N LONG: 3 07' 24" W TEMPERATURE (C), HEAT BASE 18.3, COOL BASE 18.3 DEP. HEAT COOL MEAN MEAN FROM DEG DEG MAX MAX MIN MIN YR MO MAX MIN MEAN NORM DAYS DAYS HI DATE LOW DATE >=32 <=0 <=0 <=-18 ------------------------------------------------------------------------------------ 13 1 5.5 1.7 3.6 -0.2 454 0 11.3 3 -3.4 23 0 0 15 0 13 2 6.5 -0.4 3.1 -0.8 425 0 10.8 28 -5.2 28 0 0 16 0 13 3 6.3 -1.1 2.5 -3.3 488 0 11.3 5 -6.0 14 0 0 20 0 13 4 11.1 1.9 6.4 -1.2 356 0 14.6 20 -4.8 6 0 0 11 0 13 5 14.2 5.6 9.9 -0.8 261 1 23.6 7 -1.8 2 0 0 2 0 13 6 18.6 8.5 13.7 0.2 145 7 23.8 18 2.8 2 0 0 0 0 13 7 23.1 12.2 17.6 1.7 68 46 30.4 19 8.4 6 0 0 0 0 13 8 19.9 11.5 15.7 -0.0 83 10 26.6 1 7.4 19 0 0 0 0 13 9 16.4 9.2 12.7 -0.6 169 1 22.5 4 5.7 14 0 0 0 0 13 10 14.4 8.9 11.8 1.8 203 0 17.7 3 2.8 10 0 0 0 0 13 11 9.2 1.9 6.0 -0.5 368 0 12.6 11 -4.9 23 0 0 11 0 13 12 9.1 4.2 7.0 2.3 352 0 11.3 15 -1.8 17 0 0 2 0 ------------------------------------------------------------------------------------ 12.9 5.4 9.2 -0.1 3373 66 30.4 JUL -6.0 MAR 0 0 77 0 PRECIPITATION (mm) DEP. MAX DAYS OF RAIN FROM OBS. OVER YR MO TOTAL NORM DAY DATE .2 2 20 --------------------------------------------- 13 1 87.6 -6.4 21.4 26 23 11 1 13 2 65.8 -1.2 29.2 13 15 7 1 13 3 47.8 -25.2 13.0 14 11 7 0 13 4 43.8 -16.2 7.6 25 12 9 0 13 5 71.0 12.0 11.4 27 16 8 0 13 6 71.3 5.3 16.4 14 15 8 0 13 7 99.8 42.8 34.4 28 10 7 2 13 8 138.2 66.2 49.0 5 16 8 3 13 9 106.5 26.5 18.2 9 19 11 0 13 10 191.2 98.2 24.0 25 23 18 2 13 11 102.8 9.8 18.4 11 21 12 0 13 12 117.3 16.3 17.4 23 25 15 0 --------------------------------------------- 1143.2 228.2 49.0 AUG 206 121 9 WIND SPEED (mph) DOM YR MO AVG. HI DATE DIR --------------------------------- 13 1 1.4 28.0 29 S 13 2 1.3 26.0 5 NNE 13 3 1.9 22.0 24 NNE 13 4 2.1 31.0 16 NNE 13 5 2.0 27.0 3 NW 13 6 1.1 24.0 30 SSE 13 7 0.6 19.0 4 SSE 13 8 1.1 21.0 15 SSE 13 9 0.9 32.0 15 SSE 13 10 1.3 26.0 27 SSE 13 11 1.3 31.0 20 NNW 13 12 2.6 40.0 5 SSE --------------------------------- 1.5 40.0 DEC SSE