2020: Jan | Feb | Mar | Apr | May | Jun | Jul | Aug | Sep | Oct | Nov | Dec 
2019: Jan | Feb | Mar | Apr | May | Jun | Jul | Aug | Sep | Oct | Nov | Dec 
2018: Jan | Feb | Mar | Apr | May | Jun | Jul | Aug | Sep | Oct | Nov | Dec 
2017: Jan | Feb | Mar | Apr | May | Jun | Jul | Aug | Sep | Oct | Nov | Dec 
2016: Jan | Feb | Mar | Apr | May | Jun | Jul | Aug | Sep | Oct | Nov | Dec 
2015: Jan | Feb | Mar | Apr | May | Jun | Jul | Aug | Sep | Oct | Nov | Dec 
2014: Jan | Feb | Mar | Apr | May | Jun | Jul | Aug | Sep | Oct | Nov | Dec 
2013: Jan | Feb | Mar | Apr | May | Jun | Jul | Aug | Sep | Oct | Nov | Dec 
2012: Jan | Feb | Mar | Apr | May | Jun | Jul | Aug | Sep | Oct | Nov | Dec 
2011: Jan | Feb | Mar | Apr | May | Jun | Jul | Aug | Sep | Oct | Nov | Dec 
2010: Jan | Feb | Mar | Apr | May | Jun | Jul | Aug | Sep | Oct | Nov | Dec 
2009: Jan | Feb | Mar | Apr | May | Jun | Jul | Aug | Sep | Oct | Nov | Dec 
2008: Jan | Feb | Mar | Apr | May | Jun | Jul | Aug | Sep | Oct | Nov | Dec 
2007: Jan | Feb | Mar | Apr | May | Jun | Jul | Aug | Sep | Oct | Nov | Dec 

Report for 2013 01
MONTHLY CLIMATOLOGICAL SUMMARY for JAN. 2013 NAME: VantagePro2 CITY: Urswick STATE: Cumbria ELEV: 128 ft LAT: 54 09' 33" N LONG: 3 07' 24" W TEMPERATURE (C), RAIN (mm), WIND SPEED (mph) HEAT COOL AVG MEAN DEG DEG WIND DOM DAY TEMP HIGH TIME LOW TIME DAYS DAYS RAIN SPEED HIGH TIME DIR ------------------------------------------------------------------------------------ 1 5.8 7.6 12:50 4.5 8:00 12.4 0.0 0.2 2.4 18.0 10:50 NW 2 8.0 10.2 18:30 6.0 2:00 10.3 0.0 8.2 1.4 15.0 00:00 S 3 9.5 11.3 11:40 8.8 19:10 8.8 0.0 0.8 2.1 18.0 0:20 S 4 8.8 9.4 4:30 8.2 19:00 9.5 0.0 1.0 1.1 12.0 0:20 S 5 9.1 10.3 13:30 8.2 7:20 9.2 0.0 0.4 1.4 19.0 19:40 SSE 6 7.6 9.3 0:10 5.7 21:40 10.7 0.0 0.2 0.1 9.0 2:50 S 7 7.4 9.2 20:20 5.1 4:50 10.9 0.0 5.2 0.3 13.0 20:10 SSE 8 7.3 9.8 13:30 1.1 00:00 11.0 0.0 6.0 0.5 9.0 0:50 SSE 9 1.6 4.6 13:10 -1.4 8:40 16.7 0.0 0.4 0.0 2.0 15:40 NE 10 1.6 3.6 1:40 0.2 00:00 16.7 0.0 0.0 0.1 4.0 7:00 NNE 11 1.7 2.8 14:10 -0.3 0:40 16.7 0.0 1.0 0.2 4.0 19:10 NNE 12 2.3 4.4 13:00 -1.4 22:10 16.0 0.0 0.0 1.7 11.0 6:10 NE 13 0.1 2.2 12:40 -2.8 3:50 18.2 0.0 3.6 0.0 4.0 11:30 SSW 14 1.6 4.2 13:40 -1.2 21:20 16.7 0.0 3.4 0.7 12.0 16:00 NW 15 -0.9 2.7 13:00 -2.9 6:40 19.2 0.0 0.2 0.1 9.0 0:20 NNE 16 -1.3 1.2 14:20 -3.4 3:30 19.7 0.0 0.0 0.1 5.0 10:20 NE 17 0.4 1.8 16:10 -1.3 0:10 17.9 0.0 0.0 0.3 9.0 23:30 NE 18 0.2 1.2 1:20 -0.7 18:00 18.1 0.0 0.0 1.8 13.0 17:10 E 19 0.9 1.5 15:50 -0.2 0:10 17.4 0.0 0.0 1.4 11.0 2:50 NNE 20 1.2 2.1 13:20 0.5 2:30 17.1 0.0 0.0 1.6 11.0 13:30 NNE 21 0.4 1.7 0:10 -0.9 00:00 17.8 0.0 1.2 1.1 10.0 5:20 NNE 22 0.6 2.9 13:40 -0.9 19:10 17.7 0.0 0.4 0.9 9.0 7:20 NNE 23 0.4 1.8 11:50 -3.4 6:50 17.9 0.0 0.8 0.5 7.0 15:30 NE 24 1.2 4.6 14:10 -0.3 16:40 17.2 0.0 0.0 0.1 7.0 20:40 SSW 25 0.2 1.5 13:30 -1.3 3:30 18.1 0.0 4.0 0.9 10.0 13:50 SSW 26 3.4 6.4 13:30 0.2 6:10 14.9 0.0 21.4 0.7 11.0 7:00 SSW 27 6.1 8.4 4:40 5.0 22:40 12.2 0.0 11.4 4.3 25.0 15:00 S 28 6.1 8.7 23:10 4.4 13:10 12.2 0.0 10.0 4.5 26.0 21:00 S 29 8.2 10.2 17:00 6.5 8:00 10.2 0.0 3.0 4.2 28.0 17:30 S 30 6.9 8.2 11:40 5.7 17:10 11.4 0.0 1.2 4.3 25.0 4:40 S 31 6.8 8.5 12:30 5.2 16:40 11.5 0.0 3.6 3.6 24.0 5:20 S ------------------------------------------------------------------------------------- 3.6 11.3 3 -3.4 23 454.2 0.0 87.6 1.4 28.0 29 S Max >= 32.0: 0 Max <= 0.0: 0 Min <= 0.0: 15 Min <= -18.0: 0 Max Rain: 21.41 ON 26/01/13 Days of Rain: 23 (> .2 mm) 11 (> 2 mm) 1 (> 20 mm) Heat Base: 18.3 Cool Base: 18.3 Method: Integration