2020: Jan | Feb | Mar | Apr | May | Jun | Jul | Aug | Sep | Oct | Nov | Dec 
2019: Jan | Feb | Mar | Apr | May | Jun | Jul | Aug | Sep | Oct | Nov | Dec 
2018: Jan | Feb | Mar | Apr | May | Jun | Jul | Aug | Sep | Oct | Nov | Dec 
2017: Jan | Feb | Mar | Apr | May | Jun | Jul | Aug | Sep | Oct | Nov | Dec 
2016: Jan | Feb | Mar | Apr | May | Jun | Jul | Aug | Sep | Oct | Nov | Dec 
2015: Jan | Feb | Mar | Apr | May | Jun | Jul | Aug | Sep | Oct | Nov | Dec 
2014: Jan | Feb | Mar | Apr | May | Jun | Jul | Aug | Sep | Oct | Nov | Dec 
2013: Jan | Feb | Mar | Apr | May | Jun | Jul | Aug | Sep | Oct | Nov | Dec 
2012: Jan | Feb | Mar | Apr | May | Jun | Jul | Aug | Sep | Oct | Nov | Dec 
2011: Jan | Feb | Mar | Apr | May | Jun | Jul | Aug | Sep | Oct | Nov | Dec 
2010: Jan | Feb | Mar | Apr | May | Jun | Jul | Aug | Sep | Oct | Nov | Dec 
2009: Jan | Feb | Mar | Apr | May | Jun | Jul | Aug | Sep | Oct | Nov | Dec 
2008: Jan | Feb | Mar | Apr | May | Jun | Jul | Aug | Sep | Oct | Nov | Dec 
2007: Jan | Feb | Mar | Apr | May | Jun | Jul | Aug | Sep | Oct | Nov | Dec 

Report for 2013 02
MONTHLY CLIMATOLOGICAL SUMMARY for FEB. 2013 NAME: VantagePro2 CITY: Urswick STATE: Cumbria ELEV: 128 ft LAT: 54 09' 33" N LONG: 3 07' 24" W TEMPERATURE (C), RAIN (mm), WIND SPEED (mph) HEAT COOL AVG MEAN DEG DEG WIND DOM DAY TEMP HIGH TIME LOW TIME DAYS DAYS RAIN SPEED HIGH TIME DIR ------------------------------------------------------------------------------------ 1 5.1 7.5 11:30 2.4 00:00 13.2 0.0 0.6 1.9 14.0 0:30 S 2 1.3 5.4 14:20 -2.7 22:40 17.0 0.0 0.0 1.7 13.0 11:30 NW 3 6.4 8.4 20:20 -1.3 0:10 11.9 0.0 6.0 2.0 18.0 23:10 S 4 6.0 8.6 0:50 1.8 21:00 12.3 0.0 1.8 3.8 22.0 11:40 SW 5 3.7 6.1 18:10 1.5 3:30 14.6 0.0 2.2 5.1 26.0 12:50 NW 6 3.7 5.6 14:00 0.7 23:20 14.6 0.0 0.2 4.8 24.0 4:30 NW 7 1.6 4.4 12:40 -1.7 7:50 16.7 0.0 0.0 0.2 7.0 0:20 NW 8 3.4 7.2 14:20 -1.2 5:50 14.8 0.0 0.2 1.6 14.0 13:40 NW 9 2.8 3.6 14:30 1.8 5:50 15.4 0.0 5.6 0.0 3.0 13:20 NE 10 2.6 3.2 0:10 2.0 23:50 15.7 0.0 8.8 2.7 15.0 22:00 NNE 11 2.2 5.2 13:20 1.0 4:30 16.1 0.0 2.2 2.9 15.0 0:10 NE 12 1.7 3.6 13:30 -0.2 7:30 16.6 0.0 0.0 0.2 5.0 15:50 NE 13 1.4 4.6 00:00 -0.4 9:20 16.9 0.0 29.2 2.4 16.0 21:40 SSW 14 5.3 8.7 13:40 1.0 7:40 13.0 0.0 8.2 0.9 17.0 14:30 NW 15 5.3 8.5 11:50 1.1 19:20 11.7 0.0 0.0 0.9 15.0 8:20 NW 16 5.3 8.2 15:10 1.8 5:20 13.0 0.0 0.2 0.0 4.0 22:50 SW 17 5.1 10.1 14:20 2.6 7:40 13.2 0.0 0.0 0.5 6.0 11:20 SW 18 2.9 7.6 14:20 -0.7 00:00 15.3 0.0 0.0 0.3 6.0 3:20 NNE 19 1.6 8.6 14:20 -2.8 8:20 16.8 0.0 0.0 0.0 3.0 11:40 NW 20 2.3 3.8 13:50 0.1 00:00 16.0 0.0 0.2 1.2 11.0 22:00 ENE 21 1.5 5.4 13:30 -0.5 2:10 16.8 0.0 0.0 0.6 11.0 19:00 ENE 22 1.1 2.5 13:30 0.0 22:10 17.2 0.0 0.0 0.4 7.0 0:30 ENE 23 1.8 4.0 14:40 0.0 6:20 16.5 0.0 0.0 0.7 10.0 12:00 NNE 24 1.7 4.9 12:40 -2.7 00:00 16.6 0.0 0.2 0.6 10.0 10:40 NNE 25 3.6 8.8 13:30 -3.2 0:40 14.7 0.0 0.0 1.3 10.0 13:40 NNE 26 3.6 8.4 14:10 -2.4 00:00 14.7 0.0 0.0 1.1 11.0 1:10 NNE 27 0.0 9.6 14:00 -5.1 7:00 18.3 0.0 0.0 0.0 5.0 15:10 NW 28 2.7 10.8 13:20 -5.2 7:20 15.6 0.0 0.2 0.0 4.0 14:00 ENE ------------------------------------------------------------------------------------- 3.1 10.8 28 -5.2 28 425.4 0.0 65.8 1.3 26.0 5 NNE Max >= 32.0: 0 Max <= 0.0: 0 Min <= 0.0: 16 Min <= -18.0: 0 Max Rain: 29.21 ON 13/02/13 Days of Rain: 15 (> .2 mm) 7 (> 2 mm) 1 (> 20 mm) Heat Base: 18.3 Cool Base: 18.3 Method: Integration