2020: Jan | Feb | Mar | Apr | May | Jun | Jul | Aug | Sep | Oct | Nov | Dec 
2019: Jan | Feb | Mar | Apr | May | Jun | Jul | Aug | Sep | Oct | Nov | Dec 
2018: Jan | Feb | Mar | Apr | May | Jun | Jul | Aug | Sep | Oct | Nov | Dec 
2017: Jan | Feb | Mar | Apr | May | Jun | Jul | Aug | Sep | Oct | Nov | Dec 
2016: Jan | Feb | Mar | Apr | May | Jun | Jul | Aug | Sep | Oct | Nov | Dec 
2015: Jan | Feb | Mar | Apr | May | Jun | Jul | Aug | Sep | Oct | Nov | Dec 
2014: Jan | Feb | Mar | Apr | May | Jun | Jul | Aug | Sep | Oct | Nov | Dec 
2013: Jan | Feb | Mar | Apr | May | Jun | Jul | Aug | Sep | Oct | Nov | Dec 
2012: Jan | Feb | Mar | Apr | May | Jun | Jul | Aug | Sep | Oct | Nov | Dec 
2011: Jan | Feb | Mar | Apr | May | Jun | Jul | Aug | Sep | Oct | Nov | Dec 
2010: Jan | Feb | Mar | Apr | May | Jun | Jul | Aug | Sep | Oct | Nov | Dec 
2009: Jan | Feb | Mar | Apr | May | Jun | Jul | Aug | Sep | Oct | Nov | Dec 
2008: Jan | Feb | Mar | Apr | May | Jun | Jul | Aug | Sep | Oct | Nov | Dec 
2007: Jan | Feb | Mar | Apr | May | Jun | Jul | Aug | Sep | Oct | Nov | Dec 

Report for 2013 03
MONTHLY CLIMATOLOGICAL SUMMARY for MAR. 2013 NAME: VantagePro2 CITY: Urswick STATE: Cumbria ELEV: 128 ft LAT: 54 09' 33" N LONG: 3 07' 24" W TEMPERATURE (C), RAIN (mm), WIND SPEED (mph) HEAT COOL AVG MEAN DEG DEG WIND DOM DAY TEMP HIGH TIME LOW TIME DAYS DAYS RAIN SPEED HIGH TIME DIR ------------------------------------------------------------------------------------ 1 4.2 10.0 13:30 -2.5 23:40 14.1 0.0 0.0 0.5 9.0 10:50 NNE 2 1.8 7.6 13:00 -5.0 7:00 16.5 0.0 0.0 0.1 9.0 14:20 NW 3 4.0 10.1 13:40 -2.2 4:50 14.3 0.0 0.0 0.1 5.0 15:20 SSE 4 4.0 7.1 14:50 -0.3 23:50 14.3 0.0 0.0 0.9 9.0 13:20 NNE 5 3.5 11.3 13:50 -2.3 6:20 14.8 0.0 0.0 0.1 4.0 21:20 NE 6 5.7 9.1 14:40 2.6 4:30 12.6 0.0 0.0 1.9 9.0 16:10 NNE 7 7.0 10.1 12:50 4.9 00:00 11.3 0.0 7.2 1.9 12.0 00:00 NNE 8 5.9 8.2 13:50 4.5 23:50 12.4 0.0 0.6 2.6 11.0 11:10 NNE 9 3.4 4.5 0:10 2.3 18:00 14.9 0.0 5.8 2.0 10.0 21:00 NNE 10 1.5 4.3 11:00 -2.2 00:00 16.8 0.0 0.2 3.8 15.0 9:00 NNE 11 -1.5 1.9 14:40 -3.9 6:40 19.8 0.0 0.0 2.8 14.0 5:40 NNE 12 1.4 6.2 13:40 -3.8 0:10 16.9 0.0 0.0 2.0 15.0 14:40 NW 13 1.8 7.8 13:40 -4.2 23:50 16.5 0.0 0.0 1.1 14.0 10:40 NW 14 0.9 5.2 15:30 -6.0 4:50 17.3 0.0 13.0 0.9 13.0 19:00 SSE 15 4.7 7.6 14:10 1.6 21:30 13.6 0.0 6.8 1.6 14.0 9:20 SSE 16 3.4 6.3 13:00 0.2 22:40 14.9 0.0 5.2 0.3 9.0 12:40 SSE 17 3.3 6.5 15:40 1.1 3:00 15.0 0.0 3.8 0.6 10.0 11:20 S 18 1.7 3.9 11:40 -0.1 5:30 16.6 0.0 4.4 1.0 10.0 11:30 NNE 19 3.7 8.3 14:10 -0.1 1:00 14.6 0.0 0.4 0.4 10.0 22:20 NNE 20 2.6 5.6 13:30 -0.9 00:00 15.7 0.0 0.0 1.2 10.0 10:50 NE 21 1.4 4.6 12:00 -2.2 6:10 16.9 0.0 0.0 2.5 17.0 21:50 ENE 22 1.2 1.9 2:00 0.3 9:20 17.1 0.0 0.0 6.3 21.0 12:20 NE 23 0.9 1.6 11:30 0.4 18:30 17.4 0.0 0.4 5.3 18.0 8:20 NNE 24 1.6 4.1 14:00 0.2 5:10 16.7 0.0 0.0 6.1 22.0 11:40 NNE 25 1.8 4.3 14:00 0.2 20:30 16.5 0.0 0.0 4.9 19.0 11:20 NNE 26 1.4 4.7 12:40 -0.1 4:30 16.9 0.0 0.0 2.6 14.0 9:00 NNE 27 1.4 5.2 14:30 -1.0 21:10 16.9 0.0 0.0 1.9 13.0 13:00 NNE 28 1.4 6.1 14:50 -2.2 00:00 16.9 0.0 0.0 1.8 13.0 13:30 NNE 29 1.1 6.9 13:40 -4.6 3:40 17.2 0.0 0.0 0.8 12.0 11:40 NE 30 1.2 7.4 14:40 -4.8 3:40 17.1 0.0 0.0 0.2 7.0 17:10 NE 31 1.5 6.7 14:50 -4.9 5:20 16.1 0.0 0.0 0.5 9.0 11:50 ENE ------------------------------------------------------------------------------------- 2.5 11.3 5 -6.0 14 488.4 0.0 47.8 1.9 22.0 24 NNE Max >= 32.0: 0 Max <= 0.0: 0 Min <= 0.0: 20 Min <= -18.0: 0 Max Rain: 13.00 ON 14/03/13 Days of Rain: 11 (> .2 mm) 7 (> 2 mm) 0 (> 20 mm) Heat Base: 18.3 Cool Base: 18.3 Method: Integration