2020: Jan | Feb | Mar | Apr | May | Jun | Jul | Aug | Sep | Oct | Nov | Dec 
2019: Jan | Feb | Mar | Apr | May | Jun | Jul | Aug | Sep | Oct | Nov | Dec 
2018: Jan | Feb | Mar | Apr | May | Jun | Jul | Aug | Sep | Oct | Nov | Dec 
2017: Jan | Feb | Mar | Apr | May | Jun | Jul | Aug | Sep | Oct | Nov | Dec 
2016: Jan | Feb | Mar | Apr | May | Jun | Jul | Aug | Sep | Oct | Nov | Dec 
2015: Jan | Feb | Mar | Apr | May | Jun | Jul | Aug | Sep | Oct | Nov | Dec 
2014: Jan | Feb | Mar | Apr | May | Jun | Jul | Aug | Sep | Oct | Nov | Dec 
2013: Jan | Feb | Mar | Apr | May | Jun | Jul | Aug | Sep | Oct | Nov | Dec 
2012: Jan | Feb | Mar | Apr | May | Jun | Jul | Aug | Sep | Oct | Nov | Dec 
2011: Jan | Feb | Mar | Apr | May | Jun | Jul | Aug | Sep | Oct | Nov | Dec 
2010: Jan | Feb | Mar | Apr | May | Jun | Jul | Aug | Sep | Oct | Nov | Dec 
2009: Jan | Feb | Mar | Apr | May | Jun | Jul | Aug | Sep | Oct | Nov | Dec 
2008: Jan | Feb | Mar | Apr | May | Jun | Jul | Aug | Sep | Oct | Nov | Dec 
2007: Jan | Feb | Mar | Apr | May | Jun | Jul | Aug | Sep | Oct | Nov | Dec 

Report for 2013 04
MONTHLY CLIMATOLOGICAL SUMMARY for APR. 2013 NAME: VantagePro2 CITY: Urswick STATE: Cumbria ELEV: 128 ft LAT: 54 09' 33" N LONG: 3 07' 24" W TEMPERATURE (C), RAIN (mm), WIND SPEED (mph) HEAT COOL AVG MEAN DEG DEG WIND DOM DAY TEMP HIGH TIME LOW TIME DAYS DAYS RAIN SPEED HIGH TIME DIR ------------------------------------------------------------------------------------ 1 2.9 7.7 15:10 -0.4 23:30 15.3 0.0 0.0 2.3 13.0 9:30 NNE 2 2.8 7.8 14:30 -2.1 23:30 15.5 0.0 0.0 1.2 11.0 12:50 NNE 3 2.7 9.6 13:50 -4.3 4:50 15.6 0.0 0.0 1.5 13.0 12:20 NNE 4 2.9 7.7 14:40 -3.9 3:20 15.3 0.0 0.0 1.9 13.0 14:40 NNE 5 3.5 8.9 15:30 -1.9 00:00 14.8 0.0 0.0 1.3 14.0 15:50 NNE 6 1.6 9.2 13:10 -4.8 6:00 16.7 0.0 0.0 0.3 12.0 11:40 NW 7 3.6 11.5 13:50 -4.1 5:00 14.7 0.0 0.0 0.3 9.0 20:10 NE 8 4.6 8.6 13:50 1.9 00:00 13.7 0.0 0.0 2.5 15.0 10:50 NNE 9 4.3 10.1 14:30 -0.6 6:20 14.0 0.0 0.0 2.7 15.0 12:30 NNE 10 5.3 11.7 16:10 -2.4 6:50 13.0 0.0 0.0 0.3 10.0 00:00 NNE 11 5.7 9.9 14:00 3.7 6:40 12.7 0.0 2.0 1.6 11.0 0:10 NNE 12 6.9 11.5 15:10 4.3 2:40 11.3 0.0 0.2 1.1 13.0 17:40 NNE 13 7.7 14.2 12:30 0.3 5:40 10.6 0.0 4.0 0.6 10.0 13:40 SSW 14 10.7 12.1 15:50 9.2 23:40 7.6 0.0 3.4 2.9 20.0 11:20 SSE 15 10.6 13.7 14:30 8.5 6:20 7.8 0.0 1.2 3.5 25.0 12:20 SSE 16 9.6 13.0 14:10 6.8 23:10 8.7 0.0 2.0 5.3 31.0 12:20 SSE 17 9.2 13.2 13:50 5.2 3:20 9.1 0.0 6.6 3.5 26.0 22:10 S 18 8.5 11.5 14:40 6.5 22:10 9.8 0.0 4.8 6.5 31.0 4:30 SSE 19 7.2 12.0 14:30 0.7 00:00 11.1 0.0 0.0 1.6 16.0 0:40 NW 20 6.7 14.6 14:20 -0.9 3:40 11.6 0.0 0.0 0.9 12.0 16:10 SSE 21 7.2 9.7 17:30 4.5 23:20 11.1 0.0 6.8 1.8 17.0 14:10 SSE 22 7.8 9.9 18:10 4.8 0:10 10.5 0.0 0.0 2.8 23.0 17:10 SSE 23 9.7 13.6 13:20 7.0 4:10 8.6 0.0 0.0 2.4 18.0 14:30 S 24 9.5 12.3 15:30 7.3 23:40 8.8 0.0 0.0 2.4 25.0 8:50 NW 25 7.6 10.4 15:40 4.5 00:00 10.7 0.0 7.6 0.7 13.0 15:20 NW 26 5.5 10.3 13:10 0.7 4:10 12.8 0.0 3.6 1.9 18.0 13:20 NW 27 5.8 11.8 13:10 -0.7 5:20 12.5 0.0 0.0 1.6 16.0 17:10 NW 28 6.8 10.6 16:00 1.0 0:20 11.5 0.0 1.6 3.0 22.0 21:10 SSE 29 7.8 12.1 14:00 4.8 0:10 10.5 0.0 0.0 2.6 20.0 11:30 NW 30 7.9 13.8 13:00 0.7 00:00 10.4 0.0 0.0 1.0 13.0 2:10 NW ------------------------------------------------------------------------------------- 6.4 14.6 20 -4.8 6 356.2 0.0 43.8 2.1 31.0 16 NNE Max >= 32.0: 0 Max <= 0.0: 0 Min <= 0.0: 11 Min <= -18.0: 0 Max Rain: 7.59 ON 25/04/13 Days of Rain: 12 (> .2 mm) 9 (> 2 mm) 0 (> 20 mm) Heat Base: 18.3 Cool Base: 18.3 Method: Integration