2020: Jan | Feb | Mar | Apr | May | Jun | Jul | Aug | Sep | Oct | Nov | Dec 
2019: Jan | Feb | Mar | Apr | May | Jun | Jul | Aug | Sep | Oct | Nov | Dec 
2018: Jan | Feb | Mar | Apr | May | Jun | Jul | Aug | Sep | Oct | Nov | Dec 
2017: Jan | Feb | Mar | Apr | May | Jun | Jul | Aug | Sep | Oct | Nov | Dec 
2016: Jan | Feb | Mar | Apr | May | Jun | Jul | Aug | Sep | Oct | Nov | Dec 
2015: Jan | Feb | Mar | Apr | May | Jun | Jul | Aug | Sep | Oct | Nov | Dec 
2014: Jan | Feb | Mar | Apr | May | Jun | Jul | Aug | Sep | Oct | Nov | Dec 
2013: Jan | Feb | Mar | Apr | May | Jun | Jul | Aug | Sep | Oct | Nov | Dec 
2012: Jan | Feb | Mar | Apr | May | Jun | Jul | Aug | Sep | Oct | Nov | Dec 
2011: Jan | Feb | Mar | Apr | May | Jun | Jul | Aug | Sep | Oct | Nov | Dec 
2010: Jan | Feb | Mar | Apr | May | Jun | Jul | Aug | Sep | Oct | Nov | Dec 
2009: Jan | Feb | Mar | Apr | May | Jun | Jul | Aug | Sep | Oct | Nov | Dec 
2008: Jan | Feb | Mar | Apr | May | Jun | Jul | Aug | Sep | Oct | Nov | Dec 
2007: Jan | Feb | Mar | Apr | May | Jun | Jul | Aug | Sep | Oct | Nov | Dec 

Report for 2013 05
MONTHLY CLIMATOLOGICAL SUMMARY for MAY. 2013 NAME: VantagePro2 CITY: Urswick STATE: Cumbria ELEV: 128 ft LAT: 54 09' 33" N LONG: 3 07' 24" W TEMPERATURE (C), RAIN (mm), WIND SPEED (mph) HEAT COOL AVG MEAN DEG DEG WIND DOM DAY TEMP HIGH TIME LOW TIME DAYS DAYS RAIN SPEED HIGH TIME DIR ------------------------------------------------------------------------------------ 1 6.5 12.8 14:30 -0.6 4:00 11.8 0.0 0.0 1.0 14.0 12:30 NW 2 7.3 15.9 14:00 -1.8 5:20 11.0 0.0 0.2 0.4 9.0 15:50 SSE 3 10.2 13.3 14:10 8.4 5:50 8.1 0.0 0.0 4.5 27.0 22:40 SSE 4 9.7 12.3 14:50 7.9 7:30 8.6 0.0 1.6 2.6 17.0 0:20 SSE 5 10.9 14.3 15:50 8.9 4:50 7.4 0.0 0.8 2.9 23.0 15:30 SSE 6 11.1 16.6 13:20 5.3 23:20 7.2 0.0 0.0 1.0 9.0 14:20 SSE 7 14.2 23.6 14:30 3.6 5:10 5.4 1.2 0.0 0.8 9.0 21:40 NNE 8 12.7 16.0 15:10 8.8 00:00 5.6 0.0 0.2 3.2 18.0 14:00 SSE 9 8.8 10.8 10:30 7.3 6:10 9.5 0.0 7.8 3.2 17.0 9:10 SSE 10 9.3 12.5 14:30 7.9 3:40 9.0 0.0 1.2 2.9 19.0 15:40 SSE 11 8.2 11.0 14:10 6.1 20:50 10.1 0.0 8.4 3.3 25.0 23:10 SSE 12 8.7 10.3 18:50 6.6 5:10 9.6 0.0 10.6 2.6 19.0 15:20 NW 13 8.0 11.0 13:30 5.7 21:20 10.3 0.0 1.6 3.1 21.0 13:20 SW 14 8.4 11.8 17:20 5.4 22:20 9.9 0.0 0.0 2.0 17.0 11:00 SSE 15 8.2 12.4 15:50 5.6 0:30 10.1 0.0 0.0 3.2 19.0 16:50 NW 16 8.5 14.0 16:40 1.2 2:50 9.8 0.0 2.8 0.3 7.0 16:40 NE 17 9.9 14.9 11:40 4.8 5:20 8.4 0.0 1.4 1.0 11.0 16:40 NNE 18 9.2 11.9 14:20 7.9 6:30 9.1 0.0 10.0 0.5 7.0 7:40 NW 19 11.9 16.7 13:40 9.1 3:10 6.4 0.0 0.0 0.6 12.0 14:40 NW 20 13.4 19.5 12:00 10.6 3:10 4.9 0.0 4.6 0.5 10.0 21:00 NW 21 12.2 15.8 15:00 8.9 23:10 6.1 0.0 0.0 1.4 16.0 13:50 NW 22 10.1 13.6 12:50 6.4 23:50 8.2 0.0 0.0 4.1 21.0 14:40 NW 23 6.7 10.2 12:50 3.4 4:50 11.6 0.0 1.8 5.0 21.0 17:00 NW 24 8.7 12.7 15:10 3.6 00:00 9.6 0.0 0.0 4.2 26.0 10:00 NNE 25 8.4 14.4 13:40 0.1 5:50 9.9 0.0 0.0 0.6 12.0 14:20 NW 26 9.1 15.8 16:50 0.7 4:10 9.2 0.0 0.0 0.5 9.0 14:30 SSE 27 8.8 10.8 19:10 4.7 2:50 9.4 0.0 11.4 1.6 15.0 16:10 SSE 28 9.9 12.2 11:50 7.8 5:20 8.4 0.0 6.6 0.5 7.0 3:30 NE 29 12.7 16.8 11:50 7.6 2:20 5.7 0.0 0.0 2.2 12.0 5:40 NNE 30 14.3 18.9 17:00 7.9 23:50 4.0 0.0 0.0 1.1 13.0 14:10 NNE 31 11.4 16.9 13:20 5.1 4:50 6.9 0.0 0.0 1.8 17.0 18:50 NW ------------------------------------------------------------------------------------- 9.9 23.6 7 -1.8 2 261.3 1.3 71.0 2.0 27.0 3 NW Max >= 32.0: 0 Max <= 0.0: 0 Min <= 0.0: 2 Min <= -18.0: 0 Max Rain: 11.40 ON 27/05/13 Days of Rain: 16 (> .2 mm) 8 (> 2 mm) 0 (> 20 mm) Heat Base: 18.3 Cool Base: 18.3 Method: Integration