2020: Jan | Feb | Mar | Apr | May | Jun | Jul | Aug | Sep | Oct | Nov | Dec 
2019: Jan | Feb | Mar | Apr | May | Jun | Jul | Aug | Sep | Oct | Nov | Dec 
2018: Jan | Feb | Mar | Apr | May | Jun | Jul | Aug | Sep | Oct | Nov | Dec 
2017: Jan | Feb | Mar | Apr | May | Jun | Jul | Aug | Sep | Oct | Nov | Dec 
2016: Jan | Feb | Mar | Apr | May | Jun | Jul | Aug | Sep | Oct | Nov | Dec 
2015: Jan | Feb | Mar | Apr | May | Jun | Jul | Aug | Sep | Oct | Nov | Dec 
2014: Jan | Feb | Mar | Apr | May | Jun | Jul | Aug | Sep | Oct | Nov | Dec 
2013: Jan | Feb | Mar | Apr | May | Jun | Jul | Aug | Sep | Oct | Nov | Dec 
2012: Jan | Feb | Mar | Apr | May | Jun | Jul | Aug | Sep | Oct | Nov | Dec 
2011: Jan | Feb | Mar | Apr | May | Jun | Jul | Aug | Sep | Oct | Nov | Dec 
2010: Jan | Feb | Mar | Apr | May | Jun | Jul | Aug | Sep | Oct | Nov | Dec 
2009: Jan | Feb | Mar | Apr | May | Jun | Jul | Aug | Sep | Oct | Nov | Dec 
2008: Jan | Feb | Mar | Apr | May | Jun | Jul | Aug | Sep | Oct | Nov | Dec 
2007: Jan | Feb | Mar | Apr | May | Jun | Jul | Aug | Sep | Oct | Nov | Dec 

Report for 2013 06
MONTHLY CLIMATOLOGICAL SUMMARY for JUN. 2013 NAME: VantagePro2 CITY: Urswick STATE: Cumbria ELEV: 128 ft LAT: 54 09' 33" N LONG: 3 07' 24" W TEMPERATURE (C), RAIN (mm), WIND SPEED (mph) HEAT COOL AVG MEAN DEG DEG WIND DOM DAY TEMP HIGH TIME LOW TIME DAYS DAYS RAIN SPEED HIGH TIME DIR ------------------------------------------------------------------------------------ 1 10.5 15.5 14:10 5.9 3:20 7.8 0.0 0.0 1.6 16.0 11:10 NW 2 10.9 16.6 15:00 2.8 3:40 7.4 0.0 0.0 0.8 12.0 18:30 NW 3 12.9 20.6 18:30 3.7 5:00 5.5 0.2 0.0 0.4 7.0 14:30 NW 4 15.7 23.3 13:30 7.3 4:40 3.8 1.1 0.0 0.5 9.0 13:50 NNE 5 14.1 20.2 17:50 5.9 5:10 4.4 0.2 0.0 0.5 7.0 12:00 NW 6 15.4 22.9 17:50 7.4 4:20 3.6 0.8 0.0 0.4 7.0 14:00 NW 7 16.0 23.1 16:20 6.4 5:00 3.6 1.3 0.0 0.3 6.0 13:10 NW 8 15.2 22.7 14:00 6.9 5:00 4.1 1.0 0.0 0.3 7.0 14:30 NNW 9 14.4 21.7 15:20 6.9 4:30 4.4 0.5 0.8 0.4 6.0 17:30 SSE 10 14.3 20.4 17:30 10.1 5:30 4.2 0.2 1.2 0.2 6.0 0:10 SSE 11 13.7 18.7 19:30 8.9 4:30 4.7 0.0 0.8 0.7 9.0 14:40 SSW 12 13.6 15.9 15:30 12.4 22:30 4.7 0.0 10.4 1.0 15.0 8:40 SSE 13 12.7 14.9 15:40 11.0 23:10 5.6 0.0 4.6 1.1 13.0 11:30 SSE 14 12.6 16.8 16:00 8.8 4:00 5.7 0.0 16.4 1.3 13.0 15:10 SSE 15 12.6 15.5 15:30 10.2 5:00 5.7 0.0 2.0 3.9 19.0 17:10 SSE 16 13.2 18.2 18:40 9.7 1:30 5.1 0.0 0.6 0.5 7.0 0:10 SSE 17 15.9 21.7 15:30 10.2 0:40 3.0 0.6 0.0 0.3 6.0 10:10 NNE 18 16.7 23.8 15:10 9.0 5:00 2.8 1.1 0.0 0.4 10.0 17:30 SSE 19 15.1 18.6 15:10 8.2 00:00 3.2 0.0 0.0 0.8 12.0 16:10 NW 20 14.0 20.2 11:30 6.0 4:30 4.4 0.1 1.0 0.2 5.0 9:30 NNE 21 15.5 19.6 17:20 11.9 00:00 2.9 0.1 1.0 1.1 13.0 22:20 SSE 22 12.9 16.7 14:20 10.3 1:50 5.4 0.0 11.8 4.0 23.0 18:00 SSE 23 12.3 15.1 13:40 10.7 0:20 6.0 0.0 2.8 3.3 23.0 8:30 NW 24 12.3 15.8 15:50 6.9 00:00 6.0 0.0 0.0 2.1 13.0 0:30 NNW 25 12.6 18.6 14:10 4.8 5:10 5.8 0.0 0.0 0.5 10.0 12:20 SSE 26 14.2 17.4 11:40 10.9 1:30 4.1 0.0 0.0 1.6 15.0 14:10 NW 27 12.2 14.0 9:50 10.1 5:10 6.1 0.0 5.6 0.8 14.0 7:50 NNW 28 13.3 15.7 19:40 11.0 00:00 5.0 0.0 12.2 1.3 15.0 22:20 NNW 29 13.1 17.0 14:50 10.2 2:40 5.2 0.0 0.2 0.5 15.0 1:10 SSE 30 13.7 17.2 13:40 9.4 3:20 4.6 0.0 0.0 2.6 24.0 17:00 SSE ------------------------------------------------------------------------------------- 13.7 23.8 18 2.8 2 144.8 7.2 71.3 1.1 24.0 30 SSE Max >= 32.0: 0 Max <= 0.0: 0 Min <= 0.0: 0 Min <= -18.0: 0 Max Rain: 16.41 ON 14/06/13 Days of Rain: 15 (> .2 mm) 8 (> 2 mm) 0 (> 20 mm) Heat Base: 18.3 Cool Base: 18.3 Method: Integration