2020: Jan | Feb | Mar | Apr | May | Jun | Jul | Aug | Sep | Oct | Nov | Dec 
2019: Jan | Feb | Mar | Apr | May | Jun | Jul | Aug | Sep | Oct | Nov | Dec 
2018: Jan | Feb | Mar | Apr | May | Jun | Jul | Aug | Sep | Oct | Nov | Dec 
2017: Jan | Feb | Mar | Apr | May | Jun | Jul | Aug | Sep | Oct | Nov | Dec 
2016: Jan | Feb | Mar | Apr | May | Jun | Jul | Aug | Sep | Oct | Nov | Dec 
2015: Jan | Feb | Mar | Apr | May | Jun | Jul | Aug | Sep | Oct | Nov | Dec 
2014: Jan | Feb | Mar | Apr | May | Jun | Jul | Aug | Sep | Oct | Nov | Dec 
2013: Jan | Feb | Mar | Apr | May | Jun | Jul | Aug | Sep | Oct | Nov | Dec 
2012: Jan | Feb | Mar | Apr | May | Jun | Jul | Aug | Sep | Oct | Nov | Dec 
2011: Jan | Feb | Mar | Apr | May | Jun | Jul | Aug | Sep | Oct | Nov | Dec 
2010: Jan | Feb | Mar | Apr | May | Jun | Jul | Aug | Sep | Oct | Nov | Dec 
2009: Jan | Feb | Mar | Apr | May | Jun | Jul | Aug | Sep | Oct | Nov | Dec 
2008: Jan | Feb | Mar | Apr | May | Jun | Jul | Aug | Sep | Oct | Nov | Dec 
2007: Jan | Feb | Mar | Apr | May | Jun | Jul | Aug | Sep | Oct | Nov | Dec 

Report for 2013 07
MONTHLY CLIMATOLOGICAL SUMMARY for JUL. 2013 NAME: VantagePro2 CITY: Urswick STATE: Cumbria ELEV: 128 ft LAT: 54 09' 33" N LONG: 3 07' 24" W TEMPERATURE (C), RAIN (mm), WIND SPEED (mph) HEAT COOL AVG MEAN DEG DEG WIND DOM DAY TEMP HIGH TIME LOW TIME DAYS DAYS RAIN SPEED HIGH TIME DIR ------------------------------------------------------------------------------------ 1 13.3 17.0 16:20 10.3 22:30 5.0 0.0 0.0 1.0 11.0 11:50 SSE 2 13.0 14.6 14:10 10.5 1:00 5.3 0.0 12.4 1.1 11.0 10:40 SSE 3 15.1 17.9 13:00 13.1 6:30 3.3 0.0 7.0 1.1 12.0 9:40 SSE 4 15.8 19.3 13:10 13.2 00:00 2.6 0.1 0.6 2.3 19.0 9:00 SSE 5 15.0 20.2 18:20 9.1 5:30 3.5 0.2 0.0 0.4 9.0 9:10 SSE 6 14.7 20.2 17:00 8.4 4:20 3.9 0.3 0.0 0.4 10.0 17:40 S 7 17.2 23.8 18:10 9.1 3:40 2.9 1.8 0.0 0.3 11.0 14:50 NNW 8 20.8 28.3 13:50 13.4 5:00 1.3 3.8 0.0 0.1 6.0 14:40 NNW 9 19.3 26.6 17:30 11.1 4:50 1.8 2.9 0.0 0.4 10.0 13:10 NNW 10 19.2 25.6 14:30 14.3 23:40 1.0 1.8 0.0 0.3 5.0 14:00 NNE 11 16.8 23.2 17:40 9.7 4:50 2.8 1.3 0.0 0.3 9.0 13:20 NNW 12 18.6 24.8 14:20 11.8 5:30 2.0 2.2 0.0 0.3 10.0 13:50 NNW 13 18.2 24.5 12:50 12.7 5:20 1.9 1.9 0.0 0.6 11.0 14:10 NNW 14 15.7 20.3 15:10 9.9 4:50 2.9 0.4 0.0 0.6 12.0 12:50 NNW 15 15.3 21.3 14:30 8.4 4:40 3.4 0.4 0.0 0.3 9.0 13:50 NNW 16 17.1 23.3 14:30 9.6 5:10 2.7 1.5 0.0 0.5 11.0 15:30 NNW 17 18.7 25.2 13:50 12.1 3:40 2.0 2.4 0.0 0.6 12.0 16:20 NNW 18 20.6 28.6 15:00 11.7 5:30 1.9 4.2 0.0 0.2 6.0 16:10 NNW 19 21.9 30.4 13:30 15.1 6:00 0.8 4.4 0.2 0.5 9.0 15:40 NNW 20 19.7 25.2 12:20 13.6 4:20 1.2 2.6 0.0 0.6 7.0 17:50 NNW 21 18.4 23.4 14:50 15.1 5:40 1.1 1.2 0.0 0.5 7.0 10:00 SSE 22 20.4 27.7 17:00 14.1 6:00 1.0 3.1 0.0 1.0 7.0 0:40 NNW 23 19.2 24.8 14:10 16.4 00:00 0.3 1.2 9.6 0.2 7.0 18:30 SSE 24 18.4 24.3 15:10 13.2 2:50 1.5 1.6 0.0 0.3 7.0 14:20 SSE 25 18.7 24.3 14:00 15.8 5:40 0.9 1.3 11.4 0.8 12.0 19:30 SSE 26 17.9 22.8 20:00 12.2 23:50 1.6 1.2 0.0 0.5 9.0 16:00 SSE 27 18.4 25.7 13:00 11.1 3:50 2.0 2.2 2.2 0.2 6.0 16:30 NNW 28 17.2 21.7 17:00 14.1 5:20 1.8 0.7 34.4 0.7 13.0 13:30 SSE 29 17.6 21.0 14:20 15.6 0:10 1.2 0.5 0.0 1.7 15.0 16:00 SSE 30 16.8 20.8 14:20 14.2 00:00 1.9 0.4 1.2 1.0 13.0 19:20 SSE 31 15.6 19.5 13:30 9.8 5:50 2.8 0.1 20.8 0.6 11.0 22:20 SSE ------------------------------------------------------------------------------------- 17.6 30.4 19 8.4 6 68.2 45.6 99.8 0.6 19.0 4 SSE Max >= 32.0: 0 Max <= 0.0: 0 Min <= 0.0: 0 Min <= -18.0: 0 Max Rain: 34.39 ON 28/07/13 Days of Rain: 10 (> .2 mm) 7 (> 2 mm) 2 (> 20 mm) Heat Base: 18.3 Cool Base: 18.3 Method: Integration