2020: Jan | Feb | Mar | Apr | May | Jun | Jul | Aug | Sep | Oct | Nov | Dec 
2019: Jan | Feb | Mar | Apr | May | Jun | Jul | Aug | Sep | Oct | Nov | Dec 
2018: Jan | Feb | Mar | Apr | May | Jun | Jul | Aug | Sep | Oct | Nov | Dec 
2017: Jan | Feb | Mar | Apr | May | Jun | Jul | Aug | Sep | Oct | Nov | Dec 
2016: Jan | Feb | Mar | Apr | May | Jun | Jul | Aug | Sep | Oct | Nov | Dec 
2015: Jan | Feb | Mar | Apr | May | Jun | Jul | Aug | Sep | Oct | Nov | Dec 
2014: Jan | Feb | Mar | Apr | May | Jun | Jul | Aug | Sep | Oct | Nov | Dec 
2013: Jan | Feb | Mar | Apr | May | Jun | Jul | Aug | Sep | Oct | Nov | Dec 
2012: Jan | Feb | Mar | Apr | May | Jun | Jul | Aug | Sep | Oct | Nov | Dec 
2011: Jan | Feb | Mar | Apr | May | Jun | Jul | Aug | Sep | Oct | Nov | Dec 
2010: Jan | Feb | Mar | Apr | May | Jun | Jul | Aug | Sep | Oct | Nov | Dec 
2009: Jan | Feb | Mar | Apr | May | Jun | Jul | Aug | Sep | Oct | Nov | Dec 
2008: Jan | Feb | Mar | Apr | May | Jun | Jul | Aug | Sep | Oct | Nov | Dec 
2007: Jan | Feb | Mar | Apr | May | Jun | Jul | Aug | Sep | Oct | Nov | Dec 

Report for 2013 08
MONTHLY CLIMATOLOGICAL SUMMARY for AUG. 2013 NAME: VantagePro2 CITY: Urswick STATE: Cumbria ELEV: 128 ft LAT: 54 09' 33" N LONG: 3 07' 24" W TEMPERATURE (C), RAIN (mm), WIND SPEED (mph) HEAT COOL AVG MEAN DEG DEG WIND DOM DAY TEMP HIGH TIME LOW TIME DAYS DAYS RAIN SPEED HIGH TIME DIR ------------------------------------------------------------------------------------ 1 19.9 26.6 17:30 16.7 22:30 0.4 2.0 0.6 0.9 13.0 20:00 SSE 2 18.5 22.2 14:40 13.7 2:10 0.9 1.1 0.0 2.1 14.0 9:40 SSE 3 16.9 20.1 17:00 14.4 6:10 1.6 0.2 0.0 3.5 19.0 10:00 SSE 4 17.3 21.7 15:30 14.6 4:50 1.5 0.5 23.0 2.0 14.0 2:10 SSE 5 15.7 17.2 17:20 11.9 00:00 2.6 0.0 49.0 0.6 12.0 18:20 SSE 6 13.7 18.9 19:50 7.7 4:30 4.6 0.0 0.0 0.2 9.0 14:10 SSE 7 14.8 23.2 13:40 8.1 1:50 4.4 0.9 0.0 0.1 6.0 17:00 SSE 8 15.2 22.3 15:00 8.3 5:10 3.8 0.8 2.0 0.3 7.0 15:20 SSE 9 15.4 18.4 13:20 13.4 22:20 2.9 0.0 4.2 1.0 14.0 12:30 NNW 10 15.2 18.2 16:20 11.7 5:20 3.1 0.0 0.8 0.9 16.0 17:20 SSE 11 14.9 18.5 13:10 11.8 23:50 3.4 0.0 1.6 1.4 19.0 17:00 SSW 12 14.3 17.6 13:50 11.9 00:00 4.0 0.0 0.2 1.8 15.0 13:00 NNW 13 14.6 19.1 13:40 9.6 3:50 3.8 0.0 0.0 0.4 12.0 16:00 NNW 14 16.4 20.9 12:20 12.1 1:00 2.2 0.3 0.8 0.5 11.0 23:00 SSE 15 17.3 20.3 15:40 15.9 6:10 1.2 0.2 16.8 3.1 21.0 23:00 SSE 16 16.3 19.7 14:20 12.7 7:00 2.1 0.1 3.2 1.2 17.0 0:20 SSE 17 16.0 17.0 18:00 13.8 00:00 2.3 0.0 29.4 2.7 19.0 19:20 SSE 18 14.8 17.8 14:50 12.8 4:00 3.5 0.0 1.6 1.1 13.0 12:00 SSE 19 14.7 18.4 14:00 7.4 6:20 3.6 0.0 0.0 0.7 12.0 12:50 SSE 20 15.9 20.2 14:40 11.4 3:30 2.6 0.2 0.0 1.2 12.0 14:30 SSE 21 16.3 19.3 15:30 12.0 23:10 2.0 0.0 4.0 2.1 19.0 11:40 SSE 22 17.8 23.6 14:40 13.1 0:10 1.3 1.0 0.0 0.0 4.0 15:00 NNW 23 24 12.7 12.9 00:00 12.1 23:40 0.1 0.0 0.0 0.0 2.0 23:50 NNW 25 16.1 23.6 15:10 7.9 4:50 3.7 1.5 0.0 0.2 5.0 1:00 NNW 26 16.0 25.1 14:20 9.8 6:00 3.6 1.4 0.0 0.0 0.0 --- --- 27 15.2 20.2 13:30 10.1 4:40 3.5 0.3 0.0 0.3 11.0 16:40 NNW 28 14.3 18.4 13:00 9.9 23:40 4.0 0.0 0.0 0.1 7.0 15:00 SSE 29 16.1 19.1 15:40 10.7 0:10 2.3 0.0 0.8 0.7 12.0 11:30 SSE 30 15.8 18.3 14:30 11.6 00:00 2.5 0.0 0.2 1.6 19.0 20:50 SSE 31 13.0 16.9 12:10 7.8 3:30 5.3 0.0 0.0 1.4 16.0 15:50 NNW ------------------------------------------------------------------------------------- 15.7 26.6 1 7.4 19 82.9 10.5 138.2 1.1 21.0 15 SSE Max >= 32.0: 0 Max <= 0.0: 0 Min <= 0.0: 0 Min <= -18.0: 0 Max Rain: 49.00 ON 05/08/13 Days of Rain: 16 (> .2 mm) 8 (> 2 mm) 3 (> 20 mm) Heat Base: 18.3 Cool Base: 18.3 Method: Integration