2020: Jan | Feb | Mar | Apr | May | Jun | Jul | Aug | Sep | Oct | Nov | Dec 
2019: Jan | Feb | Mar | Apr | May | Jun | Jul | Aug | Sep | Oct | Nov | Dec 
2018: Jan | Feb | Mar | Apr | May | Jun | Jul | Aug | Sep | Oct | Nov | Dec 
2017: Jan | Feb | Mar | Apr | May | Jun | Jul | Aug | Sep | Oct | Nov | Dec 
2016: Jan | Feb | Mar | Apr | May | Jun | Jul | Aug | Sep | Oct | Nov | Dec 
2015: Jan | Feb | Mar | Apr | May | Jun | Jul | Aug | Sep | Oct | Nov | Dec 
2014: Jan | Feb | Mar | Apr | May | Jun | Jul | Aug | Sep | Oct | Nov | Dec 
2013: Jan | Feb | Mar | Apr | May | Jun | Jul | Aug | Sep | Oct | Nov | Dec 
2012: Jan | Feb | Mar | Apr | May | Jun | Jul | Aug | Sep | Oct | Nov | Dec 
2011: Jan | Feb | Mar | Apr | May | Jun | Jul | Aug | Sep | Oct | Nov | Dec 
2010: Jan | Feb | Mar | Apr | May | Jun | Jul | Aug | Sep | Oct | Nov | Dec 
2009: Jan | Feb | Mar | Apr | May | Jun | Jul | Aug | Sep | Oct | Nov | Dec 
2008: Jan | Feb | Mar | Apr | May | Jun | Jul | Aug | Sep | Oct | Nov | Dec 
2007: Jan | Feb | Mar | Apr | May | Jun | Jul | Aug | Sep | Oct | Nov | Dec 

Report for 2013 09
MONTHLY CLIMATOLOGICAL SUMMARY for SEP. 2013 NAME: VantagePro2 CITY: Urswick STATE: Cumbria ELEV: 128 ft LAT: 54 09' 33" N LONG: 3 07' 24" W TEMPERATURE (C), RAIN (mm), WIND SPEED (mph) HEAT COOL AVG MEAN DEG DEG WIND DOM DAY TEMP HIGH TIME LOW TIME DAYS DAYS RAIN SPEED HIGH TIME DIR ------------------------------------------------------------------------------------ 1 14.2 15.7 11:20 12.8 3:30 4.1 0.0 0.0 2.0 14.0 15:10 SSW 2 16.0 18.8 17:40 14.4 5:00 2.3 0.0 0.2 1.5 13.0 13:50 SSW 3 16.3 21.7 14:50 11.9 21:00 2.5 0.5 0.0 0.3 9.0 15:30 SSE 4 15.2 22.5 14:30 9.7 00:00 3.8 0.7 0.0 0.0 5.0 15:00 SSE 5 13.4 19.2 13:30 8.5 4:30 4.9 0.0 0.2 0.4 7.0 12:50 NNW 6 10.8 12.9 12:00 9.1 18:10 7.5 0.0 16.6 0.3 7.0 15:50 NNW 7 10.5 12.6 16:50 8.9 1:10 7.8 0.0 13.8 0.9 12.0 12:20 SSE 8 10.9 15.0 12:20 8.9 6:50 7.4 0.0 16.6 0.5 11.0 15:50 SSE 9 11.8 16.6 13:30 6.3 00:00 6.5 0.0 18.2 0.4 13.0 14:40 NNW 10 11.9 17.1 15:00 6.0 0:30 6.4 0.0 0.2 1.9 15.0 14:00 NNE 11 12.1 14.6 12:10 8.3 2:20 6.2 0.0 4.6 0.0 9.0 12:10 SSE 12 14.3 17.7 12:30 9.8 0:40 4.0 0.0 9.4 0.4 14.0 22:20 SSE 13 11.7 14.1 12:50 9.2 4:40 6.6 0.0 0.0 0.3 13.0 0:10 NNW 14 10.7 15.6 14:40 5.7 23:50 7.6 0.0 0.6 0.4 11.0 14:50 NNW 15 11.8 15.4 13:50 5.9 0:10 6.5 0.0 5.2 3.9 32.0 10:40 SSE 16 9.8 11.9 13:20 8.7 19:00 8.5 0.0 6.4 2.7 21.0 3:10 SW 17 9.6 11.1 10:00 5.9 23:20 8.7 0.0 2.6 1.2 15.0 0:50 SW 18 9.6 13.2 13:40 5.8 0:10 8.7 0.0 3.6 1.3 20.0 16:20 NNW 19 11.9 15.6 13:40 9.1 7:20 6.4 0.0 7.0 1.3 16.0 20:50 SSE 20 12.3 15.3 14:30 9.8 4:30 6.0 0.0 0.0 0.8 15.0 2:00 SSE 21 13.1 15.9 16:30 10.9 6:00 5.2 0.0 0.6 0.2 6.0 14:20 SSE 22 15.1 20.2 14:20 8.4 23:50 3.3 0.1 0.2 0.4 10.0 10:00 SSE 23 13.4 16.7 16:00 7.9 1:40 4.9 0.0 0.2 0.0 0.0 --- --- 24 14.9 18.1 14:50 13.1 20:20 3.4 0.0 0.0 0.0 0.0 --- --- 25 14.1 17.1 14:10 11.3 23:50 4.2 0.0 0.0 0.0 0.0 --- --- 26 13.0 17.3 14:40 10.4 6:50 5.3 0.0 0.0 0.0 1.0 9:50 NE 27 13.9 19.4 14:40 9.0 23:20 4.4 0.0 0.2 0.0 1.0 0:50 NNE 28 12.7 17.6 14:50 8.2 6:20 5.6 0.0 0.0 1.0 9.0 10:20 NNW 29 12.9 17.8 15:20 10.5 4:30 5.3 0.0 0.0 1.8 11.0 12:30 NNW 30 13.3 16.6 13:40 10.6 4:30 5.0 0.0 0.0 1.9 12.0 11:40 NNW ------------------------------------------------------------------------------------- 12.7 22.5 4 5.7 14 169.1 1.3 106.5 0.9 32.0 15 SSE Max >= 32.0: 0 Max <= 0.0: 0 Min <= 0.0: 0 Min <= -18.0: 0 Max Rain: 18.21 ON 09/09/13 Days of Rain: 19 (> .2 mm) 11 (> 2 mm) 0 (> 20 mm) Heat Base: 18.3 Cool Base: 18.3 Method: Integration