2020: Jan | Feb | Mar | Apr | May | Jun | Jul | Aug | Sep | Oct | Nov | Dec 
2019: Jan | Feb | Mar | Apr | May | Jun | Jul | Aug | Sep | Oct | Nov | Dec 
2018: Jan | Feb | Mar | Apr | May | Jun | Jul | Aug | Sep | Oct | Nov | Dec 
2017: Jan | Feb | Mar | Apr | May | Jun | Jul | Aug | Sep | Oct | Nov | Dec 
2016: Jan | Feb | Mar | Apr | May | Jun | Jul | Aug | Sep | Oct | Nov | Dec 
2015: Jan | Feb | Mar | Apr | May | Jun | Jul | Aug | Sep | Oct | Nov | Dec 
2014: Jan | Feb | Mar | Apr | May | Jun | Jul | Aug | Sep | Oct | Nov | Dec 
2013: Jan | Feb | Mar | Apr | May | Jun | Jul | Aug | Sep | Oct | Nov | Dec 
2012: Jan | Feb | Mar | Apr | May | Jun | Jul | Aug | Sep | Oct | Nov | Dec 
2011: Jan | Feb | Mar | Apr | May | Jun | Jul | Aug | Sep | Oct | Nov | Dec 
2010: Jan | Feb | Mar | Apr | May | Jun | Jul | Aug | Sep | Oct | Nov | Dec 
2009: Jan | Feb | Mar | Apr | May | Jun | Jul | Aug | Sep | Oct | Nov | Dec 
2008: Jan | Feb | Mar | Apr | May | Jun | Jul | Aug | Sep | Oct | Nov | Dec 
2007: Jan | Feb | Mar | Apr | May | Jun | Jul | Aug | Sep | Oct | Nov | Dec 

Report for 2013 10
MONTHLY CLIMATOLOGICAL SUMMARY for OCT. 2013 NAME: VantagePro2 CITY: Urswick STATE: Cumbria ELEV: 128 ft LAT: 54 09' 33" N LONG: 3 07' 24" W TEMPERATURE (C), RAIN (mm), WIND SPEED (mph) HEAT COOL AVG MEAN DEG DEG WIND DOM DAY TEMP HIGH TIME LOW TIME DAYS DAYS RAIN SPEED HIGH TIME DIR ------------------------------------------------------------------------------------ 1 12.7 16.8 14:50 9.2 3:50 5.6 0.0 0.2 1.6 10.0 10:50 NNW 2 13.6 15.3 23:40 11.9 7:00 4.7 0.0 9.2 0.8 10.0 3:00 NNE 3 15.8 17.7 12:00 15.3 0:10 2.5 0.0 11.6 0.6 13.0 21:30 SSE 4 15.1 17.1 12:00 13.8 20:50 3.2 0.0 22.0 0.2 9.0 12:10 SSE 5 12.5 15.5 14:50 7.6 22:00 5.8 0.0 0.0 0.3 10.0 11:50 SSE 6 14.0 17.3 14:50 8.5 1:40 4.3 0.0 0.4 1.6 15.0 14:20 SSE 7 15.6 16.9 12:20 15.1 10:30 2.7 0.0 1.4 2.1 15.0 9:40 SSE 8 14.0 15.6 13:10 10.7 23:50 4.3 0.0 2.8 1.1 17.0 0:20 SSE 9 10.4 12.8 11:10 6.3 00:00 7.9 0.0 0.4 3.0 22.0 14:30 NNW 10 7.3 11.8 15:00 2.8 6:50 11.0 0.0 0.0 1.4 13.0 12:10 NNE 11 10.1 13.7 14:40 6.4 3:10 8.2 0.0 0.0 1.7 13.0 4:20 NNW 12 11.4 14.3 13:00 8.4 0:10 6.8 0.0 0.0 1.8 11.0 12:20 NNW 13 10.4 12.9 13:10 6.9 22:00 7.9 0.0 0.0 0.5 9.0 15:40 NNW 14 10.3 12.9 13:40 8.1 0:10 8.0 0.0 0.0 1.0 11.0 6:40 NNE 15 10.0 14.7 14:00 4.3 23:50 8.3 0.0 0.0 0.3 5.0 11:30 NNW 16 8.4 10.7 11:30 3.9 1:30 9.9 0.0 14.8 1.1 13.0 14:20 NNE 17 11.2 14.8 14:10 7.6 20:40 7.2 0.0 0.8 0.3 10.0 2:10 SSE 18 11.4 12.7 20:20 9.7 1:00 6.9 0.0 7.4 1.0 7.0 10:30 NNW 19 13.1 17.2 14:30 11.3 00:00 5.2 0.0 18.8 0.2 10.0 16:50 SSE 20 12.1 14.1 16:40 10.8 19:10 6.2 0.0 2.6 0.7 11.0 13:30 SSE 21 12.9 14.7 22:40 10.5 7:20 5.4 0.0 12.2 0.7 13.0 14:00 SSE 22 14.2 15.9 15:10 13.1 18:20 4.1 0.0 16.4 1.0 13.0 2:50 SSE 23 11.6 13.7 0:10 8.8 16:10 6.7 0.0 12.8 1.5 15.0 7:40 SW 24 10.2 14.6 14:00 3.7 8:50 8.1 0.0 0.0 0.5 11.0 2:20 NNE 25 12.8 16.1 14:00 11.0 0:10 5.5 0.0 24.0 1.6 16.0 00:00 SSE 26 12.3 13.5 13:50 10.3 20:20 6.0 0.0 5.4 2.2 21.0 19:00 SSE 27 11.8 13.9 12:10 9.0 4:00 6.5 0.0 8.2 4.5 26.0 14:00 SSE 28 10.3 12.3 12:10 8.7 19:10 8.0 0.0 4.6 1.7 17.0 11:40 SW 29 8.9 10.9 12:00 7.5 5:10 9.4 0.0 3.2 1.4 15.0 7:50 NNW 30 9.4 11.8 18:30 5.0 7:00 8.9 0.0 6.0 1.5 19.0 18:20 SSE 31 10.7 13.2 14:10 8.7 18:40 7.6 0.0 6.0 2.1 18.0 16:10 SSE ------------------------------------------------------------------------------------- 11.8 17.7 3 2.8 10 202.6 0.0 191.2 1.3 26.0 27 SSE Max >= 32.0: 0 Max <= 0.0: 0 Min <= 0.0: 0 Min <= -18.0: 0 Max Rain: 24.00 ON 25/10/13 Days of Rain: 23 (> .2 mm) 18 (> 2 mm) 2 (> 20 mm) Heat Base: 18.3 Cool Base: 18.3 Method: Integration