2020: Jan | Feb | Mar | Apr | May | Jun | Jul | Aug | Sep | Oct | Nov | Dec 
2019: Jan | Feb | Mar | Apr | May | Jun | Jul | Aug | Sep | Oct | Nov | Dec 
2018: Jan | Feb | Mar | Apr | May | Jun | Jul | Aug | Sep | Oct | Nov | Dec 
2017: Jan | Feb | Mar | Apr | May | Jun | Jul | Aug | Sep | Oct | Nov | Dec 
2016: Jan | Feb | Mar | Apr | May | Jun | Jul | Aug | Sep | Oct | Nov | Dec 
2015: Jan | Feb | Mar | Apr | May | Jun | Jul | Aug | Sep | Oct | Nov | Dec 
2014: Jan | Feb | Mar | Apr | May | Jun | Jul | Aug | Sep | Oct | Nov | Dec 
2013: Jan | Feb | Mar | Apr | May | Jun | Jul | Aug | Sep | Oct | Nov | Dec 
2012: Jan | Feb | Mar | Apr | May | Jun | Jul | Aug | Sep | Oct | Nov | Dec 
2011: Jan | Feb | Mar | Apr | May | Jun | Jul | Aug | Sep | Oct | Nov | Dec 
2010: Jan | Feb | Mar | Apr | May | Jun | Jul | Aug | Sep | Oct | Nov | Dec 
2009: Jan | Feb | Mar | Apr | May | Jun | Jul | Aug | Sep | Oct | Nov | Dec 
2008: Jan | Feb | Mar | Apr | May | Jun | Jul | Aug | Sep | Oct | Nov | Dec 
2007: Jan | Feb | Mar | Apr | May | Jun | Jul | Aug | Sep | Oct | Nov | Dec 

Report for 2013 11
MONTHLY CLIMATOLOGICAL SUMMARY for NOV. 2013 NAME: VantagePro2 CITY: Urswick STATE: Cumbria ELEV: 128 ft LAT: 54 09' 33" N LONG: 3 07' 24" W TEMPERATURE (C), RAIN (mm), WIND SPEED (mph) HEAT COOL AVG MEAN DEG DEG WIND DOM DAY TEMP HIGH TIME LOW TIME DAYS DAYS RAIN SPEED HIGH TIME DIR ------------------------------------------------------------------------------------ 1 7.7 11.9 13:30 1.6 00:00 10.6 0.0 0.8 0.8 13.0 2:10 S 2 6.8 11.1 13:00 1.4 0:30 11.5 0.0 11.0 2.2 28.0 22:00 SSE 3 6.4 9.9 14:10 -0.3 23:40 11.8 0.0 0.2 1.9 21.0 1:10 SW 4 2.6 8.8 13:20 -1.8 6:10 15.7 0.0 0.2 0.6 11.0 10:00 NNW 5 6.1 8.7 14:10 1.1 0:10 12.2 0.0 7.8 0.6 15.0 16:30 NNW 6 8.3 10.2 11:50 6.8 23:50 9.9 0.0 8.6 0.5 11.0 1:30 SW 7 8.8 11.1 13:10 6.3 5:20 9.5 0.0 1.0 1.8 18.0 11:30 SSE 8 6.8 8.9 0:30 2.9 20:10 11.4 0.0 12.8 0.3 14.0 6:10 SSE 9 4.9 9.1 13:50 -1.4 23:20 13.4 0.0 5.8 0.4 11.0 5:00 NNW 10 3.3 8.4 13:40 -1.5 1:20 15.0 0.0 0.2 0.6 15.0 4:00 NNW 11 8.8 12.6 13:40 5.6 0:10 9.5 0.0 18.4 0.4 7.0 4:10 SSE 12 8.5 9.9 1:10 6.8 00:00 9.8 0.0 0.2 0.7 12.0 10:50 NNW 13 8.5 10.4 20:40 5.9 3:10 9.8 0.0 2.0 2.3 22.0 20:30 SSE 14 7.1 9.3 0:10 4.8 21:50 11.2 0.0 2.4 5.5 26.0 3:50 NNW 15 7.1 9.8 12:50 2.1 3:40 11.2 0.0 0.0 0.2 7.0 0:30 NNW 16 10.1 10.9 12:40 9.2 1:00 8.2 0.0 0.4 0.4 9.0 7:50 SSE 17 7.7 10.3 0:10 3.1 4:00 10.6 0.0 12.8 0.4 9.0 19:00 SSE 18 6.0 9.6 1:00 -0.9 19:20 12.3 0.0 9.4 0.9 13.0 16:00 NNW 19 1.7 6.6 23:50 -2.7 18:20 16.6 0.0 4.4 1.0 16.0 23:00 NNW 20 6.2 7.9 4:10 4.7 8:20 12.1 0.0 3.0 6.9 31.0 15:00 NNW 21 5.1 7.2 12:00 3.1 00:00 13.2 0.0 0.0 2.3 23.0 1:50 NNE 22 1.9 7.1 13:00 -3.6 23:50 16.4 0.0 0.0 0.0 3.0 11:20 NNE 23 0.7 5.7 14:20 -4.9 6:10 17.6 0.0 0.0 0.0 2.0 18:20 NW 24 3.8 8.1 11:30 -1.9 22:10 14.5 0.0 0.0 0.0 5.0 11:50 NNE 25 0.8 6.3 13:40 -4.5 8:10 17.5 0.0 0.2 0.0 1.0 6:10 SSE 26 6.2 9.3 00:00 2.8 6:50 12.1 0.0 0.0 0.5 12.0 22:00 NNW 27 9.3 10.9 11:00 5.4 23:30 9.0 0.0 0.0 2.0 13.0 6:10 NNW 28 7.1 9.3 3:00 3.7 6:00 11.3 0.0 0.0 0.1 7.0 2:40 NNW 29 7.6 8.9 7:40 5.6 23:40 10.7 0.0 1.2 5.5 26.0 12:50 NNW 30 4.7 8.7 13:20 -1.5 8:50 13.6 0.0 0.0 0.7 16.0 1:00 NNW ------------------------------------------------------------------------------------- 6.0 12.6 11 -4.9 23 368.0 0.0 102.8 1.3 31.0 20 NNW Max >= 32.0: 0 Max <= 0.0: 0 Min <= 0.0: 11 Min <= -18.0: 0 Max Rain: 18.39 ON 11/11/13 Days of Rain: 21 (> .2 mm) 12 (> 2 mm) 0 (> 20 mm) Heat Base: 18.3 Cool Base: 18.3 Method: Integration