2020: Jan | Feb | Mar | Apr | May | Jun | Jul | Aug | Sep | Oct | Nov | Dec 
2019: Jan | Feb | Mar | Apr | May | Jun | Jul | Aug | Sep | Oct | Nov | Dec 
2018: Jan | Feb | Mar | Apr | May | Jun | Jul | Aug | Sep | Oct | Nov | Dec 
2017: Jan | Feb | Mar | Apr | May | Jun | Jul | Aug | Sep | Oct | Nov | Dec 
2016: Jan | Feb | Mar | Apr | May | Jun | Jul | Aug | Sep | Oct | Nov | Dec 
2015: Jan | Feb | Mar | Apr | May | Jun | Jul | Aug | Sep | Oct | Nov | Dec 
2014: Jan | Feb | Mar | Apr | May | Jun | Jul | Aug | Sep | Oct | Nov | Dec 
2013: Jan | Feb | Mar | Apr | May | Jun | Jul | Aug | Sep | Oct | Nov | Dec 
2012: Jan | Feb | Mar | Apr | May | Jun | Jul | Aug | Sep | Oct | Nov | Dec 
2011: Jan | Feb | Mar | Apr | May | Jun | Jul | Aug | Sep | Oct | Nov | Dec 
2010: Jan | Feb | Mar | Apr | May | Jun | Jul | Aug | Sep | Oct | Nov | Dec 
2009: Jan | Feb | Mar | Apr | May | Jun | Jul | Aug | Sep | Oct | Nov | Dec 
2008: Jan | Feb | Mar | Apr | May | Jun | Jul | Aug | Sep | Oct | Nov | Dec 
2007: Jan | Feb | Mar | Apr | May | Jun | Jul | Aug | Sep | Oct | Nov | Dec 

Report for 2013 12
MONTHLY CLIMATOLOGICAL SUMMARY for DEC. 2013 NAME: VantagePro2 CITY: Urswick STATE: Cumbria ELEV: 128 ft LAT: 54 09' 33" N LONG: 3 07' 24" W TEMPERATURE (C), RAIN (mm), WIND SPEED (mph) HEAT COOL AVG MEAN DEG DEG WIND DOM DAY TEMP HIGH TIME LOW TIME DAYS DAYS RAIN SPEED HIGH TIME DIR ------------------------------------------------------------------------------------ 1 7.9 10.0 12:00 5.6 16:00 10.4 0.0 0.6 0.8 14.0 3:10 NNW 2 7.6 8.2 13:50 6.8 3:20 10.8 0.0 0.0 0.5 9.0 10:00 SSE 3 8.8 9.9 13:00 6.6 8:20 9.5 0.0 0.2 1.2 11.0 13:20 SSE 4 5.7 8.9 0:10 -0.3 8:10 12.6 0.0 0.8 1.8 16.0 12:20 NNW 5 6.3 9.6 9:50 2.3 20:40 12.0 0.0 0.8 7.0 40.0 12:10 SW 6 4.3 6.2 12:10 3.1 5:30 13.9 0.0 1.2 2.1 14.0 7:00 NNW 7 8.2 9.1 22:00 3.9 0:10 10.1 0.0 0.6 1.4 14.0 22:00 SW 8 9.7 10.4 10:50 8.9 1:20 8.6 0.0 2.6 4.1 25.0 16:20 SSE 9 9.6 11.1 11:20 6.8 22:00 8.7 0.0 0.0 1.9 22.0 1:30 SSE 10 7.7 10.4 13:10 5.9 17:00 10.6 0.0 0.0 0.6 9.0 10:40 SSE 11 6.1 7.8 13:40 3.2 23:40 12.2 0.0 0.0 0.1 6.0 12:40 SSE 12 7.6 10.1 22:40 3.6 0:10 10.8 0.0 4.6 0.1 5.0 6:20 SSE 13 9.4 10.6 11:20 6.8 00:00 8.9 0.0 4.4 2.0 15.0 17:30 SSE 14 8.4 11.1 14:10 6.2 6:50 9.9 0.0 5.0 3.9 24.0 15:00 SSE 15 8.1 11.3 16:20 3.2 7:40 10.2 0.0 2.4 1.6 19.0 1:50 SSE 16 7.7 10.7 0:10 5.2 9:20 10.6 0.0 3.4 2.0 25.0 6:20 SSE 17 3.4 7.0 13:20 -1.8 9:00 14.9 0.0 0.2 0.5 11.0 21:20 SSW 18 6.9 9.9 17:50 3.8 1:00 11.4 0.0 15.6 3.4 26.0 20:00 SSW 19 5.6 7.6 0:10 3.8 13:20 12.7 0.0 3.0 3.8 30.0 12:30 SSE 20 7.7 10.3 23:00 4.9 2:50 10.6 0.0 7.6 4.2 22.0 20:00 SSE 21 8.4 10.2 0:10 5.6 19:00 9.9 0.0 6.8 4.7 29.0 10:00 SSE 22 6.0 7.3 3:30 3.9 17:40 12.3 0.0 0.2 4.3 20.0 7:50 SW 23 7.2 9.6 20:00 3.9 7:50 11.1 0.0 17.4 3.7 18.0 12:20 SSE 24 6.5 9.0 1:20 4.0 12:10 11.8 0.0 3.4 7.2 34.0 17:10 SSE 25 4.7 7.9 13:50 0.3 19:30 13.6 0.0 0.0 0.9 14.0 0:50 SSE 26 3.5 5.7 00:00 1.1 0:10 14.8 0.0 0.8 0.8 20.0 23:40 SW 27 7.9 9.0 6:30 5.6 0:10 10.4 0.0 1.4 9.1 37.0 8:20 SSE 28 6.2 7.4 13:50 5.4 9:30 12.2 0.0 0.0 2.0 17.0 0:50 SW 29 5.8 8.0 13:30 4.4 6:20 12.4 0.0 2.8 1.3 15.0 23:40 SW 30 6.9 9.3 11:40 4.3 23:50 11.4 0.0 17.0 2.7 23.0 12:40 SSE 31 5.8 7.8 9:00 4.4 0:10 12.5 0.0 14.6 2.0 13.0 21:50 SW ------------------------------------------------------------------------------------- 7.0 11.3 15 -1.8 17 351.7 0.0 117.3 2.6 40.0 5 SSE Max >= 32.0: 0 Max <= 0.0: 0 Min <= 0.0: 2 Min <= -18.0: 0 Max Rain: 17.40 ON 23/12/13 Days of Rain: 25 (> .2 mm) 15 (> 2 mm) 0 (> 20 mm) Heat Base: 18.3 Cool Base: 18.3 Method: Integration