2020: Jan | Feb | Mar | Apr | May | Jun | Jul | Aug | Sep | Oct | Nov | Dec 
2019: Jan | Feb | Mar | Apr | May | Jun | Jul | Aug | Sep | Oct | Nov | Dec 
2018: Jan | Feb | Mar | Apr | May | Jun | Jul | Aug | Sep | Oct | Nov | Dec 
2017: Jan | Feb | Mar | Apr | May | Jun | Jul | Aug | Sep | Oct | Nov | Dec 
2016: Jan | Feb | Mar | Apr | May | Jun | Jul | Aug | Sep | Oct | Nov | Dec 
2015: Jan | Feb | Mar | Apr | May | Jun | Jul | Aug | Sep | Oct | Nov | Dec 
2014: Jan | Feb | Mar | Apr | May | Jun | Jul | Aug | Sep | Oct | Nov | Dec 
2013: Jan | Feb | Mar | Apr | May | Jun | Jul | Aug | Sep | Oct | Nov | Dec 
2012: Jan | Feb | Mar | Apr | May | Jun | Jul | Aug | Sep | Oct | Nov | Dec 
2011: Jan | Feb | Mar | Apr | May | Jun | Jul | Aug | Sep | Oct | Nov | Dec 
2010: Jan | Feb | Mar | Apr | May | Jun | Jul | Aug | Sep | Oct | Nov | Dec 
2009: Jan | Feb | Mar | Apr | May | Jun | Jul | Aug | Sep | Oct | Nov | Dec 
2008: Jan | Feb | Mar | Apr | May | Jun | Jul | Aug | Sep | Oct | Nov | Dec 
2007: Jan | Feb | Mar | Apr | May | Jun | Jul | Aug | Sep | Oct | Nov | Dec 

Report for 2014 01
MONTHLY CLIMATOLOGICAL SUMMARY for JAN. 2014 NAME: VantagePro2 CITY: Urswick STATE: Cumbria ELEV: 128 ft LAT: 54 09' 33" N LONG: 3 07' 24" W TEMPERATURE (C), RAIN (mm), WIND SPEED (mph) HEAT COOL AVG MEAN DEG DEG WIND DOM DAY TEMP HIGH TIME LOW TIME DAYS DAYS RAIN SPEED HIGH TIME DIR ------------------------------------------------------------------------------------ 1 6.2 9.3 18:20 4.0 2:10 12.1 0.0 11.4 1.9 17.0 21:10 SW 2 7.1 8.9 13:20 6.1 0:50 11.2 0.0 2.8 2.1 16.0 13:40 SSE 3 7.5 9.1 11:30 6.4 6:10 10.8 0.0 1.6 5.4 27.0 12:50 SSE 4 5.1 6.7 0:10 1.5 21:20 13.3 0.0 4.0 0.9 21.0 0:10 SSE 5 4.8 8.6 21:50 0.7 6:00 13.5 0.0 14.4 1.8 20.0 21:50 SSE 6 8.3 9.7 14:20 6.9 7:30 10.0 0.0 3.4 3.8 21.0 2:00 SSE 7 8.7 9.5 11:50 7.8 9:40 9.6 0.0 0.2 4.9 21.0 3:00 SSE 8 7.3 9.0 11:10 4.6 00:00 10.9 0.0 9.2 2.2 19.0 0:20 SSE 9 5.4 7.1 12:20 3.8 3:30 12.9 0.0 7.4 1.7 18.0 12:00 SW 10 6.0 7.2 19:10 3.5 22:20 12.3 0.0 5.4 0.8 11.0 17:40 SSE 11 2.2 5.9 12:10 -1.7 21:30 16.1 0.0 0.6 0.6 15.0 7:50 NW 12 3.4 6.6 23:10 0.3 2:50 14.9 0.0 5.8 0.4 11.0 22:30 SW 13 5.3 6.8 11:50 4.2 5:40 13.0 0.0 12.0 0.6 10.0 7:20 SSE 14 4.1 6.3 13:50 0.5 9:10 14.2 0.0 4.8 0.6 10.0 2:30 NW 15 6.9 8.8 13:40 3.8 23:10 11.4 0.0 24.0 0.7 11.0 9:00 SSE 16 5.8 7.6 14:30 2.9 6:50 12.5 0.0 0.4 0.4 7.0 9:40 SW 17 5.5 6.6 15:30 3.6 21:00 12.8 0.0 3.6 0.7 16.0 12:10 SSE 18 6.1 7.9 15:20 3.8 0:30 12.2 0.0 6.6 0.7 9.0 22:20 E 19 4.8 6.9 0:10 1.2 18:40 13.5 0.0 7.4 0.2 6.0 7:10 SSE 20 4.6 6.1 15:00 3.7 2:40 13.7 0.0 0.6 0.1 5.0 0:10 SSE 21 4.9 5.9 22:30 3.4 7:10 13.4 0.0 7.0 1.3 11.0 12:00 SW 22 6.3 7.7 14:40 4.2 7:00 12.0 0.0 2.4 0.6 10.0 14:40 SSE 23 4.6 6.4 7:10 0.9 00:00 13.7 0.0 5.2 2.7 24.0 8:10 NW 24 4.4 7.1 22:20 0.7 0:40 13.8 0.0 14.2 0.7 9.0 13:40 SW 25 6.6 9.0 11:50 3.4 23:50 11.7 0.0 0.0 3.0 27.0 12:30 SSE 26 4.9 7.4 14:20 3.1 3:10 13.4 0.0 9.4 2.6 19.0 23:00 SW 27 5.9 8.3 14:10 4.4 23:30 12.3 0.0 13.2 2.7 21.0 3:00 SSE 28 5.2 5.9 14:20 4.2 8:50 13.1 0.0 10.8 1.3 11.0 11:30 NNE 29 5.1 6.6 11:40 2.8 23:20 13.3 0.0 0.2 2.5 13.0 16:50 NNE 30 2.1 3.7 13:20 -1.0 7:50 16.2 0.0 0.0 0.5 9.0 15:10 NNE 31 3.9 5.9 20:40 1.8 11:30 14.3 0.0 6.4 2.1 14.0 16:40 SW ------------------------------------------------------------------------------------- 5.5 9.7 6 -1.7 11 398.1 0.0 194.4 1.6 27.0 3 SSE Max >= 32.0: 0 Max <= 0.0: 0 Min <= 0.0: 2 Min <= -18.0: 0 Max Rain: 24.00 ON 15/01/14 Days of Rain: 29 (> .2 mm) 23 (> 2 mm) 1 (> 20 mm) Heat Base: 18.3 Cool Base: 18.3 Method: Integration