2020: Jan | Feb | Mar | Apr | May | Jun | Jul | Aug | Sep | Oct | Nov | Dec 
2019: Jan | Feb | Mar | Apr | May | Jun | Jul | Aug | Sep | Oct | Nov | Dec 
2018: Jan | Feb | Mar | Apr | May | Jun | Jul | Aug | Sep | Oct | Nov | Dec 
2017: Jan | Feb | Mar | Apr | May | Jun | Jul | Aug | Sep | Oct | Nov | Dec 
2016: Jan | Feb | Mar | Apr | May | Jun | Jul | Aug | Sep | Oct | Nov | Dec 
2015: Jan | Feb | Mar | Apr | May | Jun | Jul | Aug | Sep | Oct | Nov | Dec 
2014: Jan | Feb | Mar | Apr | May | Jun | Jul | Aug | Sep | Oct | Nov | Dec 
2013: Jan | Feb | Mar | Apr | May | Jun | Jul | Aug | Sep | Oct | Nov | Dec 
2012: Jan | Feb | Mar | Apr | May | Jun | Jul | Aug | Sep | Oct | Nov | Dec 
2011: Jan | Feb | Mar | Apr | May | Jun | Jul | Aug | Sep | Oct | Nov | Dec 
2010: Jan | Feb | Mar | Apr | May | Jun | Jul | Aug | Sep | Oct | Nov | Dec 
2009: Jan | Feb | Mar | Apr | May | Jun | Jul | Aug | Sep | Oct | Nov | Dec 
2008: Jan | Feb | Mar | Apr | May | Jun | Jul | Aug | Sep | Oct | Nov | Dec 
2007: Jan | Feb | Mar | Apr | May | Jun | Jul | Aug | Sep | Oct | Nov | Dec 

Report for 2014 02
MONTHLY CLIMATOLOGICAL SUMMARY for FEB. 2014 NAME: VantagePro2 CITY: Urswick STATE: Cumbria ELEV: 128 ft LAT: 54 09' 33" N LONG: 3 07' 24" W TEMPERATURE (C), RAIN (mm), WIND SPEED (mph) HEAT COOL AVG MEAN DEG DEG WIND DOM DAY TEMP HIGH TIME LOW TIME DAYS DAYS RAIN SPEED HIGH TIME DIR ------------------------------------------------------------------------------------ 1 5.2 7.6 19:50 2.5 4:00 13.1 0.0 1.8 5.1 28.0 18:20 SSE 2 6.7 8.3 14:20 4.9 23:30 11.6 0.0 0.2 3.5 19.0 6:30 SSE 3 6.0 7.4 13:20 4.7 22:50 12.3 0.0 0.0 2.0 13.0 11:50 SW 4 5.1 7.7 14:20 2.1 6:30 13.3 0.0 4.0 1.1 12.0 14:50 SW 5 6.6 7.5 19:20 5.5 13:10 11.7 0.0 5.0 1.7 19.0 19:20 SW 6 6.4 8.1 13:00 3.7 00:00 11.8 0.0 5.8 2.1 18.0 10:30 SSE 7 4.7 7.7 14:00 2.2 6:40 13.6 0.0 4.2 0.9 13.0 14:40 SW 8 5.9 7.0 20:20 4.3 7:50 12.4 0.0 6.6 4.3 22.0 15:30 SSE 9 6.3 7.7 14:20 4.2 21:20 12.0 0.0 7.2 3.9 23.0 10:50 SW 10 3.0 7.0 13:30 -1.1 8:40 15.3 0.0 1.2 0.2 9.0 0:50 SSE 11 3.7 6.6 14:10 -0.1 0:10 14.6 0.0 2.8 2.8 20.0 14:20 SW 12 4.8 6.9 14:40 2.7 7:40 13.5 0.0 4.0 6.0 33.0 17:40 SW 13 5.3 6.7 12:50 3.4 8:40 13.0 0.0 0.2 5.2 25.0 16:20 SW 14 5.4 7.3 23:40 3.7 8:50 12.9 0.0 8.6 1.1 12.0 2:00 SW 15 5.9 7.6 2:20 4.3 11:50 12.4 0.0 9.6 3.8 22.0 14:30 NW 16 5.2 8.6 13:40 2.9 18:20 13.1 0.0 0.0 0.8 18.0 1:00 SW 17 6.4 7.8 19:30 4.0 1:00 11.9 0.0 3.4 0.4 6.0 11:00 SW 18 7.3 9.1 11:40 6.3 7:00 11.0 0.0 1.8 0.7 12.0 11:10 SSE 19 7.9 11.2 14:20 7.1 0:10 10.4 0.0 2.8 0.4 9.0 12:20 SSE 20 7.2 9.2 7:00 4.4 19:30 11.1 0.0 3.6 2.3 22.0 8:30 SSE 21 6.2 8.3 15:10 4.9 5:50 12.1 0.0 1.8 5.3 25.0 20:30 SSE 22 7.4 9.3 13:00 6.1 0:20 10.9 0.0 0.0 3.8 19.0 10:40 SSE 23 8.4 10.4 13:00 7.0 22:00 9.9 0.0 10.0 4.1 21.0 12:30 SSE 24 7.9 10.4 14:30 4.9 7:30 10.4 0.0 6.6 2.4 17.0 3:40 SSE 25 7.0 9.4 11:30 5.3 7:50 11.3 0.0 0.8 2.8 19.0 12:50 SSE 26 6.7 9.2 14:10 5.6 5:00 11.6 0.0 1.0 3.8 23.0 14:20 SSE 27 5.9 8.8 14:00 1.9 22:00 12.4 0.0 8.6 2.2 17.0 18:50 SW 28 2.8 8.9 13:50 -1.6 7:30 15.5 0.0 0.0 0.3 13.0 14:40 NW ------------------------------------------------------------------------------------- 6.0 11.2 19 -1.6 28 345.0 0.0 101.6 2.6 33.0 12 SSE Max >= 32.0: 0 Max <= 0.0: 0 Min <= 0.0: 3 Min <= -18.0: 0 Max Rain: 10.01 ON 23/02/14 Days of Rain: 24 (> .2 mm) 16 (> 2 mm) 0 (> 20 mm) Heat Base: 18.3 Cool Base: 18.3 Method: Integration