2020: Jan | Feb | Mar | Apr | May | Jun | Jul | Aug | Sep | Oct | Nov | Dec 
2019: Jan | Feb | Mar | Apr | May | Jun | Jul | Aug | Sep | Oct | Nov | Dec 
2018: Jan | Feb | Mar | Apr | May | Jun | Jul | Aug | Sep | Oct | Nov | Dec 
2017: Jan | Feb | Mar | Apr | May | Jun | Jul | Aug | Sep | Oct | Nov | Dec 
2016: Jan | Feb | Mar | Apr | May | Jun | Jul | Aug | Sep | Oct | Nov | Dec 
2015: Jan | Feb | Mar | Apr | May | Jun | Jul | Aug | Sep | Oct | Nov | Dec 
2014: Jan | Feb | Mar | Apr | May | Jun | Jul | Aug | Sep | Oct | Nov | Dec 
2013: Jan | Feb | Mar | Apr | May | Jun | Jul | Aug | Sep | Oct | Nov | Dec 
2012: Jan | Feb | Mar | Apr | May | Jun | Jul | Aug | Sep | Oct | Nov | Dec 
2011: Jan | Feb | Mar | Apr | May | Jun | Jul | Aug | Sep | Oct | Nov | Dec 
2010: Jan | Feb | Mar | Apr | May | Jun | Jul | Aug | Sep | Oct | Nov | Dec 
2009: Jan | Feb | Mar | Apr | May | Jun | Jul | Aug | Sep | Oct | Nov | Dec 
2008: Jan | Feb | Mar | Apr | May | Jun | Jul | Aug | Sep | Oct | Nov | Dec 
2007: Jan | Feb | Mar | Apr | May | Jun | Jul | Aug | Sep | Oct | Nov | Dec 

Report for 2014 03
MONTHLY CLIMATOLOGICAL SUMMARY for MAR. 2014 NAME: VantagePro2 CITY: Urswick STATE: Cumbria ELEV: 128 ft LAT: 54 09' 33" N LONG: 3 07' 24" W TEMPERATURE (C), RAIN (mm), WIND SPEED (mph) HEAT COOL AVG MEAN DEG DEG WIND DOM DAY TEMP HIGH TIME LOW TIME DAYS DAYS RAIN SPEED HIGH TIME DIR ------------------------------------------------------------------------------------ 1 4.2 8.4 14:20 -1.2 0:50 14.1 0.0 4.4 0.7 17.0 23:30 S 2 5.9 8.2 13:40 1.3 5:20 12.4 0.0 10.6 1.0 17.0 1:10 SSE 3 3.8 8.1 14:00 0.8 20:50 14.5 0.0 1.6 0.2 9.0 16:40 NW 4 5.9 9.8 13:40 0.3 0:30 12.4 0.0 0.2 0.7 12.0 13:10 SW 5 6.6 9.7 14:20 1.2 2:50 11.7 0.0 0.0 1.6 15.0 14:20 SSE 6 8.3 9.4 21:10 7.1 3:20 10.0 0.0 18.0 1.5 13.0 20:50 SSE 7 6.7 9.5 10:40 -0.4 22:20 11.6 0.0 17.0 2.0 22.0 12:00 SW 8 7.0 12.1 15:10 3.1 0:40 11.3 0.0 0.0 0.9 14.0 12:10 SSE 9 9.0 12.9 12:20 4.1 0:30 9.3 0.0 1.0 0.3 14.0 11:20 SSE 10 6.3 12.2 13:50 0.8 7:10 11.9 0.0 0.2 0.5 15.0 1:40 NW 11 5.1 12.1 14:10 -1.8 6:30 13.2 0.0 0.0 0.4 8.0 16:00 NNE 12 6.0 13.2 13:40 1.0 5:10 12.3 0.0 0.0 0.1 5.0 14:20 NNE 13 4.2 6.9 16:50 1.4 2:40 14.1 0.0 0.2 0.0 4.0 9:10 NW 14 5.9 9.0 19:30 1.3 5:50 12.3 0.0 0.4 1.6 23.0 22:50 SW 15 8.8 10.6 14:50 7.4 6:20 9.5 0.0 0.0 2.6 17.0 6:30 NW 16 8.5 9.5 11:50 6.6 6:40 9.8 0.0 0.0 1.7 14.0 18:40 SW 17 8.7 11.4 12:00 7.5 5:20 9.6 0.0 0.0 2.0 14.0 2:00 SW 18 8.4 10.2 11:10 6.1 4:40 9.9 0.0 4.2 2.5 20.0 15:20 SSE 19 9.2 11.8 13:20 8.1 0:20 9.1 0.0 0.0 5.4 29.0 23:30 SSE 20 7.8 9.5 11:00 5.2 20:30 10.5 0.0 9.8 4.0 22.0 11:20 SSE 21 6.9 10.2 13:20 3.6 00:00 11.4 0.0 4.6 3.8 22.0 11:50 SSE 22 4.6 7.1 11:00 2.2 6:50 13.7 0.0 4.6 1.4 20.0 11:30 SSE 23 5.2 9.7 14:10 -1.8 00:00 13.1 0.0 1.0 3.7 18.0 13:30 NW 24 4.7 11.0 13:40 -3.2 3:10 13.6 0.0 0.2 1.2 13.0 13:40 SW 25 6.7 9.8 13:30 5.3 00:00 11.6 0.0 4.0 0.4 14.0 2:10 SSW 26 5.2 9.2 12:40 0.7 6:00 13.2 0.0 0.2 0.9 13.0 11:50 NNE 27 5.9 11.2 14:00 3.4 5:30 12.4 0.0 0.8 1.7 11.0 21:00 NNE 28 6.8 9.8 14:30 4.8 6:00 11.5 0.0 2.4 2.3 12.0 0:10 NNE 29 9.6 14.9 13:20 6.1 2:20 8.7 0.0 0.0 2.1 12.0 13:10 NNE 30 12.0 17.2 14:40 7.4 7:40 6.0 0.0 0.0 1.8 10.0 11:30 NNE 31 11.4 17.2 14:20 7.9 5:40 6.8 0.0 3.0 1.1 7.0 2:30 NNE ------------------------------------------------------------------------------------- 6.9 17.2 30 -3.2 24 351.7 0.0 88.3 1.6 29.0 19 SSE Max >= 32.0: 0 Max <= 0.0: 0 Min <= 0.0: 5 Min <= -18.0: 0 Max Rain: 18.01 ON 06/03/14 Days of Rain: 21 (> .2 mm) 11 (> 2 mm) 0 (> 20 mm) Heat Base: 18.3 Cool Base: 18.3 Method: Integration