2020: Jan | Feb | Mar | Apr | May | Jun | Jul | Aug | Sep | Oct | Nov | Dec 
2019: Jan | Feb | Mar | Apr | May | Jun | Jul | Aug | Sep | Oct | Nov | Dec 
2018: Jan | Feb | Mar | Apr | May | Jun | Jul | Aug | Sep | Oct | Nov | Dec 
2017: Jan | Feb | Mar | Apr | May | Jun | Jul | Aug | Sep | Oct | Nov | Dec 
2016: Jan | Feb | Mar | Apr | May | Jun | Jul | Aug | Sep | Oct | Nov | Dec 
2015: Jan | Feb | Mar | Apr | May | Jun | Jul | Aug | Sep | Oct | Nov | Dec 
2014: Jan | Feb | Mar | Apr | May | Jun | Jul | Aug | Sep | Oct | Nov | Dec 
2013: Jan | Feb | Mar | Apr | May | Jun | Jul | Aug | Sep | Oct | Nov | Dec 
2012: Jan | Feb | Mar | Apr | May | Jun | Jul | Aug | Sep | Oct | Nov | Dec 
2011: Jan | Feb | Mar | Apr | May | Jun | Jul | Aug | Sep | Oct | Nov | Dec 
2010: Jan | Feb | Mar | Apr | May | Jun | Jul | Aug | Sep | Oct | Nov | Dec 
2009: Jan | Feb | Mar | Apr | May | Jun | Jul | Aug | Sep | Oct | Nov | Dec 
2008: Jan | Feb | Mar | Apr | May | Jun | Jul | Aug | Sep | Oct | Nov | Dec 
2007: Jan | Feb | Mar | Apr | May | Jun | Jul | Aug | Sep | Oct | Nov | Dec 

Report for 2014 04
MONTHLY CLIMATOLOGICAL SUMMARY for APR. 2014 NAME: VantagePro2 CITY: Urswick STATE: Cumbria ELEV: 128 ft LAT: 54 09' 33" N LONG: 3 07' 24" W TEMPERATURE (C), RAIN (mm), WIND SPEED (mph) HEAT COOL AVG MEAN DEG DEG WIND DOM DAY TEMP HIGH TIME LOW TIME DAYS DAYS RAIN SPEED HIGH TIME DIR ------------------------------------------------------------------------------------ 1 8.7 11.6 17:50 4.6 21:30 9.6 0.0 6.8 0.0 6.0 9:50 SSE 2 9.7 13.1 14:50 6.4 1:00 8.6 0.0 2.8 1.8 12.0 9:40 NNE 3 10.4 13.6 15:10 8.4 6:50 7.8 0.0 2.2 0.8 11.0 3:10 NNE 4 9.3 12.5 14:00 3.7 00:00 9.0 0.0 3.0 0.1 7.0 13:10 SSE 5 9.4 11.7 17:40 2.8 1:10 8.9 0.0 9.0 0.2 11.0 13:20 SSE 6 11.1 12.9 10:40 8.2 23:10 7.2 0.0 12.8 2.6 20.0 16:30 SSE 7 8.3 9.6 15:20 7.2 00:00 10.0 0.0 5.4 0.8 13.0 13:50 SSE 8 8.1 11.3 14:30 5.5 4:50 10.3 0.0 1.6 1.8 19.0 12:50 SW 9 9.9 13.1 13:20 8.2 23:30 8.3 0.0 0.2 1.7 14.0 5:00 SSE 10 9.7 13.1 16:50 8.1 7:40 8.6 0.0 0.4 0.5 11.0 10:20 SW 11 7.7 12.3 13:00 1.8 4:00 10.6 0.0 0.0 0.5 11.0 5:30 SSE 12 9.0 11.7 16:40 7.3 21:20 9.3 0.0 0.0 3.0 22.0 13:10 SSE 13 8.8 11.2 13:00 7.3 21:00 9.5 0.0 0.6 2.8 20.0 15:10 SW 14 8.8 12.7 14:30 3.4 23:10 9.5 0.0 0.0 3.1 19.0 4:30 NW 15 8.0 15.6 14:40 1.1 6:30 10.3 0.0 0.0 0.3 7.0 13:20 SSE 16 9.1 14.2 14:20 4.1 5:50 9.2 0.0 0.0 0.8 12.0 15:10 SSE 17 9.4 11.6 13:50 4.4 23:50 8.9 0.0 0.0 2.9 18.0 2:30 NW 18 6.3 13.3 13:50 -0.9 6:30 12.0 0.0 0.0 0.5 12.0 0:50 NW 19 7.6 13.9 17:20 0.0 6:50 10.7 0.0 0.0 0.3 10.0 10:10 E 20 9.4 14.8 12:30 2.9 3:50 8.9 0.0 0.0 2.2 13.0 17:40 NNE 21 13.5 21.0 15:10 9.4 3:00 5.0 0.2 0.0 1.9 15.0 12:40 NNE 22 10.8 15.4 13:20 8.6 1:40 7.5 0.0 2.6 1.0 10.0 2:10 NNW 23 11.1 15.8 13:40 8.8 00:00 7.3 0.0 1.4 0.3 12.0 18:30 SSW 24 11.4 16.0 17:40 6.5 6:20 6.8 0.0 0.8 0.4 7.0 13:20 NW 25 10.2 15.2 13:30 5.6 3:50 8.1 0.0 6.0 0.4 7.0 12:30 NNE 26 11.7 17.4 14:50 8.4 4:10 6.6 0.0 2.0 0.6 10.0 17:40 SSW 27 11.0 16.4 13:30 6.9 3:50 5.0 0.0 0.0 1.3 9.0 14:20 NNE 28 29 12.7 19.6 13:10 6.3 5:40 5.3 0.1 0.0 0.2 6.0 12:10 SSE 30 11.4 16.0 15:10 8.2 2:20 6.9 0.0 9.4 0.4 10.0 18:00 NW ------------------------------------------------------------------------------------- 9.7 21.0 21 -0.9 18 245.7 0.3 67.0 1.1 22.0 12 SSE Max >= 32.0: 0 Max <= 0.0: 0 Min <= 0.0: 2 Min <= -18.0: 0 Max Rain: 12.80 ON 06/04/14 Days of Rain: 17 (> .2 mm) 11 (> 2 mm) 0 (> 20 mm) Heat Base: 18.3 Cool Base: 18.3 Method: Integration