2020: Jan | Feb | Mar | Apr | May | Jun | Jul | Aug | Sep | Oct | Nov | Dec 
2019: Jan | Feb | Mar | Apr | May | Jun | Jul | Aug | Sep | Oct | Nov | Dec 
2018: Jan | Feb | Mar | Apr | May | Jun | Jul | Aug | Sep | Oct | Nov | Dec 
2017: Jan | Feb | Mar | Apr | May | Jun | Jul | Aug | Sep | Oct | Nov | Dec 
2016: Jan | Feb | Mar | Apr | May | Jun | Jul | Aug | Sep | Oct | Nov | Dec 
2015: Jan | Feb | Mar | Apr | May | Jun | Jul | Aug | Sep | Oct | Nov | Dec 
2014: Jan | Feb | Mar | Apr | May | Jun | Jul | Aug | Sep | Oct | Nov | Dec 
2013: Jan | Feb | Mar | Apr | May | Jun | Jul | Aug | Sep | Oct | Nov | Dec 
2012: Jan | Feb | Mar | Apr | May | Jun | Jul | Aug | Sep | Oct | Nov | Dec 
2011: Jan | Feb | Mar | Apr | May | Jun | Jul | Aug | Sep | Oct | Nov | Dec 
2010: Jan | Feb | Mar | Apr | May | Jun | Jul | Aug | Sep | Oct | Nov | Dec 
2009: Jan | Feb | Mar | Apr | May | Jun | Jul | Aug | Sep | Oct | Nov | Dec 
2008: Jan | Feb | Mar | Apr | May | Jun | Jul | Aug | Sep | Oct | Nov | Dec 
2007: Jan | Feb | Mar | Apr | May | Jun | Jul | Aug | Sep | Oct | Nov | Dec 

Report for 2014 05
MONTHLY CLIMATOLOGICAL SUMMARY for MAY. 2014 NAME: VantagePro2 CITY: Urswick STATE: Cumbria ELEV: 128 ft LAT: 54 09' 33" N LONG: 3 07' 24" W TEMPERATURE (C), RAIN (mm), WIND SPEED (mph) HEAT COOL AVG MEAN DEG DEG WIND DOM DAY TEMP HIGH TIME LOW TIME DAYS DAYS RAIN SPEED HIGH TIME DIR ------------------------------------------------------------------------------------ 1 9.3 11.6 15:20 6.2 21:20 9.0 0.0 2.2 1.1 7.0 15:10 NNE 2 9.8 15.7 14:00 4.6 00:00 8.5 0.0 0.0 0.2 7.0 10:00 NNE 3 8.3 11.8 17:20 3.3 2:10 10.0 0.0 0.0 0.0 9.0 22:40 SSE 4 10.3 11.4 13:30 9.1 5:10 8.0 0.0 3.2 1.0 13.0 11:40 SSE 5 11.1 15.0 14:20 5.9 5:10 7.2 0.0 1.8 0.5 9.0 9:10 SSE 6 11.8 15.6 13:10 9.3 5:00 6.5 0.0 2.0 2.6 20.0 15:50 SSE 7 10.0 11.7 10:40 8.2 3:40 8.3 0.0 6.4 3.9 22.0 15:20 SSE 8 10.7 13.6 13:00 9.4 4:10 7.6 0.0 4.4 1.0 13.0 1:30 SSE 9 10.9 13.8 13:20 7.9 5:20 7.4 0.0 2.2 3.2 20.0 13:10 SSE 10 11.1 14.6 17:50 8.1 4:20 7.3 0.0 17.0 3.0 22.0 8:40 SSE 11 10.7 13.6 11:40 6.3 23:50 7.7 0.0 4.4 1.8 18.0 5:20 NW 12 10.4 14.9 13:40 6.2 0:20 7.9 0.0 0.0 0.5 12.0 9:20 NNW 13 10.3 15.4 14:00 5.3 1:10 8.0 0.0 0.0 0.5 12.0 18:30 NNW 14 11.3 15.8 17:10 5.3 5:10 7.0 0.0 0.0 0.6 11.0 10:30 NNW 15 12.8 18.1 15:00 7.6 00:00 5.5 0.0 0.2 0.2 7.0 15:40 SSE 16 12.4 18.7 12:40 5.2 3:20 5.9 0.0 0.2 0.5 12.0 13:30 SSE 17 13.2 18.9 14:10 6.2 5:10 5.2 0.0 0.0 1.6 18.0 19:10 SSE 18 14.2 21.7 14:10 8.6 2:50 4.4 0.3 0.0 0.9 12.0 10:20 SSE 19 15.1 25.4 14:30 6.7 3:00 4.5 1.2 3.4 0.5 11.0 18:00 NNW 20 16.4 23.6 14:40 12.2 4:00 2.8 0.9 1.6 0.3 11.0 20:50 NNW 21 12.3 18.3 19:30 5.4 00:00 5.9 0.0 0.0 0.5 10.0 11:30 SSE 22 10.1 13.9 10:30 5.3 0:10 8.3 0.0 3.8 0.4 10.0 00:00 NNW 23 9.9 13.5 14:10 8.0 8:40 8.4 0.0 3.0 2.9 14.0 4:00 NNW 24 11.8 15.0 11:00 9.5 0:10 6.5 0.0 0.6 1.3 11.0 18:10 NNW 25 13.1 18.9 15:10 8.4 0:50 5.3 0.0 5.2 0.2 10.0 19:30 SSE 26 14.2 19.6 19:10 10.3 22:30 4.2 0.1 0.8 0.3 9.0 10:10 SSE 27 14.0 19.9 16:10 10.0 23:50 4.3 0.0 0.2 0.1 5.0 18:00 NNW 28 12.0 14.3 9:50 10.2 0:10 6.3 0.0 3.2 0.7 9.0 15:30 NNW 29 11.2 14.1 17:10 8.8 22:50 7.1 0.0 2.0 0.5 7.0 18:10 NNW 30 12.3 16.2 16:40 8.8 0:10 6.0 0.0 0.0 0.0 4.0 12:40 NNW 31 12.9 18.2 13:40 5.3 5:30 5.4 0.0 0.0 0.3 13.0 12:40 NNW ------------------------------------------------------------------------------------- 11.7 25.4 19 3.3 3 206.0 2.6 67.8 1.0 22.0 7 SSE Max >= 32.0: 0 Max <= 0.0: 0 Min <= 0.0: 0 Min <= -18.0: 0 Max Rain: 16.99 ON 10/05/14 Days of Rain: 21 (> .2 mm) 14 (> 2 mm) 0 (> 20 mm) Heat Base: 18.3 Cool Base: 18.3 Method: Integration