2020: Jan | Feb | Mar | Apr | May | Jun | Jul | Aug | Sep | Oct | Nov | Dec 
2019: Jan | Feb | Mar | Apr | May | Jun | Jul | Aug | Sep | Oct | Nov | Dec 
2018: Jan | Feb | Mar | Apr | May | Jun | Jul | Aug | Sep | Oct | Nov | Dec 
2017: Jan | Feb | Mar | Apr | May | Jun | Jul | Aug | Sep | Oct | Nov | Dec 
2016: Jan | Feb | Mar | Apr | May | Jun | Jul | Aug | Sep | Oct | Nov | Dec 
2015: Jan | Feb | Mar | Apr | May | Jun | Jul | Aug | Sep | Oct | Nov | Dec 
2014: Jan | Feb | Mar | Apr | May | Jun | Jul | Aug | Sep | Oct | Nov | Dec 
2013: Jan | Feb | Mar | Apr | May | Jun | Jul | Aug | Sep | Oct | Nov | Dec 
2012: Jan | Feb | Mar | Apr | May | Jun | Jul | Aug | Sep | Oct | Nov | Dec 
2011: Jan | Feb | Mar | Apr | May | Jun | Jul | Aug | Sep | Oct | Nov | Dec 
2010: Jan | Feb | Mar | Apr | May | Jun | Jul | Aug | Sep | Oct | Nov | Dec 
2009: Jan | Feb | Mar | Apr | May | Jun | Jul | Aug | Sep | Oct | Nov | Dec 
2008: Jan | Feb | Mar | Apr | May | Jun | Jul | Aug | Sep | Oct | Nov | Dec 
2007: Jan | Feb | Mar | Apr | May | Jun | Jul | Aug | Sep | Oct | Nov | Dec 

Report for 2014 06
MONTHLY CLIMATOLOGICAL SUMMARY for JUN. 2014 NAME: VantagePro2 CITY: Urswick STATE: Cumbria ELEV: 128 ft LAT: 54 09' 33" N LONG: 3 07' 24" W TEMPERATURE (C), RAIN (mm), WIND SPEED (mph) HEAT COOL AVG MEAN DEG DEG WIND DOM DAY TEMP HIGH TIME LOW TIME DAYS DAYS RAIN SPEED HIGH TIME DIR ------------------------------------------------------------------------------------ 1 13.6 21.3 14:40 6.4 3:10 5.1 0.3 0.6 0.3 9.0 16:00 SSE 2 14.0 18.2 15:00 11.7 3:20 4.3 0.0 0.6 0.3 9.0 12:50 SSE 3 13.1 17.1 16:50 6.7 23:50 5.2 0.0 0.2 0.5 11.0 11:20 SSE 4 11.2 15.5 11:10 6.6 0:50 7.1 0.0 2.8 1.0 14.0 21:40 NNW 5 11.9 15.2 15:50 9.9 22:50 6.4 0.0 1.4 1.2 13.0 15:20 SSE 6 13.9 22.6 16:50 2.9 4:50 5.1 0.7 0.0 0.3 7.0 22:40 SSE 7 14.5 18.6 19:30 10.6 00:00 3.8 0.0 11.4 0.8 11.0 6:50 NNW 8 15.2 21.1 13:40 8.8 23:40 3.5 0.4 0.0 1.1 14.0 10:00 SSE 9 13.9 20.6 18:30 8.6 0:10 4.6 0.2 8.8 0.1 6.0 16:20 SSE 10 14.8 19.3 15:40 11.1 5:00 3.6 0.0 6.6 1.1 15.0 12:40 SSE 11 14.4 18.5 17:30 8.7 23:50 3.9 0.0 3.6 0.7 10.0 10:20 SSE 12 14.3 19.8 17:30 7.9 0:30 4.1 0.1 0.0 0.4 9.0 14:20 SSE 13 14.7 19.1 13:40 9.2 3:50 3.7 0.0 0.0 0.0 6.0 21:40 NNW 14 16.9 23.4 16:40 10.1 5:30 2.3 0.9 1.2 0.2 9.0 13:30 NNW 15 16.5 22.0 12:50 13.1 4:40 2.2 0.4 0.8 0.1 6.0 14:10 NNW 16 15.8 21.8 16:20 10.2 4:40 3.2 0.7 1.2 0.3 6.0 11:30 NNE 17 17.3 22.6 16:40 10.3 0:10 2.0 1.1 0.0 0.2 6.0 13:30 NNW 18 18.6 23.1 12:10 13.8 00:00 1.2 1.5 0.0 0.4 9.0 16:20 NNW 19 16.3 21.1 14:40 9.6 5:20 2.5 0.5 0.0 0.5 11.0 15:40 NNW 20 14.9 19.8 15:00 8.0 5:20 3.6 0.3 0.0 0.4 12.0 18:10 SSE 21 15.7 21.4 14:50 8.4 5:30 3.3 0.7 0.0 0.7 13.0 15:10 NNW 22 15.6 22.6 20:10 6.7 4:30 4.1 1.3 0.0 0.2 6.0 15:40 SSE 23 16.6 22.6 10:50 11.0 3:40 2.6 0.9 0.0 1.0 14.0 14:50 NNW 24 15.0 22.2 14:10 8.9 4:10 3.6 0.3 4.0 0.1 6.0 11:20 NNW 25 14.7 17.8 18:00 12.4 5:10 3.7 0.0 0.4 0.2 5.0 6:50 NNE 26 14.8 19.2 15:50 11.3 7:00 3.6 0.0 0.0 0.4 5.0 11:50 NNW 27 14.1 21.0 14:10 10.8 5:40 4.3 0.1 0.0 0.3 5.0 8:40 NNW 28 13.4 17.3 14:50 9.7 00:00 4.9 0.0 0.6 0.2 4.0 9:30 NNW 29 13.2 20.9 15:10 5.3 4:10 5.3 0.1 0.2 0.8 12.0 17:00 NNW 30 14.8 23.7 19:20 5.3 5:00 4.8 1.3 0.0 0.2 6.0 12:40 SSE ------------------------------------------------------------------------------------- 14.8 23.7 30 2.9 6 117.4 11.9 44.4 0.5 15.0 10 NNW Max >= 32.0: 0 Max <= 0.0: 0 Min <= 0.0: 0 Min <= -18.0: 0 Max Rain: 11.40 ON 07/06/14 Days of Rain: 16 (> .2 mm) 6 (> 2 mm) 0 (> 20 mm) Heat Base: 18.3 Cool Base: 18.3 Method: Integration