2020: Jan | Feb | Mar | Apr | May | Jun | Jul | Aug | Sep | Oct | Nov | Dec 
2019: Jan | Feb | Mar | Apr | May | Jun | Jul | Aug | Sep | Oct | Nov | Dec 
2018: Jan | Feb | Mar | Apr | May | Jun | Jul | Aug | Sep | Oct | Nov | Dec 
2017: Jan | Feb | Mar | Apr | May | Jun | Jul | Aug | Sep | Oct | Nov | Dec 
2016: Jan | Feb | Mar | Apr | May | Jun | Jul | Aug | Sep | Oct | Nov | Dec 
2015: Jan | Feb | Mar | Apr | May | Jun | Jul | Aug | Sep | Oct | Nov | Dec 
2014: Jan | Feb | Mar | Apr | May | Jun | Jul | Aug | Sep | Oct | Nov | Dec 
2013: Jan | Feb | Mar | Apr | May | Jun | Jul | Aug | Sep | Oct | Nov | Dec 
2012: Jan | Feb | Mar | Apr | May | Jun | Jul | Aug | Sep | Oct | Nov | Dec 
2011: Jan | Feb | Mar | Apr | May | Jun | Jul | Aug | Sep | Oct | Nov | Dec 
2010: Jan | Feb | Mar | Apr | May | Jun | Jul | Aug | Sep | Oct | Nov | Dec 
2009: Jan | Feb | Mar | Apr | May | Jun | Jul | Aug | Sep | Oct | Nov | Dec 
2008: Jan | Feb | Mar | Apr | May | Jun | Jul | Aug | Sep | Oct | Nov | Dec 
2007: Jan | Feb | Mar | Apr | May | Jun | Jul | Aug | Sep | Oct | Nov | Dec 

Report for 2014 07
MONTHLY CLIMATOLOGICAL SUMMARY for JUL. 2014 NAME: VantagePro2 CITY: Urswick STATE: Cumbria ELEV: 128 ft LAT: 54 09' 33" N LONG: 3 07' 24" W TEMPERATURE (C), RAIN (mm), WIND SPEED (mph) HEAT COOL AVG MEAN DEG DEG WIND DOM DAY TEMP HIGH TIME LOW TIME DAYS DAYS RAIN SPEED HIGH TIME DIR ------------------------------------------------------------------------------------ 1 15.8 23.7 15:30 7.7 5:00 3.7 1.3 0.0 0.3 10.0 12:40 NNW 2 15.6 19.6 18:00 9.0 1:50 3.0 0.2 0.0 2.4 22.0 17:20 SSE 3 16.3 18.9 15:00 14.1 6:10 2.0 0.0 0.8 2.2 17.0 0:10 SSE 4 15.3 16.7 12:40 13.5 00:00 3.0 0.0 26.8 2.5 18.0 4:00 SSE 5 14.3 18.8 18:00 7.6 00:00 4.1 0.0 6.8 0.5 14.0 10:50 SSE 6 13.4 19.7 13:10 6.7 2:00 5.0 0.1 0.0 0.2 11.0 16:50 SSE 7 14.8 20.4 15:10 8.3 4:50 3.8 0.3 0.0 0.3 9.0 10:00 SSE 8 15.3 20.4 14:50 11.6 00:00 3.3 0.2 1.2 0.7 14.0 18:30 NNW 9 16.1 21.2 14:00 9.7 4:30 2.9 0.7 0.0 1.5 15.0 17:20 NNW 10 15.7 21.9 12:40 8.2 5:40 3.5 0.9 0.0 0.5 12.0 14:00 NNW 11 16.2 23.1 14:10 8.6 5:40 3.4 1.3 0.0 0.5 11.0 16:30 NNW 12 16.6 23.7 14:50 9.8 4:40 2.6 0.9 1.6 0.3 9.0 15:00 SSE 13 16.1 18.9 18:20 9.4 00:00 2.3 0.0 1.2 2.0 17.0 14:00 NNW 14 13.7 18.1 11:30 6.4 4:40 4.6 0.0 6.0 1.9 17.0 16:30 SSE 15 15.8 21.0 19:30 9.9 00:00 2.9 0.5 0.0 0.6 11.0 11:00 NNW 16 15.3 19.0 18:40 9.2 0:50 3.0 0.0 10.0 1.0 14.0 15:50 SSE 17 17.8 24.3 19:30 10.4 5:00 2.4 1.9 0.0 0.2 7.0 14:40 SSE 18 19.2 22.8 12:30 15.8 3:50 0.6 1.6 0.0 1.3 10.0 8:20 NNW 19 18.3 21.2 13:30 14.6 23:10 0.7 0.7 1.0 0.1 9.0 16:00 NNW 20 18.2 21.7 11:20 14.8 00:00 1.1 1.0 0.2 0.5 12.0 14:10 NNW 21 17.3 23.2 18:30 10.2 4:10 2.5 1.5 0.0 0.3 9.0 11:10 NNW 22 18.4 26.3 17:20 9.9 5:10 2.4 2.6 0.0 0.2 7.0 15:20 NNW 23 21.4 28.6 14:20 13.3 5:40 0.9 3.9 0.0 0.4 7.0 16:30 NNE 24 21.4 28.7 17:10 13.6 5:20 1.0 4.1 0.0 0.4 6.0 13:40 NNW 25 21.9 31.1 14:10 12.4 5:50 1.5 5.1 0.0 0.0 0.0 --- --- 26 19.0 26.8 14:00 12.5 5:50 1.7 2.4 2.0 0.2 9.0 19:40 NNW 27 15.2 19.3 12:50 12.5 3:10 3.1 0.0 11.4 0.5 10.0 9:30 SSE 28 17.0 22.8 14:10 12.3 00:00 2.2 0.9 7.2 0.3 9.0 15:30 NNW 29 15.2 19.1 16:30 10.3 4:40 3.2 0.1 0.8 0.8 17.0 17:00 NNW 30 16.7 19.9 17:10 14.3 2:40 1.8 0.2 1.0 1.3 16.0 14:40 SSE 31 17.2 20.4 15:00 14.6 5:50 1.4 0.3 1.8 1.1 11.0 8:40 SSE ------------------------------------------------------------------------------------- 16.8 31.1 25 6.4 14 79.6 32.7 79.8 0.8 22.0 2 SSE Max >= 32.0: 0 Max <= 0.0: 0 Min <= 0.0: 0 Min <= -18.0: 0 Max Rain: 26.80 ON 04/07/14 Days of Rain: 16 (> .2 mm) 7 (> 2 mm) 1 (> 20 mm) Heat Base: 18.3 Cool Base: 18.3 Method: Integration