2020: Jan | Feb | Mar | Apr | May | Jun | Jul | Aug | Sep | Oct | Nov | Dec 
2019: Jan | Feb | Mar | Apr | May | Jun | Jul | Aug | Sep | Oct | Nov | Dec 
2018: Jan | Feb | Mar | Apr | May | Jun | Jul | Aug | Sep | Oct | Nov | Dec 
2017: Jan | Feb | Mar | Apr | May | Jun | Jul | Aug | Sep | Oct | Nov | Dec 
2016: Jan | Feb | Mar | Apr | May | Jun | Jul | Aug | Sep | Oct | Nov | Dec 
2015: Jan | Feb | Mar | Apr | May | Jun | Jul | Aug | Sep | Oct | Nov | Dec 
2014: Jan | Feb | Mar | Apr | May | Jun | Jul | Aug | Sep | Oct | Nov | Dec 
2013: Jan | Feb | Mar | Apr | May | Jun | Jul | Aug | Sep | Oct | Nov | Dec 
2012: Jan | Feb | Mar | Apr | May | Jun | Jul | Aug | Sep | Oct | Nov | Dec 
2011: Jan | Feb | Mar | Apr | May | Jun | Jul | Aug | Sep | Oct | Nov | Dec 
2010: Jan | Feb | Mar | Apr | May | Jun | Jul | Aug | Sep | Oct | Nov | Dec 
2009: Jan | Feb | Mar | Apr | May | Jun | Jul | Aug | Sep | Oct | Nov | Dec 
2008: Jan | Feb | Mar | Apr | May | Jun | Jul | Aug | Sep | Oct | Nov | Dec 
2007: Jan | Feb | Mar | Apr | May | Jun | Jul | Aug | Sep | Oct | Nov | Dec 

Report for 2014 08
MONTHLY CLIMATOLOGICAL SUMMARY for AUG. 2014 NAME: VantagePro2 CITY: Urswick STATE: Cumbria ELEV: 128 ft LAT: 54 09' 33" N LONG: 3 07' 24" W TEMPERATURE (C), RAIN (mm), WIND SPEED (mph) HEAT COOL AVG MEAN DEG DEG WIND DOM DAY TEMP HIGH TIME LOW TIME DAYS DAYS RAIN SPEED HIGH TIME DIR ------------------------------------------------------------------------------------ 1 15.4 17.9 17:30 12.3 23:10 2.9 0.0 39.0 0.2 10.0 11:40 SSE 2 15.9 20.9 17:10 12.8 1:10 2.6 0.2 8.0 0.4 13.0 14:10 SSE 3 14.5 16.1 19:20 12.9 4:40 3.8 0.0 11.4 4.1 22.0 14:00 SSE 4 15.5 20.6 20:00 8.1 00:00 3.1 0.3 0.0 0.7 14.0 15:00 SSE 5 15.3 22.4 14:10 7.6 4:50 3.6 0.5 19.6 0.2 13.0 15:20 SSE 6 17.2 20.1 18:00 13.6 00:00 1.5 0.3 8.8 0.7 15.0 22:30 SSE 7 14.3 20.1 14:10 8.2 00:00 4.3 0.2 0.0 0.3 10.0 12:50 SSE 8 14.4 22.4 14:10 7.6 5:20 4.3 0.4 0.0 0.3 11.0 17:00 SSE 9 15.2 18.9 17:10 11.0 1:20 3.1 0.0 0.4 1.3 17.0 11:50 SSE 10 13.8 15.9 15:50 11.9 23:00 4.5 0.0 24.6 1.2 21.0 19:40 NNW 11 15.1 18.2 14:50 12.4 0:10 3.2 0.0 0.0 4.1 23.0 10:30 SSE 12 14.7 17.3 14:30 12.6 20:20 3.7 0.0 2.2 2.8 23.0 11:10 SSE 13 14.9 18.7 14:40 12.6 23:30 3.4 0.0 2.2 1.6 17.0 16:40 NNW 14 13.8 18.2 13:20 10.7 23:50 4.5 0.0 10.6 0.5 13.0 16:10 NNW 15 14.2 19.4 12:50 10.9 0:10 4.1 0.1 0.0 0.7 17.0 18:20 NNW 16 14.4 16.6 14:50 11.2 2:10 3.9 0.0 0.4 2.5 19.0 20:50 SSE 17 13.6 15.8 16:20 12.3 1:50 4.7 0.0 4.0 3.1 25.0 15:30 NNW 18 13.3 18.2 13:20 10.1 6:50 5.0 0.0 0.0 2.1 16.0 18:10 NNW 19 11.4 17.3 13:50 6.1 6:40 6.9 0.0 0.0 1.0 12.0 17:10 NNW 20 11.9 17.3 14:10 6.7 0:20 6.4 0.0 0.8 0.5 14.0 15:20 NNW 21 12.2 15.3 15:00 8.5 00:00 6.1 0.0 2.2 1.8 19.0 12:50 SSE 22 11.9 16.9 13:00 7.3 23:30 6.4 0.0 0.2 0.6 14.0 19:50 NNW 23 10.7 16.7 13:20 4.1 6:30 7.6 0.0 1.4 0.7 15.0 17:00 NW 24 11.2 17.7 17:40 3.8 5:00 7.2 0.0 0.0 0.1 7.0 13:40 SSE 25 12.9 14.6 17:00 10.7 1:40 5.4 0.0 0.2 1.5 15.0 17:30 NNE 26 14.7 19.4 14:50 8.2 23:40 3.7 0.1 0.0 1.9 13.0 6:40 NNW 27 13.4 20.1 13:20 5.6 2:30 5.1 0.2 0.2 0.6 11.0 20:10 E 28 16.2 19.0 11:50 13.8 13:40 2.2 0.0 1.2 1.3 16.0 14:40 SSE 29 15.6 17.4 15:00 14.1 6:40 2.7 0.0 6.2 4.3 23.0 8:50 SSE 30 14.9 17.5 14:40 12.5 00:00 3.3 0.0 0.4 1.1 15.0 11:20 SSE 31 14.2 18.5 14:30 8.6 6:30 4.1 0.0 1.2 0.7 11.0 2:00 NW ------------------------------------------------------------------------------------- 14.1 22.4 8 3.8 24 133.1 2.3 145.2 1.4 25.0 17 SSE Max >= 32.0: 0 Max <= 0.0: 0 Min <= 0.0: 0 Min <= -18.0: 0 Max Rain: 38.99 ON 01/08/14 Days of Rain: 22 (> .2 mm) 12 (> 2 mm) 2 (> 20 mm) Heat Base: 18.3 Cool Base: 18.3 Method: Integration