2020: Jan | Feb | Mar | Apr | May | Jun | Jul | Aug | Sep | Oct | Nov | Dec 
2019: Jan | Feb | Mar | Apr | May | Jun | Jul | Aug | Sep | Oct | Nov | Dec 
2018: Jan | Feb | Mar | Apr | May | Jun | Jul | Aug | Sep | Oct | Nov | Dec 
2017: Jan | Feb | Mar | Apr | May | Jun | Jul | Aug | Sep | Oct | Nov | Dec 
2016: Jan | Feb | Mar | Apr | May | Jun | Jul | Aug | Sep | Oct | Nov | Dec 
2015: Jan | Feb | Mar | Apr | May | Jun | Jul | Aug | Sep | Oct | Nov | Dec 
2014: Jan | Feb | Mar | Apr | May | Jun | Jul | Aug | Sep | Oct | Nov | Dec 
2013: Jan | Feb | Mar | Apr | May | Jun | Jul | Aug | Sep | Oct | Nov | Dec 
2012: Jan | Feb | Mar | Apr | May | Jun | Jul | Aug | Sep | Oct | Nov | Dec 
2011: Jan | Feb | Mar | Apr | May | Jun | Jul | Aug | Sep | Oct | Nov | Dec 
2010: Jan | Feb | Mar | Apr | May | Jun | Jul | Aug | Sep | Oct | Nov | Dec 
2009: Jan | Feb | Mar | Apr | May | Jun | Jul | Aug | Sep | Oct | Nov | Dec 
2008: Jan | Feb | Mar | Apr | May | Jun | Jul | Aug | Sep | Oct | Nov | Dec 
2007: Jan | Feb | Mar | Apr | May | Jun | Jul | Aug | Sep | Oct | Nov | Dec 

Report for 2014 09
MONTHLY CLIMATOLOGICAL SUMMARY for SEP. 2014 NAME: VantagePro2 CITY: Urswick STATE: Cumbria ELEV: 128 ft LAT: 54 09' 33" N LONG: 3 07' 24" W TEMPERATURE (C), RAIN (mm), WIND SPEED (mph) HEAT COOL AVG MEAN DEG DEG WIND DOM DAY TEMP HIGH TIME LOW TIME DAYS DAYS RAIN SPEED HIGH TIME DIR ------------------------------------------------------------------------------------ 1 15.0 18.3 14:20 13.1 7:20 3.3 0.0 7.0 1.1 12.0 15:00 NW 2 14.7 21.3 13:50 9.1 7:00 4.0 0.4 0.0 0.0 6.0 15:50 NNW 3 16.9 22.8 14:40 13.1 3:30 2.2 0.8 0.0 0.0 3.0 13:20 SSE 4 17.7 22.8 14:30 11.8 00:00 1.8 1.2 0.0 0.0 2.0 15:40 NNE 5 14.8 21.4 13:10 8.3 6:30 3.9 0.4 0.0 0.2 9.0 16:00 NW 6 14.4 18.9 12:30 7.8 23:30 3.9 0.0 1.0 0.2 10.0 14:50 NW 7 11.7 17.8 14:50 5.6 2:30 6.6 0.0 0.0 0.3 11.0 15:10 NW 8 10.4 16.4 14:20 4.8 5:00 7.9 0.0 0.2 0.1 6.0 13:20 NW 9 11.5 18.1 14:40 6.3 2:30 6.8 0.0 0.0 0.0 7.0 15:10 NW 10 14.2 22.1 14:40 6.7 3:40 4.7 0.6 0.0 0.0 0.0 --- --- 11 14.4 21.1 15:00 9.1 7:10 4.3 0.5 0.0 0.0 0.0 --- --- 12 13.6 18.7 16:40 8.1 23:50 4.8 0.0 0.0 0.0 0.0 --- --- 13 14.6 21.5 15:10 7.6 1:50 4.1 0.4 0.0 0.0 5.0 17:30 ENE 14 13.6 17.9 15:20 9.1 4:10 4.7 0.0 0.0 0.0 4.0 13:00 NNE 15 15.6 20.7 14:50 10.2 2:40 3.1 0.3 0.0 0.1 6.0 12:30 NNE 16 15.6 21.5 13:00 9.8 4:20 3.3 0.6 0.0 0.1 7.0 15:30 NNE 17 14.7 21.5 14:30 8.1 6:30 4.1 0.5 0.0 0.0 5.0 14:40 NNE 18 17.5 22.4 13:20 14.0 0:20 1.7 0.9 0.0 0.1 6.0 17:30 NNE 19 15.2 20.8 14:50 10.4 6:20 3.4 0.2 0.2 0.0 6.0 17:50 NE 20 14.2 18.0 12:40 8.4 00:00 4.1 0.0 0.6 0.1 4.0 14:50 ENE 21 10.4 18.3 13:50 4.4 6:50 7.9 0.0 0.0 0.1 6.0 15:50 SSE 22 10.8 18.4 14:50 5.4 2:10 7.5 0.0 0.2 0.1 8.0 14:00 SSE 23 12.2 15.7 13:40 5.4 4:00 6.1 0.0 2.2 0.5 10.0 12:00 SSE 24 12.4 15.9 14:30 5.3 22:40 5.9 0.0 2.4 2.0 14.0 4:00 NW 25 14.8 17.2 15:30 7.3 0:10 3.5 0.0 0.4 1.1 13.0 23:50 SSE 26 13.7 16.4 14:30 4.4 00:00 4.6 0.0 0.0 1.8 17.0 13:10 NW 27 10.7 16.8 15:10 4.1 2:00 7.6 0.0 0.0 0.7 14.0 13:10 SSE 28 13.2 17.8 13:50 7.5 23:10 5.1 0.0 0.0 0.0 4.0 14:10 SSE 29 13.5 20.4 14:40 7.1 0:40 5.0 0.2 0.0 0.0 4.0 15:00 SSE 30 14.4 19.9 14:30 7.4 2:10 4.0 0.1 2.6 0.6 14.0 23:50 SSE ------------------------------------------------------------------------------------- 13.9 22.8 4 4.1 27 139.9 7.1 16.8 0.3 17.0 26 SSE Max >= 32.0: 0 Max <= 0.0: 0 Min <= 0.0: 0 Min <= -18.0: 0 Max Rain: 7.01 ON 01/09/14 Days of Rain: 10 (> .2 mm) 4 (> 2 mm) 0 (> 20 mm) Heat Base: 18.3 Cool Base: 18.3 Method: Integration