2020: Jan | Feb | Mar | Apr | May | Jun | Jul | Aug | Sep | Oct | Nov | Dec 
2019: Jan | Feb | Mar | Apr | May | Jun | Jul | Aug | Sep | Oct | Nov | Dec 
2018: Jan | Feb | Mar | Apr | May | Jun | Jul | Aug | Sep | Oct | Nov | Dec 
2017: Jan | Feb | Mar | Apr | May | Jun | Jul | Aug | Sep | Oct | Nov | Dec 
2016: Jan | Feb | Mar | Apr | May | Jun | Jul | Aug | Sep | Oct | Nov | Dec 
2015: Jan | Feb | Mar | Apr | May | Jun | Jul | Aug | Sep | Oct | Nov | Dec 
2014: Jan | Feb | Mar | Apr | May | Jun | Jul | Aug | Sep | Oct | Nov | Dec 
2013: Jan | Feb | Mar | Apr | May | Jun | Jul | Aug | Sep | Oct | Nov | Dec 
2012: Jan | Feb | Mar | Apr | May | Jun | Jul | Aug | Sep | Oct | Nov | Dec 
2011: Jan | Feb | Mar | Apr | May | Jun | Jul | Aug | Sep | Oct | Nov | Dec 
2010: Jan | Feb | Mar | Apr | May | Jun | Jul | Aug | Sep | Oct | Nov | Dec 
2009: Jan | Feb | Mar | Apr | May | Jun | Jul | Aug | Sep | Oct | Nov | Dec 
2008: Jan | Feb | Mar | Apr | May | Jun | Jul | Aug | Sep | Oct | Nov | Dec 
2007: Jan | Feb | Mar | Apr | May | Jun | Jul | Aug | Sep | Oct | Nov | Dec 

Report for 2014 10
MONTHLY CLIMATOLOGICAL SUMMARY for OCT. 2014 NAME: VantagePro2 CITY: Urswick STATE: Cumbria ELEV: 128 ft LAT: 54 09' 33" N LONG: 3 07' 24" W TEMPERATURE (C), RAIN (mm), WIND SPEED (mph) HEAT COOL AVG MEAN DEG DEG WIND DOM DAY TEMP HIGH TIME LOW TIME DAYS DAYS RAIN SPEED HIGH TIME DIR ------------------------------------------------------------------------------------ 1 12.4 15.6 10:10 3.5 23:00 5.9 0.0 2.6 1.0 12.0 16:00 SSE 2 8.5 17.0 14:40 1.8 7:40 9.8 0.0 0.0 0.3 7.0 16:20 SSE 3 15.1 17.6 14:50 12.0 1:40 3.2 0.0 0.2 1.9 13.0 9:30 SSE 4 10.8 15.4 0:10 4.1 00:00 7.5 0.0 20.0 1.4 22.0 5:10 NW 5 9.9 14.7 13:30 3.5 0:40 8.4 0.0 0.2 0.9 13.0 11:30 SSE 6 9.8 14.1 14:40 4.4 20:20 8.4 0.0 21.6 1.8 15.0 7:10 SSE 7 7.6 11.3 00:00 2.6 3:10 10.8 0.0 1.6 0.3 13.0 17:40 SSE 8 10.6 14.4 13:00 7.0 5:30 7.7 0.0 7.0 0.7 14.0 18:30 SSE 9 10.7 12.7 11:00 9.4 5:40 7.6 0.0 45.8 1.3 16.0 10:40 SSE 10 10.6 15.0 14:30 5.6 7:10 7.7 0.0 4.0 0.9 14.0 13:10 SSE 11 9.7 14.3 13:20 6.7 6:20 8.6 0.0 2.4 0.1 9.0 13:20 SSE 12 8.3 13.0 14:50 3.3 5:20 9.9 0.0 0.0 0.0 1.0 8:20 SE 13 9.4 13.1 15:30 6.0 7:40 8.9 0.0 0.2 0.9 10.0 13:10 NNW 14 10.2 12.7 12:40 8.3 8:50 8.1 0.0 0.0 0.7 9.0 1:30 NNW 15 10.8 13.1 15:20 8.4 7:00 7.5 0.0 9.4 0.8 9.0 13:40 NNE 16 12.3 15.8 14:40 10.2 4:10 6.0 0.0 2.2 0.1 5.0 0:10 NNE 17 14.1 17.6 14:30 11.2 8:00 4.3 0.0 5.4 0.3 6.0 11:00 SSE 18 15.4 17.1 13:40 14.4 20:20 2.9 0.0 6.0 2.0 16.0 20:50 SSE 19 14.4 15.6 13:50 12.4 22:30 3.9 0.0 0.4 4.0 27.0 11:10 SSE 20 12.4 13.5 23:20 11.2 10:20 5.9 0.0 3.0 1.6 15.0 23:40 SSE 21 9.7 13.4 4:30 6.6 17:10 8.6 0.0 14.6 7.9 33.0 9:40 NW 22 10.7 12.5 23:20 8.4 0:20 7.6 0.0 4.6 2.0 19.0 3:10 SSE 23 13.4 14.3 12:20 12.1 1:40 4.9 0.0 0.6 2.0 14.0 17:00 SSE 24 11.4 14.1 0:50 9.7 7:10 6.9 0.0 1.4 0.9 14.0 0:50 SSE 25 12.4 13.4 13:40 10.8 0:40 5.9 0.0 0.4 3.8 24.0 14:40 SSE 26 13.7 14.4 20:30 12.3 0:10 4.6 0.0 0.6 6.2 27.0 5:30 SSE 27 14.6 15.4 13:00 13.9 21:10 3.7 0.0 0.2 3.3 25.0 1:30 SSE 28 11.3 14.8 12:50 1.8 23:40 7.0 0.0 18.0 1.3 12.0 13:20 SSE 29 5.6 9.8 15:20 0.2 2:40 12.7 0.0 0.4 0.4 7.0 21:20 NNE 30 12.6 14.8 14:40 9.1 0:30 5.7 0.0 5.6 0.2 7.0 20:20 SSE 31 14.8 16.3 11:00 13.1 00:00 3.5 0.0 3.0 0.3 15.0 21:50 SSE ------------------------------------------------------------------------------------- 11.4 17.6 3 0.2 29 214.2 0.0 181.4 1.6 33.0 21 SSE Max >= 32.0: 0 Max <= 0.0: 0 Min <= 0.0: 0 Min <= -18.0: 0 Max Rain: 45.80 ON 09/10/14 Days of Rain: 28 (> .2 mm) 17 (> 2 mm) 2 (> 20 mm) Heat Base: 18.3 Cool Base: 18.3 Method: Integration