2020: Jan | Feb | Mar | Apr | May | Jun | Jul | Aug | Sep | Oct | Nov | Dec 
2019: Jan | Feb | Mar | Apr | May | Jun | Jul | Aug | Sep | Oct | Nov | Dec 
2018: Jan | Feb | Mar | Apr | May | Jun | Jul | Aug | Sep | Oct | Nov | Dec 
2017: Jan | Feb | Mar | Apr | May | Jun | Jul | Aug | Sep | Oct | Nov | Dec 
2016: Jan | Feb | Mar | Apr | May | Jun | Jul | Aug | Sep | Oct | Nov | Dec 
2015: Jan | Feb | Mar | Apr | May | Jun | Jul | Aug | Sep | Oct | Nov | Dec 
2014: Jan | Feb | Mar | Apr | May | Jun | Jul | Aug | Sep | Oct | Nov | Dec 
2013: Jan | Feb | Mar | Apr | May | Jun | Jul | Aug | Sep | Oct | Nov | Dec 
2012: Jan | Feb | Mar | Apr | May | Jun | Jul | Aug | Sep | Oct | Nov | Dec 
2011: Jan | Feb | Mar | Apr | May | Jun | Jul | Aug | Sep | Oct | Nov | Dec 
2010: Jan | Feb | Mar | Apr | May | Jun | Jul | Aug | Sep | Oct | Nov | Dec 
2009: Jan | Feb | Mar | Apr | May | Jun | Jul | Aug | Sep | Oct | Nov | Dec 
2008: Jan | Feb | Mar | Apr | May | Jun | Jul | Aug | Sep | Oct | Nov | Dec 
2007: Jan | Feb | Mar | Apr | May | Jun | Jul | Aug | Sep | Oct | Nov | Dec 

Report for 2014 11
MONTHLY CLIMATOLOGICAL SUMMARY for NOV. 2014 NAME: VantagePro2 CITY: Urswick STATE: Cumbria ELEV: 128 ft LAT: 54 09' 33" N LONG: 3 07' 24" W TEMPERATURE (C), RAIN (mm), WIND SPEED (mph) HEAT COOL AVG MEAN DEG DEG WIND DOM DAY TEMP HIGH TIME LOW TIME DAYS DAYS RAIN SPEED HIGH TIME DIR ------------------------------------------------------------------------------------ 1 12.4 13.8 13:20 10.6 7:10 5.9 0.0 6.0 2.9 18.0 21:40 SSE 2 11.2 13.0 1:30 8.8 23:50 7.2 0.0 0.2 2.2 17.0 12:20 SSE 3 7.4 10.4 11:00 1.8 22:20 10.9 0.0 18.6 1.5 16.0 13:10 SSE 4 6.1 9.3 14:40 3.2 1:20 12.3 0.0 6.2 0.0 6.0 23:10 NNW 5 4.4 9.0 14:00 -1.2 21:10 13.9 0.0 0.0 0.2 7.0 2:30 NNE 6 7.2 10.4 23:50 0.4 0:30 11.1 0.0 8.2 1.3 12.0 14:20 SSE 7 10.2 11.2 5:40 8.9 19:20 8.1 0.0 4.0 1.2 14.0 13:10 NW 8 8.8 10.7 14:50 6.7 7:40 9.5 0.0 3.8 0.8 12.0 19:30 SSE 9 6.8 9.1 12:50 2.3 23:50 11.4 0.0 12.8 0.0 7.0 5:20 SSE 10 6.7 9.9 23:20 1.5 3:30 11.6 0.0 3.0 0.1 5.0 00:00 SSE 11 10.2 10.6 9:20 9.8 14:40 8.1 0.0 4.4 0.6 7.0 18:10 E 12 10.1 11.5 10:10 8.2 23:20 8.3 0.0 2.2 0.9 15.0 15:40 SSE 13 10.0 13.2 17:40 8.0 20:50 8.3 0.0 0.6 0.9 16.0 17:40 SW 14 9.6 11.9 7:40 3.9 23:00 8.8 0.0 8.4 0.5 12.0 4:40 E 15 7.5 9.9 14:30 3.7 1:10 10.8 0.0 0.4 0.1 4.0 11:00 NNE 16 7.4 11.3 13:30 3.6 20:00 10.9 0.0 1.4 0.0 4.0 00:00 ENE 17 9.1 11.8 13:50 6.7 23:20 9.2 0.0 2.4 0.6 9.0 8:40 NNE 18 8.6 11.6 13:30 6.3 22:50 9.7 0.0 0.0 0.1 7.0 12:20 NNE 19 8.9 11.4 13:00 6.7 2:30 9.3 0.0 0.0 0.1 5.0 8:20 NNE 20 7.7 10.4 13:50 2.4 23:30 10.6 0.0 0.0 0.1 6.0 10:10 NNE 21 7.2 8.3 12:50 4.5 1:20 11.1 0.0 13.6 0.3 7.0 15:30 E 22 9.5 12.9 12:50 7.3 00:00 8.8 0.0 4.8 0.3 9.0 12:10 SSE 23 5.4 8.7 13:10 0.8 21:00 12.9 0.0 0.0 0.4 11.0 13:20 NW 24 5.9 10.4 13:40 3.2 18:30 12.4 0.0 0.0 0.0 6.0 1:10 NW 25 5.3 8.4 13:50 1.3 18:30 13.0 0.0 0.0 0.0 3.0 22:40 NE 26 6.1 7.2 13:20 4.6 0:10 12.2 0.0 3.2 0.0 4.0 9:40 NE 27 6.3 8.0 14:30 2.6 6:10 12.0 0.0 0.2 0.0 2.0 12:00 NNE 28 8.6 12.2 13:00 4.7 0:10 9.7 0.0 0.4 0.5 7.0 22:50 NNE 29 9.8 11.2 12:00 8.4 3:30 8.5 0.0 1.0 0.5 9.0 23:10 NNE 30 7.4 12.9 14:00 1.9 23:10 10.8 0.0 0.2 0.4 10.0 3:30 NW ------------------------------------------------------------------------------------- 8.1 13.8 1 -1.2 5 307.1 0.0 106.0 0.6 18.0 1 SSE Max >= 32.0: 0 Max <= 0.0: 0 Min <= 0.0: 1 Min <= -18.0: 0 Max Rain: 18.59 ON 03/11/14 Days of Rain: 23 (> .2 mm) 15 (> 2 mm) 0 (> 20 mm) Heat Base: 18.3 Cool Base: 18.3 Method: Integration