2020: Jan | Feb | Mar | Apr | May | Jun | Jul | Aug | Sep | Oct | Nov | Dec 
2019: Jan | Feb | Mar | Apr | May | Jun | Jul | Aug | Sep | Oct | Nov | Dec 
2018: Jan | Feb | Mar | Apr | May | Jun | Jul | Aug | Sep | Oct | Nov | Dec 
2017: Jan | Feb | Mar | Apr | May | Jun | Jul | Aug | Sep | Oct | Nov | Dec 
2016: Jan | Feb | Mar | Apr | May | Jun | Jul | Aug | Sep | Oct | Nov | Dec 
2015: Jan | Feb | Mar | Apr | May | Jun | Jul | Aug | Sep | Oct | Nov | Dec 
2014: Jan | Feb | Mar | Apr | May | Jun | Jul | Aug | Sep | Oct | Nov | Dec 
2013: Jan | Feb | Mar | Apr | May | Jun | Jul | Aug | Sep | Oct | Nov | Dec 
2012: Jan | Feb | Mar | Apr | May | Jun | Jul | Aug | Sep | Oct | Nov | Dec 
2011: Jan | Feb | Mar | Apr | May | Jun | Jul | Aug | Sep | Oct | Nov | Dec 
2010: Jan | Feb | Mar | Apr | May | Jun | Jul | Aug | Sep | Oct | Nov | Dec 
2009: Jan | Feb | Mar | Apr | May | Jun | Jul | Aug | Sep | Oct | Nov | Dec 
2008: Jan | Feb | Mar | Apr | May | Jun | Jul | Aug | Sep | Oct | Nov | Dec 
2007: Jan | Feb | Mar | Apr | May | Jun | Jul | Aug | Sep | Oct | Nov | Dec 

Report for 2014 12
MONTHLY CLIMATOLOGICAL SUMMARY for DEC. 2014 NAME: VantagePro2 CITY: Urswick STATE: Cumbria ELEV: 128 ft LAT: 54 09' 33" N LONG: 3 07' 24" W TEMPERATURE (C), RAIN (mm), WIND SPEED (mph) HEAT COOL AVG MEAN DEG DEG WIND DOM DAY TEMP HIGH TIME LOW TIME DAYS DAYS RAIN SPEED HIGH TIME DIR ------------------------------------------------------------------------------------ 1 6.8 8.5 14:40 2.8 0:20 11.5 0.0 1.2 0.5 16.0 22:40 SSE 2 3.9 7.2 0:30 -2.4 23:40 14.4 0.0 0.0 2.5 15.0 0:50 NW 3 0.1 7.8 13:40 -3.8 7:10 18.3 0.0 0.0 0.0 2.0 13:10 SSE 4 2.6 5.7 13:50 -1.0 3:00 15.7 0.0 0.2 0.0 3.0 12:20 NE 5 3.1 6.7 11:10 -1.1 22:30 15.2 0.0 2.8 1.2 18.0 13:50 NW 6 3.6 9.7 00:00 -3.4 5:30 14.8 0.0 5.4 1.4 18.0 20:40 SSE 7 6.7 10.1 3:00 4.3 9:00 11.6 0.0 4.2 3.6 25.0 8:10 SW 8 3.9 7.1 12:40 -1.3 23:10 14.4 0.0 0.8 3.0 23.0 8:50 NW 9 5.6 11.1 19:00 -1.7 0:50 12.7 0.0 9.0 3.2 22.0 16:30 SSE 10 6.3 7.2 13:10 3.2 21:00 12.0 0.0 0.4 5.0 26.0 3:30 SW 11 5.3 6.4 17:30 2.4 00:00 13.0 0.0 3.6 3.7 30.0 0:30 SW 12 2.8 5.4 17:50 -0.4 7:40 15.5 0.0 4.2 1.3 23.0 11:40 NW 13 2.1 7.5 23:50 -4.2 7:00 16.2 0.0 0.6 0.8 14.0 14:20 SW 14 7.6 9.3 15:00 6.0 22:10 10.7 0.0 2.4 4.3 22.0 15:10 SSE 15 6.3 7.3 12:40 5.3 17:00 12.0 0.0 0.0 1.4 16.0 4:20 SW 16 6.1 9.3 00:00 4.2 10:10 12.2 0.0 14.6 2.1 22.0 7:30 NW 17 10.2 10.7 20:20 9.3 0:10 8.1 0.0 1.6 2.2 16.0 3:00 SW 18 10.4 11.7 14:40 7.6 00:00 7.8 0.0 4.0 4.1 20.0 7:20 SW 19 7.1 8.0 11:50 5.5 7:50 11.2 0.0 0.2 3.4 22.0 12:40 SW 20 7.2 8.1 23:10 6.5 10:10 11.1 0.0 5.0 3.3 23.0 1:30 SW 21 9.4 11.6 23:20 7.2 1:50 8.9 0.0 0.4 4.8 26.0 14:50 SSE 22 10.7 11.2 2:40 10.3 8:20 7.6 0.0 0.0 6.8 25.0 7:30 SSE 23 10.1 10.9 13:30 6.9 23:00 8.2 0.0 3.6 5.7 29.0 14:20 SSE 24 6.4 7.3 13:20 5.3 7:20 11.9 0.0 0.0 2.9 17.0 12:20 SW 25 4.4 6.7 2:10 -0.4 21:00 13.9 0.0 6.2 1.8 18.0 6:20 NW 26 3.0 5.2 11:50 0.7 00:00 15.3 0.0 10.4 0.5 12.0 8:10 NNE 27 -0.1 2.9 14:10 -2.5 20:50 18.3 0.0 0.0 0.1 5.0 1:10 NNE 28 -0.4 4.3 13:50 -3.4 23:30 18.7 0.0 0.0 0.0 4.0 0:10 NNE 29 -0.2 4.7 17:40 -4.1 1:30 18.4 0.0 0.4 0.0 4.0 16:50 SSE 30 4.0 5.8 11:40 0.1 9:20 14.3 0.0 0.0 0.1 4.0 1:40 SSE 31 3.8 8.2 22:00 -1.3 3:20 14.5 0.0 8.4 0.8 14.0 00:00 SSE ------------------------------------------------------------------------------------- 5.1 11.7 18 -4.2 13 408.5 0.0 89.6 2.3 30.0 11 SW Max >= 32.0: 0 Max <= 0.0: 0 Min <= 0.0: 14 Min <= -18.0: 0 Max Rain: 14.60 ON 16/12/14 Days of Rain: 23 (> .2 mm) 14 (> 2 mm) 0 (> 20 mm) Heat Base: 18.3 Cool Base: 18.3 Method: Integration