2020: Jan | Feb | Mar | Apr | May | Jun | Jul | Aug | Sep | Oct | Nov | Dec 
2019: Jan | Feb | Mar | Apr | May | Jun | Jul | Aug | Sep | Oct | Nov | Dec 
2018: Jan | Feb | Mar | Apr | May | Jun | Jul | Aug | Sep | Oct | Nov | Dec 
2017: Jan | Feb | Mar | Apr | May | Jun | Jul | Aug | Sep | Oct | Nov | Dec 
2016: Jan | Feb | Mar | Apr | May | Jun | Jul | Aug | Sep | Oct | Nov | Dec 
2015: Jan | Feb | Mar | Apr | May | Jun | Jul | Aug | Sep | Oct | Nov | Dec 
2014: Jan | Feb | Mar | Apr | May | Jun | Jul | Aug | Sep | Oct | Nov | Dec 
2013: Jan | Feb | Mar | Apr | May | Jun | Jul | Aug | Sep | Oct | Nov | Dec 
2012: Jan | Feb | Mar | Apr | May | Jun | Jul | Aug | Sep | Oct | Nov | Dec 
2011: Jan | Feb | Mar | Apr | May | Jun | Jul | Aug | Sep | Oct | Nov | Dec 
2010: Jan | Feb | Mar | Apr | May | Jun | Jul | Aug | Sep | Oct | Nov | Dec 
2009: Jan | Feb | Mar | Apr | May | Jun | Jul | Aug | Sep | Oct | Nov | Dec 
2008: Jan | Feb | Mar | Apr | May | Jun | Jul | Aug | Sep | Oct | Nov | Dec 
2007: Jan | Feb | Mar | Apr | May | Jun | Jul | Aug | Sep | Oct | Nov | Dec 

Report for 2015
ANNUAL CLIMATOLOGICAL SUMMARY NAME: VantagePro2 CITY: Urswick STATE: Cumbria ELEV: 128 ft LAT: 54 09' 33" N LONG: 3 07' 24" W TEMPERATURE (C), HEAT BASE 18.3, COOL BASE 18.3 DEP. HEAT COOL MEAN MEAN FROM DEG DEG MAX MAX MIN MIN YR MO MAX MIN MEAN NORM DAYS DAYS HI DATE LOW DATE >=32 <=0 <=0 <=-18 ------------------------------------------------------------------------------------ 15 1 7.0 1.9 4.5 0.7 427 0 11.6 9 -4.4 19 0 0 7 0 15 2 6.9 1.2 4.1 0.2 396 0 10.1 14 -6.1 3 0 0 9 0 15 3 9.1 1.4 5.5 -0.3 397 0 11.7 18 -3.4 25 0 0 10 0 15 4 12.7 2.4 7.7 0.1 317 0 18.6 10 -4.4 27 0 0 5 0 15 5 13.5 6.2 9.7 -1.0 266 0 16.1 8 -1.7 1 0 0 1 0 15 6 18.4 8.2 13.3 -0.2 159 9 30.9 30 1.7 8 0 0 0 0 15 7 19.1 10.3 14.6 -1.3 123 9 28.3 1 7.1 16 0 0 0 0 15 8 19.3 10.7 14.9 -0.8 110 5 23.6 23 5.5 8 0 0 0 0 15 9 17.2 7.1 12.0 -1.3 190 1 21.5 11 2.8 17 0 0 0 0 15 10 14.2 5.7 10.0 0.0 257 0 19.7 6 0.8 3 0 0 0 0 15 11 11.4 6.1 8.9 2.4 283 0 15.1 10 -3.4 23 0 0 3 0 15 12 10.6 5.6 8.4 3.7 307 0 13.4 7 -3.2 13 0 0 2 0 ------------------------------------------------------------------------------------ 13.3 5.6 9.5 0.2 3231 24 30.9 JUN -6.1 FEB 0 0 37 0 PRECIPITATION (mm) DEP. MAX DAYS OF RAIN FROM OBS. OVER YR MO TOTAL NORM DAY DATE .2 2 20 --------------------------------------------- 15 1 102.4 8.4 15.4 23 27 15 0 15 2 82.6 15.6 16.2 28 17 10 0 15 3 105.9 32.9 20.6 12 18 9 2 15 4 54.0 -6.0 16.8 12 15 8 0 15 5 182.2 123.2 29.2 3 23 16 2 15 6 48.4 -17.6 24.4 1 9 6 1 15 7 103.2 46.2 16.0 17 21 12 0 15 8 138.3 66.3 31.8 22 22 14 2 15 9 36.0 -44.0 21.2 12 13 2 1 15 10 90.2 -2.8 22.0 21 19 11 1 15 11 198.6 105.6 24.6 14 27 21 2 15 12 267.2 166.2 30.8 5 31 25 3 --------------------------------------------- 1409.1 494.1 31.8 AUG 242 149 14 WIND SPEED (mph) DOM YR MO AVG. HI DATE DIR --------------------------------- 15 1 2.9 37.0 15 SW 15 2 1.6 30.0 23 SSE 15 3 2.2 33.0 31 SSE 15 4 1.4 33.0 12 SSE 15 5 2.0 27.0 11 NW 15 6 1.1 28.0 6 SSE 15 7 1.3 27.0 19 SSE 15 8 1.2 28.0 4 SSE 15 9 0.5 20.0 24 SSE 15 10 0.5 20.0 21 SSE 15 11 2.3 33.0 15 SSE 15 12 2.1 32.0 5 SE --------------------------------- 1.6 37.0 JAN SSE