2020: Jan | Feb | Mar | Apr | May | Jun | Jul | Aug | Sep | Oct | Nov | Dec 
2019: Jan | Feb | Mar | Apr | May | Jun | Jul | Aug | Sep | Oct | Nov | Dec 
2018: Jan | Feb | Mar | Apr | May | Jun | Jul | Aug | Sep | Oct | Nov | Dec 
2017: Jan | Feb | Mar | Apr | May | Jun | Jul | Aug | Sep | Oct | Nov | Dec 
2016: Jan | Feb | Mar | Apr | May | Jun | Jul | Aug | Sep | Oct | Nov | Dec 
2015: Jan | Feb | Mar | Apr | May | Jun | Jul | Aug | Sep | Oct | Nov | Dec 
2014: Jan | Feb | Mar | Apr | May | Jun | Jul | Aug | Sep | Oct | Nov | Dec 
2013: Jan | Feb | Mar | Apr | May | Jun | Jul | Aug | Sep | Oct | Nov | Dec 
2012: Jan | Feb | Mar | Apr | May | Jun | Jul | Aug | Sep | Oct | Nov | Dec 
2011: Jan | Feb | Mar | Apr | May | Jun | Jul | Aug | Sep | Oct | Nov | Dec 
2010: Jan | Feb | Mar | Apr | May | Jun | Jul | Aug | Sep | Oct | Nov | Dec 
2009: Jan | Feb | Mar | Apr | May | Jun | Jul | Aug | Sep | Oct | Nov | Dec 
2008: Jan | Feb | Mar | Apr | May | Jun | Jul | Aug | Sep | Oct | Nov | Dec 
2007: Jan | Feb | Mar | Apr | May | Jun | Jul | Aug | Sep | Oct | Nov | Dec 

Report for 2015 01
MONTHLY CLIMATOLOGICAL SUMMARY for JAN. 2015 NAME: VantagePro2 CITY: Urswick STATE: Cumbria ELEV: 128 ft LAT: 54 09' 33" N LONG: 3 07' 24" W TEMPERATURE (C), RAIN (mm), WIND SPEED (mph) HEAT COOL AVG MEAN DEG DEG WIND DOM DAY TEMP HIGH TIME LOW TIME DAYS DAYS RAIN SPEED HIGH TIME DIR ------------------------------------------------------------------------------------ 1 9.9 11.4 21:30 7.9 1:00 8.3 0.0 13.6 4.9 26.0 18:00 SSE 2 6.5 9.5 0:10 5.5 8:40 11.8 0.0 0.4 3.6 26.0 2:00 SW 3 3.8 7.6 2:20 -3.0 00:00 14.5 0.0 0.6 0.7 19.0 0:20 SW 4 0.1 3.5 14:20 -4.1 4:00 18.3 0.0 0.2 0.0 6.0 20:50 SSE 5 5.4 7.1 14:20 3.1 0:10 12.9 0.0 0.2 0.1 5.0 14:00 SSE 6 6.2 7.3 8:20 5.3 17:10 12.1 0.0 3.6 1.5 17.0 13:30 SSE 7 7.7 10.2 20:40 5.0 5:50 10.6 0.0 10.2 3.9 24.0 12:30 SSE 8 7.3 8.6 0:10 6.2 16:20 11.0 0.0 2.4 2.5 23.0 22:00 SW 9 9.4 11.6 17:20 6.6 12:30 8.9 0.0 11.6 5.4 30.0 1:40 SSE 10 6.8 10.9 4:20 3.7 23:20 11.5 0.0 0.8 6.1 33.0 5:10 SW 11 6.4 8.1 23:10 3.4 0:20 11.9 0.0 1.8 4.8 23.0 14:10 SW 12 6.8 9.5 8:40 1.1 19:10 11.5 0.0 0.2 4.3 30.0 6:00 SSE 13 4.7 6.9 0:50 2.7 17:10 13.6 0.0 0.8 2.8 21.0 15:40 SW 14 4.2 7.2 00:00 1.6 6:20 14.1 0.0 12.6 3.3 21.0 00:00 SSE 15 6.6 8.0 1:00 5.5 16:20 11.7 0.0 0.0 7.9 37.0 16:20 SSE 16 3.0 5.9 0:20 0.8 9:40 15.3 0.0 4.0 2.2 20.0 1:00 NW 17 3.4 5.5 14:10 0.4 22:40 14.8 0.0 2.0 1.3 17.0 3:20 SW 18 -0.4 4.1 13:50 -4.0 5:00 18.7 0.0 0.2 1.0 18.0 14:10 NW 19 -0.9 4.1 13:30 -4.4 2:30 19.2 0.0 0.0 0.0 4.0 0:10 NW 20 0.6 4.4 14:10 -2.1 1:30 17.7 0.0 0.0 0.2 5.0 14:00 NNE 21 1.5 2.2 14:20 0.3 0:10 16.8 0.0 4.2 0.3 5.0 3:50 NNE 22 0.7 3.2 13:40 -2.8 8:20 17.6 0.0 0.0 0.0 11.0 00:00 ENE 23 3.8 7.8 19:00 1.3 4:40 14.5 0.0 15.4 2.5 23.0 19:10 SSE 24 4.7 6.3 14:10 1.9 2:20 13.6 0.0 1.0 2.2 25.0 2:00 NW 25 7.3 8.6 15:00 4.6 0:40 11.0 0.0 4.6 2.5 21.0 14:10 SSE 26 6.1 8.5 1:20 4.7 17:30 12.3 0.0 2.6 2.9 24.0 10:50 NW 27 6.4 7.4 12:20 5.6 0:50 11.9 0.0 0.6 1.5 17.0 23:50 SW 28 4.6 8.2 6:20 1.2 14:40 13.7 0.0 3.2 5.5 27.0 12:00 SW 29 2.4 3.7 11:40 0.7 23:40 15.9 0.0 2.6 3.7 23.0 12:20 NW 30 2.4 5.4 13:10 -1.7 3:20 15.8 0.0 2.4 3.2 19.0 14:40 NW 31 3.2 5.0 12:10 1.9 19:50 15.1 0.0 0.6 7.6 26.0 12:00 NW ------------------------------------------------------------------------------------- 4.5 11.6 9 -4.4 19 426.8 0.0 102.4 2.9 37.0 15 SW Max >= 32.0: 0 Max <= 0.0: 0 Min <= 0.0: 7 Min <= -18.0: 0 Max Rain: 15.39 ON 23/01/15 Days of Rain: 27 (> .2 mm) 15 (> 2 mm) 0 (> 20 mm) Heat Base: 18.3 Cool Base: 18.3 Method: Integration