2020: Jan | Feb | Mar | Apr | May | Jun | Jul | Aug | Sep | Oct | Nov | Dec 
2019: Jan | Feb | Mar | Apr | May | Jun | Jul | Aug | Sep | Oct | Nov | Dec 
2018: Jan | Feb | Mar | Apr | May | Jun | Jul | Aug | Sep | Oct | Nov | Dec 
2017: Jan | Feb | Mar | Apr | May | Jun | Jul | Aug | Sep | Oct | Nov | Dec 
2016: Jan | Feb | Mar | Apr | May | Jun | Jul | Aug | Sep | Oct | Nov | Dec 
2015: Jan | Feb | Mar | Apr | May | Jun | Jul | Aug | Sep | Oct | Nov | Dec 
2014: Jan | Feb | Mar | Apr | May | Jun | Jul | Aug | Sep | Oct | Nov | Dec 
2013: Jan | Feb | Mar | Apr | May | Jun | Jul | Aug | Sep | Oct | Nov | Dec 
2012: Jan | Feb | Mar | Apr | May | Jun | Jul | Aug | Sep | Oct | Nov | Dec 
2011: Jan | Feb | Mar | Apr | May | Jun | Jul | Aug | Sep | Oct | Nov | Dec 
2010: Jan | Feb | Mar | Apr | May | Jun | Jul | Aug | Sep | Oct | Nov | Dec 
2009: Jan | Feb | Mar | Apr | May | Jun | Jul | Aug | Sep | Oct | Nov | Dec 
2008: Jan | Feb | Mar | Apr | May | Jun | Jul | Aug | Sep | Oct | Nov | Dec 
2007: Jan | Feb | Mar | Apr | May | Jun | Jul | Aug | Sep | Oct | Nov | Dec 

Report for 2015 02
MONTHLY CLIMATOLOGICAL SUMMARY for FEB. 2015 NAME: VantagePro2 CITY: Urswick STATE: Cumbria ELEV: 128 ft LAT: 54 09' 33" N LONG: 3 07' 24" W TEMPERATURE (C), RAIN (mm), WIND SPEED (mph) HEAT COOL AVG MEAN DEG DEG WIND DOM DAY TEMP HIGH TIME LOW TIME DAYS DAYS RAIN SPEED HIGH TIME DIR ------------------------------------------------------------------------------------ 1 1.8 3.6 12:40 -1.1 18:50 16.5 0.0 0.0 6.3 29.0 3:30 NW 2 -0.4 3.8 13:30 -4.5 00:00 18.7 0.0 0.0 0.5 10.0 10:30 NW 3 -1.1 4.6 13:50 -6.1 8:00 19.3 0.0 0.0 0.5 12.0 20:40 NNE 4 1.1 5.7 13:30 -4.2 6:10 17.3 0.0 0.0 0.5 10.0 1:00 NW 5 3.2 7.7 13:10 -0.9 7:40 15.1 0.0 0.0 0.1 6.0 0:30 NW 6 3.2 6.3 12:20 -0.2 23:30 15.1 0.0 0.0 0.0 2.0 12:20 NNE 7 1.4 6.4 14:20 -2.6 00:00 16.9 0.0 0.0 0.0 6.0 11:40 NW 8 1.6 5.5 19:40 -2.7 2:20 16.7 0.0 0.2 0.5 9.0 18:10 NW 9 5.0 8.1 12:00 0.9 21:20 13.3 0.0 0.0 1.3 15.0 12:50 NW 10 4.6 6.0 12:50 3.1 00:00 13.8 0.0 0.0 0.1 6.0 6:40 NW 11 3.4 4.7 14:50 2.2 2:10 14.9 0.0 0.2 0.4 9.0 12:00 SSE 12 3.8 5.0 13:10 2.8 7:20 14.5 0.0 1.6 0.1 7.0 21:30 SSW 13 5.1 6.8 14:20 2.7 1:40 13.2 0.0 6.6 0.7 10.0 6:00 SW 14 6.6 10.1 14:50 4.1 6:40 11.8 0.0 0.2 0.7 6.0 6:50 NNE 15 5.9 9.9 14:20 3.1 7:50 12.4 0.0 0.0 0.4 9.0 19:00 SSE 16 5.2 7.5 13:40 2.4 22:30 13.1 0.0 9.4 2.2 17.0 19:40 NW 17 4.7 8.2 13:10 -1.3 6:10 13.6 0.0 0.0 1.7 17.0 14:10 SW 18 7.1 8.2 13:40 5.9 2:10 11.2 0.0 2.0 1.9 17.0 4:40 SSE 19 6.3 7.8 13:50 1.4 23:40 12.0 0.0 6.4 2.2 16.0 6:20 SSE 20 4.2 6.6 12:30 0.9 21:40 14.1 0.0 0.8 0.7 13.0 12:10 SW 21 3.8 6.0 14:10 1.7 5:30 14.5 0.0 2.0 3.2 19.0 14:50 NW 22 4.4 7.6 19:10 2.6 11:50 13.9 0.0 12.8 2.5 19.0 11:30 SSE 23 4.8 6.2 14:00 3.6 1:20 13.5 0.0 1.4 5.3 30.0 18:20 SSE 24 5.3 7.0 12:30 4.3 18:30 13.0 0.0 2.6 2.8 24.0 3:10 SW 25 7.1 8.9 00:00 5.0 7:20 11.2 0.0 5.8 1.0 15.0 1:00 SSE 26 6.3 9.1 0:10 2.8 18:40 12.0 0.0 14.2 3.2 22.0 6:00 NW 27 5.1 7.4 12:30 3.2 5:50 13.2 0.0 0.2 1.9 16.0 3:00 SW 28 6.8 8.8 21:50 5.2 0:10 11.5 0.0 16.2 3.2 21.0 23:10 SSE ------------------------------------------------------------------------------------- 4.1 10.1 14 -6.1 3 396.4 0.0 82.6 1.6 30.0 23 SSE Max >= 32.0: 0 Max <= 0.0: 0 Min <= 0.0: 9 Min <= -18.0: 0 Max Rain: 16.21 ON 28/02/15 Days of Rain: 17 (> .2 mm) 10 (> 2 mm) 0 (> 20 mm) Heat Base: 18.3 Cool Base: 18.3 Method: Integration